207.180.220.0 - - [30/Mar/2026:00:42:29 +0000] "POST /wp-login.php HTTP/1.1" 200 73358 www.kaminibeauty.com "https://www.kaminibeauty.com/wp-login.php" "Mozilla/5.0 (Windows NT 10.0; Win64; x64; rv:121.0) Gecko/20100101 Firefox/121.0" "-"
40.77.167.0 - - [30/Mar/2026:00:42:30 +0000] "GET /shop/item/contramure162143491168 HTTP/1.1" 200 73358 kaminibeauty.com "-" "Mozilla/5.0 AppleWebKit/537.36 (KHTML, like Gecko; compatible; bingbot/2.0; +http://www.bing.com/bingbot.htm) Chrome/116.0.1938.76 Safari/537.36" "-"
40.77.167.0 - - [30/Mar/2026:00:42:30 +0000] "GET /shop/item/redemonstrate172322204665 HTTP/1.1" 200 73358 kaminibeauty.com "-" "Mozilla/5.0 AppleWebKit/537.36 (KHTML, like Gecko; compatible; bingbot/2.0; +http://www.bing.com/bingbot.htm) Chrome/116.0.1938.76 Safari/537.36" "-"
216.73.216.0 - - [30/Mar/2026:00:42:31 +0000] "GET /?fileloc=%2F%2Fkunden%2Fkunden%2Fkunden%2Fkunden%2Fusr%2Fshare%2Fbash-completion%2Fcompletions%2Fisort&path=%2F%2Fkunden%2Fkunden%2Fkunden%2Fkunden%2Fusr%2Fshare%2Fbash-completion%2Fcompletions HTTP/1.1" 200 14145 www.kaminibeauty.com "-" "Mozilla/5.0 AppleWebKit/537.36 (KHTML, like Gecko; compatible; ClaudeBot/1.0; +claudebot@anthropic.com)" "-"
40.77.167.0 - - [30/Mar/2026:00:42:31 +0000] "GET /shop/item/cladocera142522462453 HTTP/1.1" 200 73358 kaminibeauty.com "-" "Mozilla/5.0 AppleWebKit/537.36 (KHTML, like Gecko; compatible; bingbot/2.0; +http://www.bing.com/bingbot.htm) Chrome/116.0.1938.76 Safari/537.36" "-"
3.93.211.0 - - [30/Mar/2026:00:42:31 +0000] "GET /wp-admin/js/index.php?path=//usr/share/misc HTTP/1.1" 200 18313 www.kaminibeauty.com "-" "Mozilla/5.0 AppleWebKit/537.36 (KHTML, like Gecko; compatible; Amazonbot/0.1; +https://developer.amazon.com/support/amazonbot) Chrome/119.0.6045.214 Safari/537.36" "-"
40.77.167.0 - - [30/Mar/2026:00:42:31 +0000] "GET /shop/item/drainpipe152495826961 HTTP/1.1" 200 73358 kaminibeauty.com "-" "Mozilla/5.0 AppleWebKit/537.36 (KHTML, like Gecko; compatible; bingbot/2.0; +http://www.bing.com/bingbot.htm) Chrome/116.0.1938.76 Safari/537.36" "-"
217.113.194.0 - - [30/Mar/2026:00:42:32 +0000] "GET /sasha-abraham/?path=/homepages/3/d4296819715 HTTP/1.1" 200 19739 kaminibeauty.com "-" "Mozilla/5.0 (compatible; Barkrowler/0.9; +https://babbar.tech/crawler)" "-"
40.77.167.0 - - [30/Mar/2026:00:42:32 +0000] "GET /shop/item/reenforce131741991126 HTTP/1.1" 200 73358 kaminibeauty.com "-" "Mozilla/5.0 AppleWebKit/537.36 (KHTML, like Gecko; compatible; bingbot/2.0; +http://www.bing.com/bingbot.htm) Chrome/116.0.1938.76 Safari/537.36" "-"
216.73.216.0 - - [30/Mar/2026:00:42:33 +0000] "GET /?fileloc=%2F%2Fkunden%2Fkunden%2Fkunden%2Fkunden%2Fkunden%2Fusr%2Fshare%2Fdoc%2Flibsoap-lite-perl%2Fexamples%2Ffullsearch.pl&path=%2F%2Fkunden%2Fkunden%2Fkunden%2Fkunden%2Fkunden%2Fusr%2Fshare%2Fdoc%2Flibsoap-lite-perl%2Fexamples HTTP/1.1" 429 267 www.kaminibeauty.com "-" "Mozilla/5.0 AppleWebKit/537.36 (KHTML, like Gecko; compatible; ClaudeBot/1.0; +claudebot@anthropic.com)" "-"
66.249.76.0 - - [30/Mar/2026:00:42:34 +0000] "GET /shop/item/interrex11907521478 HTTP/1.1" 200 73358 kaminibeauty.com "-" "Mozilla/5.0 (Linux; Android 6.0.1; Nexus 5X Build/MMB29P) AppleWebKit/537.36 (KHTML, like Gecko) Chrome/146.0.7680.153 Mobile Safari/537.36 (compatible; Googlebot/2.1; +http://www.google.com/bot.html)" "-"
18.204.89.0 - - [30/Mar/2026:00:42:35 +0000] "GET /?path=//kunden/kunden/homepages/38/d4297049815/.lnk HTTP/1.1" 200 12906 www.kaminibeauty.com "-" "Mozilla/5.0 AppleWebKit/537.36 (KHTML, like Gecko; compatible; Amazonbot/0.1; +https://developer.amazon.com/support/amazonbot) Chrome/119.0.6045.214 Safari/537.36" "-"
40.77.167.0 - - [30/Mar/2026:00:42:36 +0000] "GET /shop/item/slippery172405979644 HTTP/1.1" 200 73358 kaminibeauty.com "-" "Mozilla/5.0 AppleWebKit/537.36 (KHTML, like Gecko; compatible; bingbot/2.0; +http://www.bing.com/bingbot.htm) Chrome/116.0.1938.76 Safari/537.36" "-"
216.73.216.0 - - [30/Mar/2026:00:42:36 +0000] "GET /?fileloc=%2F%2Fkunden%2Fkunden%2Fkunden%2Fusr%2Flib%2Flocale%2Fde_LU.utf8%2FLC_NAME&path=%2F%2Fkunden%2Fkunden%2Fkunden%2Fusr%2Flib%2Flocale%2Fde_LU.utf8 HTTP/1.1" 429 267 www.kaminibeauty.com "-" "Mozilla/5.0 AppleWebKit/537.36 (KHTML, like Gecko; compatible; ClaudeBot/1.0; +claudebot@anthropic.com)" "-"
40.77.167.0 - - [30/Mar/2026:00:42:36 +0000] "GET /shop/item/gravestone124177775805 HTTP/1.1" 200 73358 kaminibeauty.com "-" "Mozilla/5.0 AppleWebKit/537.36 (KHTML, like Gecko; compatible; bingbot/2.0; +http://www.bing.com/bingbot.htm) Chrome/116.0.1938.76 Safari/537.36" "-"
207.180.220.0 - - [30/Mar/2026:00:42:36 +0000] "GET /wp-login.php HTTP/1.1" 200 73358 www.kaminibeauty.com "-" "Mozilla/5.0 (Windows NT 10.0; Win64; x64) AppleWebKit/537.36 (KHTML, like Gecko) Chrome/120.0.0.0 Safari/537.36" "-"
66.249.76.0 - - [30/Mar/2026:00:42:37 +0000] "GET /shop/item/carolin132248564412 HTTP/1.1" 200 73358 kaminibeauty.com "-" "Mozilla/5.0 (Linux; Android 6.0.1; Nexus 5X Build/MMB29P) AppleWebKit/537.36 (KHTML, like Gecko) Chrome/146.0.7680.153 Mobile Safari/537.36 (compatible; Googlebot/2.1; +http://www.google.com/bot.html)" "-"
40.77.167.0 - - [30/Mar/2026:00:42:37 +0000] "GET /shop/item/gangeticus162248140044 HTTP/1.1" 200 73358 kaminibeauty.com "-" "Mozilla/5.0 AppleWebKit/537.36 (KHTML, like Gecko; compatible; bingbot/2.0; +http://www.bing.com/bingbot.htm) Chrome/116.0.1938.76 Safari/537.36" "-"
216.73.216.0 - - [30/Mar/2026:00:42:37 +0000] "GET /about-us/training-recruitment?fileloc=%2F%2Fusr%2Flib%2Fx86_64-linux-gnu%2Fperl-base%2FIPC%2FOpen2.pm&path=%2F%2Fusr%2Flib%2Fx86_64-linux-gnu%2Fperl-base%2FIPC HTTP/1.1" 429 267 www.kaminibeauty.com "-" "Mozilla/5.0 AppleWebKit/537.36 (KHTML, like Gecko; compatible; ClaudeBot/1.0; +claudebot@anthropic.com)" "-"
40.77.167.0 - - [30/Mar/2026:00:42:37 +0000] "GET /shop/item/actinometry133632520882 HTTP/1.1" 200 73358 kaminibeauty.com "-" "Mozilla/5.0 AppleWebKit/537.36 (KHTML, like Gecko; compatible; bingbot/2.0; +http://www.bing.com/bingbot.htm) Chrome/116.0.1938.76 Safari/537.36" "-"
216.73.216.0 - - [30/Mar/2026:00:42:38 +0000] "GET /?fileloc=%2F%2Fkunden%2Fkunden%2Fkunden%2Fproc%2Firq%2F53%2Fsmp_affinity&path=%2F%2Fkunden%2Fkunden%2Fkunden%2Fproc%2Firq%2F53 HTTP/1.1" 429 267 www.kaminibeauty.com "-" "Mozilla/5.0 AppleWebKit/537.36 (KHTML, like Gecko; compatible; ClaudeBot/1.0; +claudebot@anthropic.com)" "-"
66.249.66.0 - - [30/Mar/2026:00:42:39 +0000] "GET /shop/item/kiplingesque102841238802 HTTP/1.1" 200 73358 kaminibeauty.com "-" "Mozilla/5.0 (Linux; Android 6.0.1; Nexus 5X Build/MMB29P) AppleWebKit/537.36 (KHTML, like Gecko) Chrome/146.0.7680.153 Mobile Safari/537.36 (compatible; Googlebot/2.1; +http://www.google.com/bot.html)" "-"
35.171.141.0 - - [30/Mar/2026:00:42:39 +0000] "GET /wp-login.php?fileloc=//kunden/proc/thread-self/root/kunden/usr/bin/parallel&path=//kunden/proc/thread-self/root/kunden/usr/bin HTTP/1.1" 200 12590 kaminibeauty.com "-" "Mozilla/5.0 AppleWebKit/537.36 (KHTML, like Gecko; compatible; Amazonbot/0.1; +https://developer.amazon.com/support/amazonbot) Chrome/119.0.6045.214 Safari/537.36" "-"
216.73.216.0 - - [30/Mar/2026:00:42:39 +0000] "GET /?path=%2F%2Fkunden%2Fkunden%2Fkunden%2Fkunden%2Fproc%2Fself%2Froot%2Fkunden%2Flib%2Flocale%2Fen_NZ HTTP/1.1" 429 267 www.kaminibeauty.com "-" "Mozilla/5.0 AppleWebKit/537.36 (KHTML, like Gecko; compatible; ClaudeBot/1.0; +claudebot@anthropic.com)" "-"
52.167.144.0 - - [30/Mar/2026:00:42:40 +0000] "GET /shop/item/vitriolating131439165772 HTTP/1.1" 200 73358 kaminibeauty.com "-" "Mozilla/5.0 AppleWebKit/537.36 (KHTML, like Gecko; compatible; bingbot/2.0; +http://www.bing.com/bingbot.htm) Chrome/116.0.1938.76 Safari/537.36" "-"
216.73.216.0 - - [30/Mar/2026:00:42:40 +0000] "GET /products-services/caci-ultimate?path=%2F%2Fusr%2Fshare%2Fperl5%2FParse HTTP/1.1" 429 267 www.kaminibeauty.com "-" "Mozilla/5.0 AppleWebKit/537.36 (KHTML, like Gecko; compatible; ClaudeBot/1.0; +claudebot@anthropic.com)" "-"
52.167.144.0 - - [30/Mar/2026:00:42:41 +0000] "GET /shop/item/interscribed123846636373 HTTP/1.1" 200 73358 kaminibeauty.com "-" "Mozilla/5.0 AppleWebKit/537.36 (KHTML, like Gecko; compatible; bingbot/2.0; +http://www.bing.com/bingbot.htm) Chrome/116.0.1938.76 Safari/537.36" "-"
216.73.216.0 - - [30/Mar/2026:00:42:41 +0000] "GET /?path=%2F%2Fkunden%2Fkunden%2Fkunden%2Fkunden%2Fkunden%2Fproc%2Firq%2F385%2Fi40e-eth1-TxRx-95 HTTP/1.1" 429 267 www.kaminibeauty.com "-" "Mozilla/5.0 AppleWebKit/537.36 (KHTML, like Gecko; compatible; ClaudeBot/1.0; +claudebot@anthropic.com)" "-"
66.249.76.0 - - [30/Mar/2026:00:42:41 +0000] "GET /shop/item/trimmest103988136531 HTTP/1.1" 200 73358 kaminibeauty.com "-" "Mozilla/5.0 (Linux; Android 6.0.1; Nexus 5X Build/MMB29P) AppleWebKit/537.36 (KHTML, like Gecko) Chrome/146.0.7680.153 Mobile Safari/537.36 (compatible; Googlebot/2.1; +http://www.google.com/bot.html)" "-"
52.167.144.0 - - [30/Mar/2026:00:42:41 +0000] "GET /shop/item/operationalist164130370775 HTTP/1.1" 200 73358 kaminibeauty.com "-" "Mozilla/5.0 AppleWebKit/537.36 (KHTML, like Gecko; compatible; bingbot/2.0; +http://www.bing.com/bingbot.htm) Chrome/116.0.1938.76 Safari/537.36" "-"
52.167.144.0 - - [30/Mar/2026:00:42:41 +0000] "GET /shop/item/penny163334545626 HTTP/1.1" 200 73358 kaminibeauty.com "-" "Mozilla/5.0 AppleWebKit/537.36 (KHTML, like Gecko; compatible; bingbot/2.0; +http://www.bing.com/bingbot.htm) Chrome/116.0.1938.76 Safari/537.36" "-"
52.167.144.0 - - [30/Mar/2026:00:42:42 +0000] "GET /shop/item/pseudoheart152447792165 HTTP/1.1" 200 73358 kaminibeauty.com "-" "Mozilla/5.0 AppleWebKit/537.36 (KHTML, like Gecko; compatible; bingbot/2.0; +http://www.bing.com/bingbot.htm) Chrome/116.0.1938.76 Safari/537.36" "-"
52.167.144.0 - - [30/Mar/2026:00:42:42 +0000] "GET /shop/item/crooning162469651377 HTTP/1.1" 200 73358 kaminibeauty.com "-" "Mozilla/5.0 AppleWebKit/537.36 (KHTML, like Gecko; compatible; bingbot/2.0; +http://www.bing.com/bingbot.htm) Chrome/116.0.1938.76 Safari/537.36" "-"
216.73.216.0 - - [30/Mar/2026:00:42:43 +0000] "GET /?fileloc=%2F%2Fkunden%2Fkunden%2Fkunden%2Fkunden%2Fproc%2Fself%2Froot%2Fproc%2Firq%2F190%2Fspurious&path=%2F%2Fkunden%2Fkunden%2Fkunden%2Fkunden%2Fproc%2Fself%2Froot%2Fproc%2Firq%2F190 HTTP/1.1" 429 267 www.kaminibeauty.com "-" "Mozilla/5.0 AppleWebKit/537.36 (KHTML, like Gecko; compatible; ClaudeBot/1.0; +claudebot@anthropic.com)" "-"
52.167.144.0 - - [30/Mar/2026:00:42:43 +0000] "GET /shop/item/uncanny133524429094 HTTP/1.1" 200 73358 kaminibeauty.com "-" "Mozilla/5.0 AppleWebKit/537.36 (KHTML, like Gecko; compatible; bingbot/2.0; +http://www.bing.com/bingbot.htm) Chrome/116.0.1938.76 Safari/537.36" "-"
52.167.144.0 - - [30/Mar/2026:00:42:43 +0000] "GET /shop/item/peignoir161945579831 HTTP/1.1" 200 73358 kaminibeauty.com "-" "Mozilla/5.0 AppleWebKit/537.36 (KHTML, like Gecko; compatible; bingbot/2.0; +http://www.bing.com/bingbot.htm) Chrome/116.0.1938.76 Safari/537.36" "-"
52.167.144.0 - - [30/Mar/2026:00:42:44 +0000] "GET /shop/item/bibliological162035969577 HTTP/1.1" 200 73358 kaminibeauty.com "-" "Mozilla/5.0 AppleWebKit/537.36 (KHTML, like Gecko; compatible; bingbot/2.0; +http://www.bing.com/bingbot.htm) Chrome/116.0.1938.76 Safari/537.36" "-"
217.113.194.0 - - [30/Mar/2026:00:42:44 +0000] "GET /sasha-abraham/?path=/homepages/3/d4297386676 HTTP/1.1" 200 19739 kaminibeauty.com "-" "Mozilla/5.0 (compatible; Barkrowler/0.9; +https://babbar.tech/crawler)" "-"
52.167.144.0 - - [30/Mar/2026:00:42:44 +0000] "GET /shop/item/moonlighter173038712728 HTTP/1.1" 200 73358 kaminibeauty.com "-" "Mozilla/5.0 AppleWebKit/537.36 (KHTML, like Gecko; compatible; bingbot/2.0; +http://www.bing.com/bingbot.htm) Chrome/116.0.1938.76 Safari/537.36" "-"
185.194.8.0 - - [30/Mar/2026:00:42:44 +0000] "GET /shop/item/wyandot117700836?path=%2F%2Ftmp-private HTTP/1.1" 200 12621 kaminibeauty.com "-" "Mozilla/5.0 (Windows NT 6.3; WOW64) AppleWebKit/537.36 (KHTML, like Gecko) Chrome/41.0.2226.0 Safari/537.36" "-"
52.167.144.0 - - [30/Mar/2026:00:42:44 +0000] "GET /shop/item/upset174091502916 HTTP/1.1" 200 73358 kaminibeauty.com "-" "Mozilla/5.0 AppleWebKit/537.36 (KHTML, like Gecko; compatible; bingbot/2.0; +http://www.bing.com/bingbot.htm) Chrome/116.0.1938.76 Safari/537.36" "-"
52.167.144.0 - - [30/Mar/2026:00:42:45 +0000] "GET /shop/item/reassimilate122309740796 HTTP/1.1" 200 73358 kaminibeauty.com "-" "Mozilla/5.0 AppleWebKit/537.36 (KHTML, like Gecko; compatible; bingbot/2.0; +http://www.bing.com/bingbot.htm) Chrome/116.0.1938.76 Safari/537.36" "-"
216.73.216.0 - - [30/Mar/2026:00:42:45 +0000] "GET /treatments.htm?fileloc=%2Fhomepages%2F4%2Fd4297730999%2Fhtdocs%2Fwordpress%2Fwp-admin%2Flink-manager.php&path=%2Fhomepages%2F4%2Fd4297730999%2Fhtdocs%2Fwordpress%2Fwp-admin HTTP/1.1" 200 17388 kaminibeauty.com "-" "Mozilla/5.0 AppleWebKit/537.36 (KHTML, like Gecko; compatible; ClaudeBot/1.0; +claudebot@anthropic.com)" "-"
52.167.144.0 - - [30/Mar/2026:00:42:45 +0000] "GET /shop/item/horological16503892400 HTTP/1.1" 200 73358 kaminibeauty.com "-" "Mozilla/5.0 AppleWebKit/537.36 (KHTML, like Gecko; compatible; bingbot/2.0; +http://www.bing.com/bingbot.htm) Chrome/116.0.1938.76 Safari/537.36" "-"
216.73.216.0 - - [30/Mar/2026:00:42:46 +0000] "GET /?fileloc=%2F%2Fkunden%2Fkunden%2Fkunden%2Fkunden%2Fproc%2Fself%2Froot%2Fproc%2Firq%2F108%2Fnode&path=%2F%2Fkunden%2Fkunden%2Fkunden%2Fkunden%2Fproc%2Fself%2Froot%2Fproc%2Firq%2F108 HTTP/1.1" 429 267 www.kaminibeauty.com "-" "Mozilla/5.0 AppleWebKit/537.36 (KHTML, like Gecko; compatible; ClaudeBot/1.0; +claudebot@anthropic.com)" "-"
52.167.144.0 - - [30/Mar/2026:00:42:46 +0000] "GET /shop/item/feverfew15766697948 HTTP/1.1" 200 73358 kaminibeauty.com "-" "Mozilla/5.0 AppleWebKit/537.36 (KHTML, like Gecko; compatible; bingbot/2.0; +http://www.bing.com/bingbot.htm) Chrome/116.0.1938.76 Safari/537.36" "-"
216.73.216.0 - - [30/Mar/2026:00:42:46 +0000] "GET /?fileloc=%2F%2Fkunden%2Fkunden%2Fproc%2Fself%2Froot%2Fkunden%2Fbin%2Fgpgconf&path=%2F%2Fkunden%2Fkunden%2Fproc%2Fself%2Froot%2Fkunden%2Fbin HTTP/1.1" 429 267 www.kaminibeauty.com "-" "Mozilla/5.0 AppleWebKit/537.36 (KHTML, like Gecko; compatible; ClaudeBot/1.0; +claudebot@anthropic.com)" "-"
98.83.226.0 - - [30/Mar/2026:00:42:46 +0000] "GET /wp-admin/js/index.php?fileloc=//var/tmp/runlock-ws67682110-ws67682110:9d003648e312d5eeba69f3e9fea2c22221c0f7701e81080a3096ed19&path=//var/tmp HTTP/1.1" 200 12306 www.kaminibeauty.com "-" "Mozilla/5.0 AppleWebKit/537.36 (KHTML, like Gecko; compatible; Amazonbot/0.1; +https://developer.amazon.com/support/amazonbot) Chrome/119.0.6045.214 Safari/537.36" "-"
52.167.144.0 - - [30/Mar/2026:00:42:46 +0000] "GET /shop/item/ajutage161433323844 HTTP/1.1" 200 73358 kaminibeauty.com "-" "Mozilla/5.0 AppleWebKit/537.36 (KHTML, like Gecko; compatible; bingbot/2.0; +http://www.bing.com/bingbot.htm) Chrome/116.0.1938.76 Safari/537.36" "-"
52.167.144.0 - - [30/Mar/2026:00:42:46 +0000] "GET /shop/item/sempre152676291802 HTTP/1.1" 200 73358 www.kaminibeauty.com "-" "Mozilla/5.0 AppleWebKit/537.36 (KHTML, like Gecko; compatible; bingbot/2.0; +http://www.bing.com/bingbot.htm) Chrome/116.0.1938.76 Safari/537.36" "-"
52.167.144.0 - - [30/Mar/2026:00:42:46 +0000] "GET /shop/item/pollucite153709161555 HTTP/1.1" 200 73358 kaminibeauty.com "-" "Mozilla/5.0 AppleWebKit/537.36 (KHTML, like Gecko; compatible; bingbot/2.0; +http://www.bing.com/bingbot.htm) Chrome/116.0.1938.76 Safari/537.36" "-"
18.214.238.0 - - [30/Mar/2026:00:42:47 +0000] "GET /wp-login.php?fileloc=//proc/self/root/kunden/proc/thread-self/cwd/license.txt&path=//proc/self/root/kunden/proc/thread-self/cwd HTTP/1.1" 429 267 kaminibeauty.com "-" "Mozilla/5.0 AppleWebKit/537.36 (KHTML, like Gecko; compatible; Amazonbot/0.1; +https://developer.amazon.com/support/amazonbot) Chrome/119.0.6045.214 Safari/537.36" "-"
2a03:2880:f800:: - - [30/Mar/2026:00:42:47 +0000] "GET /shop/item/martins133059847998?path=/homepages/4/d4297730999/htdocs/wordpress/ALFA%20TEAM HTTP/1.1" 200 15989 kaminibeauty.com "-" "meta-externalagent/1.1 (+https://developers.facebook.com/docs/sharing/webmasters/crawler)" "-"
207.180.220.0 - - [30/Mar/2026:00:42:49 +0000] "POST /wp-login.php HTTP/1.1" 200 73358 www.kaminibeauty.com "https://www.kaminibeauty.com/wp-login.php" "Mozilla/5.0 (X11; Linux x86_64) AppleWebKit/537.36 (KHTML, like Gecko) Chrome/120.0.0.0 Safari/537.36" "-"
66.249.66.0 - - [30/Mar/2026:00:42:49 +0000] "GET /shop/item/inquinate10847516791 HTTP/1.1" 200 73358 kaminibeauty.com "-" "Mozilla/5.0 (Linux; Android 6.0.1; Nexus 5X Build/MMB29P) AppleWebKit/537.36 (KHTML, like Gecko) Chrome/146.0.7680.153 Mobile Safari/537.36 (compatible; Googlebot/2.1; +http://www.google.com/bot.html)" "-"
52.167.144.0 - - [30/Mar/2026:00:42:50 +0000] "GET /shop/item/briber173860100064 HTTP/1.1" 200 73358 www.kaminibeauty.com "-" "Mozilla/5.0 AppleWebKit/537.36 (KHTML, like Gecko; compatible; bingbot/2.0; +http://www.bing.com/bingbot.htm) Chrome/116.0.1938.76 Safari/537.36" "-"
98.84.131.0 - - [30/Mar/2026:00:42:52 +0000] "GET /wp-admin/js/index.php?fileloc=//var/tmp/runlock-ws67281737-ws67281737:1008d81fecd9079f85ac075e5f6e61a54cb301aea24a8d09b33a68fd&path=//var/tmp HTTP/1.1" 200 12306 www.kaminibeauty.com "-" "Mozilla/5.0 AppleWebKit/537.36 (KHTML, like Gecko; compatible; Amazonbot/0.1; +https://developer.amazon.com/support/amazonbot) Chrome/119.0.6045.214 Safari/537.36" "-"
54.147.182.0 - - [30/Mar/2026:00:42:54 +0000] "GET /?fileloc=//kunden/tmp/runlock-ws67441403-ws67441403:58ef278383d68131000a293f313c218f69ce0318f2bb5b9be1595638&path=//kunden/tmp HTTP/1.1" 429 267 kaminibeauty.com "-" "Mozilla/5.0 AppleWebKit/537.36 (KHTML, like Gecko; compatible; Amazonbot/0.1; +https://developer.amazon.com/support/amazonbot) Chrome/119.0.6045.214 Safari/537.36" "-"
216.73.216.0 - - [30/Mar/2026:00:42:54 +0000] "GET /?fileloc=%2F%2Fkunden%2Fkunden%2Fkunden%2Fkunden%2Fproc%2Fself%2Froot%2Fproc%2Firq%2F276%2Fspurious&path=%2F%2Fkunden%2Fkunden%2Fkunden%2Fkunden%2Fproc%2Fself%2Froot%2Fproc%2Firq%2F276 HTTP/1.1" 429 267 www.kaminibeauty.com "-" "Mozilla/5.0 AppleWebKit/537.36 (KHTML, like Gecko; compatible; ClaudeBot/1.0; +claudebot@anthropic.com)" "-"
217.113.194.0 - - [30/Mar/2026:00:42:56 +0000] "GET /sasha-abraham/?path=/homepages/14/d4296671582 HTTP/1.1" 200 19759 kaminibeauty.com "-" "Mozilla/5.0 (compatible; Barkrowler/0.9; +https://babbar.tech/crawler)" "-"
40.77.167.0 - - [30/Mar/2026:00:42:56 +0000] "GET /shop/item/cichorium172830301095 HTTP/1.1" 200 73358 kaminibeauty.com "-" "Mozilla/5.0 AppleWebKit/537.36 (KHTML, like Gecko; compatible; bingbot/2.0; +http://www.bing.com/bingbot.htm) Chrome/116.0.1938.76 Safari/537.36" "-"
40.77.167.0 - - [30/Mar/2026:00:42:56 +0000] "GET /shop/item/banisher151712938045 HTTP/1.1" 200 73358 kaminibeauty.com "-" "Mozilla/5.0 AppleWebKit/537.36 (KHTML, like Gecko; compatible; bingbot/2.0; +http://www.bing.com/bingbot.htm) Chrome/116.0.1938.76 Safari/537.36" "-"
66.249.66.0 - - [30/Mar/2026:00:42:56 +0000] "GET /shop/item/amalgamating144046375646 HTTP/1.1" 200 73358 kaminibeauty.com "-" "Mozilla/5.0 (Linux; Android 6.0.1; Nexus 5X Build/MMB29P) AppleWebKit/537.36 (KHTML, like Gecko) Chrome/146.0.7680.164 Mobile Safari/537.36 (compatible; Googlebot/2.1; +http://www.google.com/bot.html)" "-"
40.77.167.0 - - [30/Mar/2026:00:42:57 +0000] "GET /shop/item/diaphaned141746286279 HTTP/1.1" 200 73358 kaminibeauty.com "-" "Mozilla/5.0 AppleWebKit/537.36 (KHTML, like Gecko; compatible; bingbot/2.0; +http://www.bing.com/bingbot.htm) Chrome/116.0.1938.76 Safari/537.36" "-"
52.200.93.0 - - [30/Mar/2026:00:42:57 +0000] "GET /wp-login.php?fileloc=//kunden/kunden/usr/lib/python3/dist-packages/mercurial/__pycache__/wireprototypes.cpython-39.pyc&path=//kunden/kunden/usr/lib/python3/dist-packages/mercurial/__pycache__ HTTP/1.1" 429 267 kaminibeauty.com "-" "Mozilla/5.0 AppleWebKit/537.36 (KHTML, like Gecko; compatible; Amazonbot/0.1; +https://developer.amazon.com/support/amazonbot) Chrome/119.0.6045.214 Safari/537.36" "-"
66.249.66.0 - - [30/Mar/2026:00:42:57 +0000] "GET /shop/item/latinist153846130650 HTTP/1.1" 200 73358 kaminibeauty.com "-" "Mozilla/5.0 (Linux; Android 6.0.1; Nexus 5X Build/MMB29P) AppleWebKit/537.36 (KHTML, like Gecko) Chrome/146.0.7680.153 Mobile Safari/537.36 (compatible; Googlebot/2.1; +http://www.google.com/bot.html)" "-"
40.77.167.0 - - [30/Mar/2026:00:42:57 +0000] "GET /shop/item/transcorporate15348794353 HTTP/1.1" 200 73358 kaminibeauty.com "-" "Mozilla/5.0 AppleWebKit/537.36 (KHTML, like Gecko; compatible; bingbot/2.0; +http://www.bing.com/bingbot.htm) Chrome/116.0.1938.76 Safari/537.36" "-"
40.77.167.0 - - [30/Mar/2026:00:42:58 +0000] "GET /shop/item/persulphate144078217914 HTTP/1.1" 200 73358 kaminibeauty.com "-" "Mozilla/5.0 AppleWebKit/537.36 (KHTML, like Gecko; compatible; bingbot/2.0; +http://www.bing.com/bingbot.htm) Chrome/116.0.1938.76 Safari/537.36" "-"
40.77.167.0 - - [30/Mar/2026:00:42:58 +0000] "GET /shop/item/madder162870169079 HTTP/1.1" 200 73358 kaminibeauty.com "-" "Mozilla/5.0 AppleWebKit/537.36 (KHTML, like Gecko; compatible; bingbot/2.0; +http://www.bing.com/bingbot.htm) Chrome/116.0.1938.76 Safari/537.36" "-"
216.73.216.0 - - [30/Mar/2026:00:42:59 +0000] "GET /?fileloc=%2F%2Fkunden%2Fkunden%2Fkunden%2Fkunden%2Fproc%2Fself%2Froot%2Fproc%2Firq%2F428%2Fsmp_affinity_list&path=%2F%2Fkunden%2Fkunden%2Fkunden%2Fkunden%2Fproc%2Fself%2Froot%2Fproc%2Firq%2F428 HTTP/1.1" 429 267 www.kaminibeauty.com "-" "Mozilla/5.0 AppleWebKit/537.36 (KHTML, like Gecko; compatible; ClaudeBot/1.0; +claudebot@anthropic.com)" "-"
52.167.144.0 - - [30/Mar/2026:00:42:59 +0000] "GET /shop/item/sailors15819180547 HTTP/1.1" 200 73358 www.kaminibeauty.com "-" "Mozilla/5.0 AppleWebKit/537.36 (KHTML, like Gecko; compatible; bingbot/2.0; +http://www.bing.com/bingbot.htm) Chrome/116.0.1938.76 Safari/537.36" "-"
2a03:2880:f800:: - - [30/Mar/2026:00:43:00 +0000] "GET /shop/item/gallingly13985964952?path=/homepages/4/d4297730999/htdocs/wordpress/ALFA%20TEAM HTTP/1.1" 200 15989 kaminibeauty.com "-" "meta-externalagent/1.1 (+https://developers.facebook.com/docs/sharing/webmasters/crawler)" "-"
207.180.220.0 - - [30/Mar/2026:00:43:01 +0000] "POST /wp-login.php HTTP/1.1" 200 73358 www.kaminibeauty.com "https://www.kaminibeauty.com/wp-login.php" "Mozilla/5.0 (X11; Linux x86_64) AppleWebKit/537.36 (KHTML, like Gecko) Chrome/120.0.0.0 Safari/537.36" "-"
43.173.176.0 - - [30/Mar/2026:00:43:01 +0000] "GET /2011/01/?path=/homepages/4/d4297730999/htdocs HTTP/1.1" 200 23051 kaminibeauty.com "-" "Mozilla/5.0 (Windows NT 10.0; Win64; x64) AppleWebKit/537.36 (KHTML, like Gecko) Chrome/117.0.0.0 Safari/537.36" "-"
74.7.241.0 - - [30/Mar/2026:00:43:02 +0000] "GET /?path=//kunden/kunden/kunden/kunden/kunden/kunden/proc/thread-self/root/kunden/kunden/kunden/kunden/kunden/kunden/kunden/kunden/kunden/kunden/var/lib/man-db HTTP/1.1" 429 267 www.kaminibeauty.com "http://www.kaminibeauty.com/?path=//kunden/kunden/kunden/kunden/kunden/kunden/proc/thread-self/root/kunden/kunden/kunden/kunden/kunden/kunden/kunden/kunden/kunden/kunden/var/lib" "Mozilla/5.0 AppleWebKit/537.36 (KHTML, like Gecko; compatible; GPTBot/1.3; +https://openai.com/gptbot)" "-"
184.72.84.0 - - [30/Mar/2026:00:43:02 +0000] "GET /users.php?path=//etc/cbi/php8.0 HTTP/1.1" 200 14105 www.kaminibeauty.com "-" "Mozilla/5.0 AppleWebKit/537.36 (KHTML, like Gecko; compatible; Amazonbot/0.1; +https://developer.amazon.com/support/amazonbot) Chrome/119.0.6045.214 Safari/537.36" "-"
66.249.66.0 - - [30/Mar/2026:00:43:02 +0000] "GET /shop/item/conger102304747155 HTTP/1.1" 200 73358 kaminibeauty.com "-" "Mozilla/5.0 (Linux; Android 6.0.1; Nexus 5X Build/MMB29P) AppleWebKit/537.36 (KHTML, like Gecko) Chrome/146.0.7680.153 Mobile Safari/537.36 (compatible; Googlebot/2.1; +http://www.google.com/bot.html)" "-"
66.249.66.0 - - [30/Mar/2026:00:43:03 +0000] "GET /?fileloc=//kunden/kunden/kunden/kunden/kunden/kunden/proc/thread-self/root/kunden/kunden/kunden/kunden/kunden/kunden/kunden/kunden/kunden/kunden/kunden/kunden/kunden/kunden/usr/lib/apt/apt.systemd.daily&path=//kunden/kunden/kunden/kunden/kunden/kunden/proc/thread-self/root/kunden/kunden/kunden/kunden/kunden/kunden/kunden/kunden/kunden/kunden/kunden/kunden/kunden/kunden/usr/lib/apt HTTP/1.1" 200 33251 www.kaminibeauty.com "-" "Mozilla/5.0 (Linux; Android 6.0.1; Nexus 5X Build/MMB29P) AppleWebKit/537.36 (KHTML, like Gecko) Chrome/146.0.7680.153 Mobile Safari/537.36 (compatible; Googlebot/2.1; +http://www.google.com/bot.html)" "-"
40.77.167.0 - - [30/Mar/2026:00:43:03 +0000] "GET /shop/item/chesses174058655631 HTTP/1.1" 200 73358 kaminibeauty.com "-" "Mozilla/5.0 AppleWebKit/537.36 (KHTML, like Gecko; compatible; bingbot/2.0; +http://www.bing.com/bingbot.htm) Chrome/116.0.1938.76 Safari/537.36" "-"
40.77.167.0 - - [30/Mar/2026:00:43:03 +0000] "GET /shop/item/trottoir16149843903 HTTP/1.1" 200 73358 kaminibeauty.com "-" "Mozilla/5.0 AppleWebKit/537.36 (KHTML, like Gecko; compatible; bingbot/2.0; +http://www.bing.com/bingbot.htm) Chrome/116.0.1938.76 Safari/537.36" "-"
216.73.216.0 - - [30/Mar/2026:00:43:04 +0000] "GET /?fileloc=%2F%2Fkunden%2Fkunden%2Fkunden%2Fkunden%2Fusr%2Flib%2Fruby%2F2.7.0%2Fbundler%2Fsource%2Frubygems.rb&path=%2F%2Fkunden%2Fkunden%2Fkunden%2Fkunden%2Fusr%2Flib%2Fruby%2F2.7.0%2Fbundler%2Fsource HTTP/1.1" 429 267 www.kaminibeauty.com "-" "Mozilla/5.0 AppleWebKit/537.36 (KHTML, like Gecko; compatible; ClaudeBot/1.0; +claudebot@anthropic.com)" "-"
40.77.167.0 - - [30/Mar/2026:00:43:04 +0000] "GET /shop/item/quarrelingly13651044010 HTTP/1.1" 200 73358 kaminibeauty.com "-" "Mozilla/5.0 AppleWebKit/537.36 (KHTML, like Gecko; compatible; bingbot/2.0; +http://www.bing.com/bingbot.htm) Chrome/116.0.1938.76 Safari/537.36" "-"
66.249.76.0 - - [30/Mar/2026:00:43:04 +0000] "GET /shop/item/dastard113740661699 HTTP/1.1" 200 73358 kaminibeauty.com "-" "Mozilla/5.0 (Linux; Android 6.0.1; Nexus 5X Build/MMB29P) AppleWebKit/537.36 (KHTML, like Gecko) Chrome/146.0.7680.153 Mobile Safari/537.36 (compatible; Googlebot/2.1; +http://www.google.com/bot.html)" "-"
40.77.167.0 - - [30/Mar/2026:00:43:04 +0000] "GET /shop/item/iconize154093626859 HTTP/1.1" 200 73358 kaminibeauty.com "-" "Mozilla/5.0 AppleWebKit/537.36 (KHTML, like Gecko; compatible; bingbot/2.0; +http://www.bing.com/bingbot.htm) Chrome/116.0.1938.76 Safari/537.36" "-"
3.93.98.0 - - [30/Mar/2026:00:43:07 +0000] "GET /?fileloc=//kunden/lib/locale/es_MX/LC_PAPER&path=//kunden/lib/locale/es_MX HTTP/1.1" 200 12352 www.kaminibeauty.com "-" "Mozilla/5.0 AppleWebKit/537.36 (KHTML, like Gecko; compatible; Amazonbot/0.1; +https://developer.amazon.com/support/amazonbot) Chrome/119.0.6045.214 Safari/537.36" "-"
66.249.76.0 - - [30/Mar/2026:00:43:08 +0000] "GET /shop/item/avocative162744970498 HTTP/1.1" 200 73358 kaminibeauty.com "-" "Mozilla/5.0 (Linux; Android 6.0.1; Nexus 5X Build/MMB29P) AppleWebKit/537.36 (KHTML, like Gecko) Chrome/146.0.7680.153 Mobile Safari/537.36 (compatible; Googlebot/2.1; +http://www.google.com/bot.html)" "-"
40.77.167.0 - - [30/Mar/2026:00:43:08 +0000] "GET /shop/item/rapidness162173670362 HTTP/1.1" 200 73358 kaminibeauty.com "-" "Mozilla/5.0 AppleWebKit/537.36 (KHTML, like Gecko; compatible; bingbot/2.0; +http://www.bing.com/bingbot.htm) Chrome/116.0.1938.76 Safari/537.36" "-"
66.249.66.0 - - [30/Mar/2026:00:43:08 +0000] "GET /?fileloc=//kunden/kunden/kunden/kunden/kunden/kunden/proc/thread-self/root/kunden/kunden/kunden/kunden/kunden/kunden/kunden/kunden/kunden/kunden/kunden/kunden/kunden/kunden/usr/include/linux/if_pppol2tp.h&path=//kunden/kunden/kunden/kunden/kunden/kunden/proc/thread-self/root/kunden/kunden/kunden/kunden/kunden/kunden/kunden/kunden/kunden/kunden/kunden/kunden/kunden/kunden/usr/include/linux HTTP/1.1" 200 18918 www.kaminibeauty.com "-" "Mozilla/5.0 (Linux; Android 6.0.1; Nexus 5X Build/MMB29P) AppleWebKit/537.36 (KHTML, like Gecko) Chrome/146.0.7680.153 Mobile Safari/537.36 (compatible; Googlebot/2.1; +http://www.google.com/bot.html)" "-"
217.113.194.0 - - [30/Mar/2026:00:43:08 +0000] "GET /sasha-abraham/?path=/homepages/14/d4297819463 HTTP/1.1" 200 19759 kaminibeauty.com "-" "Mozilla/5.0 (compatible; Barkrowler/0.9; +https://babbar.tech/crawler)" "-"
216.73.216.0 - - [30/Mar/2026:00:43:09 +0000] "GET /?fileloc=%2F%2Fkunden%2Fkunden%2Fkunden%2Fproc%2Firq%2F195%2Fnode&path=%2F%2Fkunden%2Fkunden%2Fkunden%2Fproc%2Firq%2F195 HTTP/1.1" 429 267 www.kaminibeauty.com "-" "Mozilla/5.0 AppleWebKit/537.36 (KHTML, like Gecko; compatible; ClaudeBot/1.0; +claudebot@anthropic.com)" "-"
40.77.167.0 - - [30/Mar/2026:00:43:09 +0000] "GET /shop/item/siphonium154086355051 HTTP/1.1" 200 73358 kaminibeauty.com "-" "Mozilla/5.0 AppleWebKit/537.36 (KHTML, like Gecko; compatible; bingbot/2.0; +http://www.bing.com/bingbot.htm) Chrome/116.0.1938.76 Safari/537.36" "-"
40.77.167.0 - - [30/Mar/2026:00:43:09 +0000] "GET /shop/item/stylopodium16361925927 HTTP/1.1" 200 73358 kaminibeauty.com "-" "Mozilla/5.0 AppleWebKit/537.36 (KHTML, like Gecko; compatible; bingbot/2.0; +http://www.bing.com/bingbot.htm) Chrome/116.0.1938.76 Safari/537.36" "-"
40.77.167.0 - - [30/Mar/2026:00:43:09 +0000] "GET /shop/item/idoloclast132359726517 HTTP/1.1" 200 73358 kaminibeauty.com "-" "Mozilla/5.0 AppleWebKit/537.36 (KHTML, like Gecko; compatible; bingbot/2.0; +http://www.bing.com/bingbot.htm) Chrome/116.0.1938.76 Safari/537.36" "-"
40.77.167.0 - - [30/Mar/2026:00:43:10 +0000] "GET /shop/item/tyrolite161067435321 HTTP/1.1" 200 73358 kaminibeauty.com "-" "Mozilla/5.0 AppleWebKit/537.36 (KHTML, like Gecko; compatible; bingbot/2.0; +http://www.bing.com/bingbot.htm) Chrome/116.0.1938.76 Safari/537.36" "-"
66.249.66.0 - - [30/Mar/2026:00:43:10 +0000] "GET /shop/item/twitcher153823544906 HTTP/1.1" 200 73358 kaminibeauty.com "-" "Mozilla/5.0 (Linux; Android 6.0.1; Nexus 5X Build/MMB29P) AppleWebKit/537.36 (KHTML, like Gecko) Chrome/146.0.7680.153 Mobile Safari/537.36 (compatible; Googlebot/2.1; +http://www.google.com/bot.html)" "-"
44.208.193.0 - - [30/Mar/2026:00:43:10 +0000] "GET /wp-admin/js/index.php?fileloc=//kunden/bin/ppmlabel&path=//kunden/bin HTTP/1.1" 200 12240 www.kaminibeauty.com "-" "Mozilla/5.0 AppleWebKit/537.36 (KHTML, like Gecko; compatible; Amazonbot/0.1; +https://developer.amazon.com/support/amazonbot) Chrome/119.0.6045.214 Safari/537.36" "-"
2a03:2880:f800:: - - [30/Mar/2026:00:43:13 +0000] "GET /shop/item/crewman152783704027?path=/homepages/4/d4297730999/htdocs/wordpress/ALFA%20TEAM HTTP/1.1" 200 15989 kaminibeauty.com "-" "meta-externalagent/1.1 (+https://developers.facebook.com/docs/sharing/webmasters/crawler)" "-"
207.180.220.0 - - [30/Mar/2026:00:43:13 +0000] "POST /wp-login.php HTTP/1.1" 200 73358 www.kaminibeauty.com "https://www.kaminibeauty.com/wp-login.php" "Mozilla/5.0 (X11; Linux x86_64) AppleWebKit/537.36 (KHTML, like Gecko) Chrome/120.0.0.0 Safari/537.36" "-"
40.77.167.0 - - [30/Mar/2026:00:43:13 +0000] "GET /shop/item/gaussmeter142540526255 HTTP/1.1" 200 73358 kaminibeauty.com "-" "Mozilla/5.0 AppleWebKit/537.36 (KHTML, like Gecko; compatible; bingbot/2.0; +http://www.bing.com/bingbot.htm) Chrome/116.0.1938.76 Safari/537.36" "-"
216.73.216.0 - - [30/Mar/2026:00:43:14 +0000] "GET /?fileloc=%2F%2Fkunden%2Fkunden%2Fkunden%2Fkunden%2Fproc%2Fself%2Froot%2Fproc%2Firq%2F88%2Fspurious&path=%2F%2Fkunden%2Fkunden%2Fkunden%2Fkunden%2Fproc%2Fself%2Froot%2Fproc%2Firq%2F88 HTTP/1.1" 429 267 www.kaminibeauty.com "-" "Mozilla/5.0 AppleWebKit/537.36 (KHTML, like Gecko; compatible; ClaudeBot/1.0; +claudebot@anthropic.com)" "-"
44.223.232.0 - - [30/Mar/2026:00:43:15 +0000] "GET /wp-login.php?fileloc=//proc/thread-self/root/usr/lib/locale/li_NL/LC_CTYPE&path=//proc/thread-self/root/usr/lib/locale/li_NL HTTP/1.1" 429 267 kaminibeauty.com "-" "Mozilla/5.0 AppleWebKit/537.36 (KHTML, like Gecko; compatible; Amazonbot/0.1; +https://developer.amazon.com/support/amazonbot) Chrome/119.0.6045.214 Safari/537.36" "-"
40.77.167.0 - - [30/Mar/2026:00:43:18 +0000] "GET /shop/item/nighteyed161194474702 HTTP/1.1" 200 73358 kaminibeauty.com "-" "Mozilla/5.0 AppleWebKit/537.36 (KHTML, like Gecko; compatible; bingbot/2.0; +http://www.bing.com/bingbot.htm) Chrome/116.0.1938.76 Safari/537.36" "-"
3.224.205.0 - - [30/Mar/2026:00:43:18 +0000] "GET /?fileloc=//kunden/bin/debconf-copydb&path=//kunden/bin HTTP/1.1" 429 267 kaminibeauty.com "-" "Mozilla/5.0 AppleWebKit/537.36 (KHTML, like Gecko; compatible; Amazonbot/0.1; +https://developer.amazon.com/support/amazonbot) Chrome/119.0.6045.214 Safari/537.36" "-"
40.77.167.0 - - [30/Mar/2026:00:43:18 +0000] "GET /shop/item/euchlaena174232763332 HTTP/1.1" 200 73358 kaminibeauty.com "-" "Mozilla/5.0 AppleWebKit/537.36 (KHTML, like Gecko; compatible; bingbot/2.0; +http://www.bing.com/bingbot.htm) Chrome/116.0.1938.76 Safari/537.36" "-"
66.249.66.0 - - [30/Mar/2026:00:43:18 +0000] "GET /?fileloc=//kunden/kunden/kunden/kunden/kunden/kunden/proc/thread-self/root/kunden/kunden/kunden/kunden/kunden/kunden/kunden/kunden/kunden/kunden/kunden/kunden/kunden/kunden/usr/include/linux/netfilter_bridge/ebt_mark_m.h&path=//kunden/kunden/kunden/kunden/kunden/kunden/proc/thread-self/root/kunden/kunden/kunden/kunden/kunden/kunden/kunden/kunden/kunden/kunden/kunden/kunden/kunden/kunden/usr/include/linux/netfilter_bridge HTTP/1.1" 200 16217 www.kaminibeauty.com "-" "Mozilla/5.0 (Linux; Android 6.0.1; Nexus 5X Build/MMB29P) AppleWebKit/537.36 (KHTML, like Gecko) Chrome/146.0.7680.153 Mobile Safari/537.36 (compatible; Googlebot/2.1; +http://www.google.com/bot.html)" "-"
216.73.216.0 - - [30/Mar/2026:00:43:19 +0000] "GET /?fileloc=%2F%2Fkunden%2Fkunden%2Fkunden%2Flib%2Flocale%2Fca_FR%2FLC_IDENTIFICATION&path=%2F%2Fkunden%2Fkunden%2Fkunden%2Flib%2Flocale%2Fca_FR HTTP/1.1" 429 267 www.kaminibeauty.com "-" "Mozilla/5.0 AppleWebKit/537.36 (KHTML, like Gecko; compatible; ClaudeBot/1.0; +claudebot@anthropic.com)" "-"
40.77.167.0 - - [30/Mar/2026:00:43:19 +0000] "GET /shop/item/historify15676702691 HTTP/1.1" 200 73358 kaminibeauty.com "-" "Mozilla/5.0 AppleWebKit/537.36 (KHTML, like Gecko; compatible; bingbot/2.0; +http://www.bing.com/bingbot.htm) Chrome/116.0.1938.76 Safari/537.36" "-"
40.77.167.0 - - [30/Mar/2026:00:43:19 +0000] "GET /shop/item/cymbirhynchus154034310864 HTTP/1.1" 200 73358 kaminibeauty.com "-" "Mozilla/5.0 AppleWebKit/537.36 (KHTML, like Gecko; compatible; bingbot/2.0; +http://www.bing.com/bingbot.htm) Chrome/116.0.1938.76 Safari/537.36" "-"
74.7.242.0 - - [30/Mar/2026:00:43:19 +0000] "GET /shop/item/overvail15879109629?path=//home HTTP/1.1" 200 12607 kaminibeauty.com "https://kaminibeauty.com/shop/item/overvail15879109629?path=/" "Mozilla/5.0 AppleWebKit/537.36 (KHTML, like Gecko; compatible; GPTBot/1.3; +https://openai.com/gptbot)" "-"
40.77.167.0 - - [30/Mar/2026:00:43:20 +0000] "GET /shop/item/waucht152635899801 HTTP/1.1" 200 73358 kaminibeauty.com "-" "Mozilla/5.0 AppleWebKit/537.36 (KHTML, like Gecko; compatible; bingbot/2.0; +http://www.bing.com/bingbot.htm) Chrome/116.0.1938.76 Safari/537.36" "-"
217.113.194.0 - - [30/Mar/2026:00:43:21 +0000] "GET /sasha-abraham/?path=/homepages/14/d4297229096 HTTP/1.1" 200 19759 kaminibeauty.com "-" "Mozilla/5.0 (compatible; Barkrowler/0.9; +https://babbar.tech/crawler)" "-"
66.249.66.0 - - [30/Mar/2026:00:43:21 +0000] "GET /shop/item/praseodymium103755570550 HTTP/1.1" 200 73358 kaminibeauty.com "-" "Mozilla/5.0 (Linux; Android 6.0.1; Nexus 5X Build/MMB29P) AppleWebKit/537.36 (KHTML, like Gecko) Chrome/146.0.7680.153 Mobile Safari/537.36 (compatible; Googlebot/2.1; +http://www.google.com/bot.html)" "-"
66.249.66.0 - - [30/Mar/2026:00:43:21 +0000] "GET /shop/item/mauvaniline14324594131 HTTP/1.1" 200 73358 kaminibeauty.com "-" "Mozilla/5.0 (Linux; Android 6.0.1; Nexus 5X Build/MMB29P) AppleWebKit/537.36 (KHTML, like Gecko) Chrome/146.0.7680.153 Mobile Safari/537.36 (compatible; Googlebot/2.1; +http://www.google.com/bot.html)" "-"
35.174.253.0 - - [30/Mar/2026:00:43:22 +0000] "GET /wp-admin/js/index.php?fileloc=/homepages/38/d4297844162/distributor.lock&path=/homepages/38/d4297844162 HTTP/1.1" 200 12324 www.kaminibeauty.com "-" "Mozilla/5.0 AppleWebKit/537.36 (KHTML, like Gecko; compatible; Amazonbot/0.1; +https://developer.amazon.com/support/amazonbot) Chrome/119.0.6045.214 Safari/537.36" "-"
40.77.167.0 - - [30/Mar/2026:00:43:23 +0000] "GET /shop/item/cuprum173201621574 HTTP/1.1" 200 73358 kaminibeauty.com "-" "Mozilla/5.0 AppleWebKit/537.36 (KHTML, like Gecko; compatible; bingbot/2.0; +http://www.bing.com/bingbot.htm) Chrome/116.0.1938.76 Safari/537.36" "-"
40.77.167.0 - - [30/Mar/2026:00:43:23 +0000] "GET /shop/item/adays161548095700 HTTP/1.1" 200 73358 kaminibeauty.com "-" "Mozilla/5.0 AppleWebKit/537.36 (KHTML, like Gecko; compatible; bingbot/2.0; +http://www.bing.com/bingbot.htm) Chrome/116.0.1938.76 Safari/537.36" "-"
216.73.216.0 - - [30/Mar/2026:00:43:24 +0000] "GET /?fileloc=%2F%2Fkunden%2Fkunden%2Fkunden%2Fkunden%2Fproc%2Fself%2Froot%2Fproc%2Firq%2F114%2Faffinity_hint&path=%2F%2Fkunden%2Fkunden%2Fkunden%2Fkunden%2Fproc%2Fself%2Froot%2Fproc%2Firq%2F114 HTTP/1.1" 429 267 www.kaminibeauty.com "-" "Mozilla/5.0 AppleWebKit/537.36 (KHTML, like Gecko; compatible; ClaudeBot/1.0; +claudebot@anthropic.com)" "-"
2a03:2880:f800:: - - [30/Mar/2026:00:43:24 +0000] "GET /shop/item/posts161984265407?path=/homepages/4/d4297730999/htdocs/wordpress/ALFA%20TEAM HTTP/1.1" 200 15989 kaminibeauty.com "-" "meta-externalagent/1.1 (+https://developers.facebook.com/docs/sharing/webmasters/crawler)" "-"
40.77.167.0 - - [30/Mar/2026:00:43:24 +0000] "GET /shop/item/epauleted154208640029 HTTP/1.1" 200 73358 kaminibeauty.com "-" "Mozilla/5.0 AppleWebKit/537.36 (KHTML, like Gecko; compatible; bingbot/2.0; +http://www.bing.com/bingbot.htm) Chrome/116.0.1938.76 Safari/537.36" "-"
82.76.245.0 - - [30/Mar/2026:00:43:24 +0000] "GET /eye-and-brow-enhancements/?fileloc=/homepages/46/d4298119731/last_traffic HTTP/1.1" 200 12448 kaminibeauty.com "-" "Mozilla/5.0 (Macintosh; Intel Mac OS X 13_2_1) AppleWebKit/537.36 (KHTML, like Gecko) Chrome/126.0.6478.126 Safari/537.36" "-"
40.77.167.0 - - [30/Mar/2026:00:43:24 +0000] "GET /shop/item/unflinchingly17670852049 HTTP/1.1" 200 73358 kaminibeauty.com "-" "Mozilla/5.0 AppleWebKit/537.36 (KHTML, like Gecko; compatible; bingbot/2.0; +http://www.bing.com/bingbot.htm) Chrome/116.0.1938.76 Safari/537.36" "-"
66.249.66.0 - - [30/Mar/2026:00:43:25 +0000] "GET /shop/item/insipidly102661581566 HTTP/1.1" 200 73358 kaminibeauty.com "-" "Mozilla/5.0 (Linux; Android 6.0.1; Nexus 5X Build/MMB29P) AppleWebKit/537.36 (KHTML, like Gecko) Chrome/146.0.7680.153 Mobile Safari/537.36 (compatible; Googlebot/2.1; +http://www.google.com/bot.html)" "-"
52.167.144.0 - - [30/Mar/2026:00:43:26 +0000] "GET /shop/item/arianize151132192738 HTTP/1.1" 200 73358 www.kaminibeauty.com "-" "Mozilla/5.0 AppleWebKit/537.36 (KHTML, like Gecko; compatible; bingbot/2.0; +http://www.bing.com/bingbot.htm) Chrome/116.0.1938.76 Safari/537.36" "-"
40.77.167.0 - - [30/Mar/2026:00:43:28 +0000] "GET /shop/item/rewardful1696518224 HTTP/1.1" 200 73358 kaminibeauty.com "-" "Mozilla/5.0 AppleWebKit/537.36 (KHTML, like Gecko; compatible; bingbot/2.0; +http://www.bing.com/bingbot.htm) Chrome/116.0.1938.76 Safari/537.36" "-"
3.216.86.0 - - [30/Mar/2026:00:43:28 +0000] "GET /wp-login.php?fileloc=//kunden/proc/thread-self/root/lib/locale/is_IS/LC_IDENTIFICATION&path=//kunden/proc/thread-self/root/lib/locale/is_IS HTTP/1.1" 429 267 kaminibeauty.com "-" "Mozilla/5.0 AppleWebKit/537.36 (KHTML, like Gecko; compatible; Amazonbot/0.1; +https://developer.amazon.com/support/amazonbot) Chrome/119.0.6045.214 Safari/537.36" "-"
40.77.167.0 - - [30/Mar/2026:00:43:28 +0000] "GET /shop/item/elaidin163832406217 HTTP/1.1" 200 73358 kaminibeauty.com "-" "Mozilla/5.0 AppleWebKit/537.36 (KHTML, like Gecko; compatible; bingbot/2.0; +http://www.bing.com/bingbot.htm) Chrome/116.0.1938.76 Safari/537.36" "-"
40.77.167.0 - - [30/Mar/2026:00:43:29 +0000] "GET /shop/item/justiciable14476070846 HTTP/1.1" 200 73358 kaminibeauty.com "-" "Mozilla/5.0 AppleWebKit/537.36 (KHTML, like Gecko; compatible; bingbot/2.0; +http://www.bing.com/bingbot.htm) Chrome/116.0.1938.76 Safari/537.36" "-"
66.249.66.0 - - [30/Mar/2026:00:43:29 +0000] "GET /shop/item/mosque161656765284 HTTP/1.1" 200 73358 kaminibeauty.com "-" "Mozilla/5.0 (Linux; Android 6.0.1; Nexus 5X Build/MMB29P) AppleWebKit/537.36 (KHTML, like Gecko) Chrome/146.0.7680.153 Mobile Safari/537.36 (compatible; Googlebot/2.1; +http://www.google.com/bot.html)" "-"
40.77.167.0 - - [30/Mar/2026:00:43:29 +0000] "GET /shop/item/cockahoop154264254527 HTTP/1.1" 200 73358 kaminibeauty.com "-" "Mozilla/5.0 AppleWebKit/537.36 (KHTML, like Gecko; compatible; bingbot/2.0; +http://www.bing.com/bingbot.htm) Chrome/116.0.1938.76 Safari/537.36" "-"
40.77.167.0 - - [30/Mar/2026:00:43:29 +0000] "GET /shop/item/superexcellence16285798662 HTTP/1.1" 200 73358 kaminibeauty.com "-" "Mozilla/5.0 AppleWebKit/537.36 (KHTML, like Gecko; compatible; bingbot/2.0; +http://www.bing.com/bingbot.htm) Chrome/116.0.1938.76 Safari/537.36" "-"
66.249.66.0 - - [30/Mar/2026:00:43:31 +0000] "GET /shop/item/eperlanus151389460802 HTTP/1.1" 200 73358 kaminibeauty.com "-" "Mozilla/5.0 (Linux; Android 6.0.1; Nexus 5X Build/MMB29P) AppleWebKit/537.36 (KHTML, like Gecko) Chrome/146.0.7680.153 Mobile Safari/537.36 (compatible; Googlebot/2.1; +http://www.google.com/bot.html)" "-"
54.91.122.0 - - [30/Mar/2026:00:43:32 +0000] "GET /wp-login.php?path=//kunden/kunden/kunden/homepages/36/d4297261877/.lnk HTTP/1.1" 429 267 kaminibeauty.com "-" "Mozilla/5.0 AppleWebKit/537.36 (KHTML, like Gecko; compatible; Amazonbot/0.1; +https://developer.amazon.com/support/amazonbot) Chrome/119.0.6045.214 Safari/537.36" "-"
207.180.220.0 - - [30/Mar/2026:00:43:32 +0000] "GET /wp-login.php HTTP/1.1" 200 73358 www.kaminibeauty.com "-" "Mozilla/5.0 (Windows NT 11.0; Win64; x64) AppleWebKit/537.36 (KHTML, like Gecko) Chrome/121.0.0.0 Safari/537.36" "-"
52.167.144.0 - - [30/Mar/2026:00:43:32 +0000] "GET /shop/item/wheelman151726876037 HTTP/1.1" 200 73358 kaminibeauty.com "-" "Mozilla/5.0 AppleWebKit/537.36 (KHTML, like Gecko; compatible; bingbot/2.0; +http://www.bing.com/bingbot.htm) Chrome/116.0.1938.76 Safari/537.36" "-"
66.249.66.0 - - [30/Mar/2026:00:43:33 +0000] "GET /shop/item/alitrunk131130214870 HTTP/1.1" 200 73358 kaminibeauty.com "-" "Mozilla/5.0 (Linux; Android 6.0.1; Nexus 5X Build/MMB29P) AppleWebKit/537.36 (KHTML, like Gecko) Chrome/146.0.7680.164 Mobile Safari/537.36 (compatible; Googlebot/2.1; +http://www.google.com/bot.html)" "-"
217.113.194.0 - - [30/Mar/2026:00:43:33 +0000] "GET /sasha-abraham/?path=/homepages/14/d4297635411 HTTP/1.1" 200 19759 kaminibeauty.com "-" "Mozilla/5.0 (compatible; Barkrowler/0.9; +https://babbar.tech/crawler)" "-"
52.167.144.0 - - [30/Mar/2026:00:43:33 +0000] "GET /shop/item/devata132917519419 HTTP/1.1" 200 73358 kaminibeauty.com "-" "Mozilla/5.0 AppleWebKit/537.36 (KHTML, like Gecko; compatible; bingbot/2.0; +http://www.bing.com/bingbot.htm) Chrome/116.0.1938.76 Safari/537.36" "-"
2a03:2880:f800:: - - [30/Mar/2026:00:43:33 +0000] "GET /shop/item/dallia141109436788?path=/homepages/4/d4297730999/htdocs/wordpress/ALFA%20TEAM HTTP/1.1" 200 15989 kaminibeauty.com "-" "meta-externalagent/1.1 (+https://developers.facebook.com/docs/sharing/webmasters/crawler)" "-"
52.167.144.0 - - [30/Mar/2026:00:43:34 +0000] "GET /shop/item/insume16520228537 HTTP/1.1" 200 73358 kaminibeauty.com "-" "Mozilla/5.0 AppleWebKit/537.36 (KHTML, like Gecko; compatible; bingbot/2.0; +http://www.bing.com/bingbot.htm) Chrome/116.0.1938.76 Safari/537.36" "-"
52.207.47.0 - - [30/Mar/2026:00:43:34 +0000] "GET /wp-login.php?fileloc=//proc/self/root/lib/locale/es_ES@euro/LC_MEASUREMENT&path=//proc/self/root/lib/locale/es_ES@euro HTTP/1.1" 429 267 kaminibeauty.com "-" "Mozilla/5.0 AppleWebKit/537.36 (KHTML, like Gecko; compatible; Amazonbot/0.1; +https://developer.amazon.com/support/amazonbot) Chrome/119.0.6045.214 Safari/537.36" "-"
52.167.144.0 - - [30/Mar/2026:00:43:34 +0000] "GET /shop/item/invoicing133140903616 HTTP/1.1" 200 73358 kaminibeauty.com "-" "Mozilla/5.0 AppleWebKit/537.36 (KHTML, like Gecko; compatible; bingbot/2.0; +http://www.bing.com/bingbot.htm) Chrome/116.0.1938.76 Safari/537.36" "-"
52.167.144.0 - - [30/Mar/2026:00:43:34 +0000] "GET /shop/item/flexuous112756566507 HTTP/1.1" 200 73358 kaminibeauty.com "-" "Mozilla/5.0 AppleWebKit/537.36 (KHTML, like Gecko; compatible; bingbot/2.0; +http://www.bing.com/bingbot.htm) Chrome/116.0.1938.76 Safari/537.36" "-"
52.167.144.0 - - [30/Mar/2026:00:43:35 +0000] "GET /shop/item/methodized15837260153 HTTP/1.1" 200 73358 kaminibeauty.com "-" "Mozilla/5.0 AppleWebKit/537.36 (KHTML, like Gecko; compatible; bingbot/2.0; +http://www.bing.com/bingbot.htm) Chrome/116.0.1938.76 Safari/537.36" "-"
52.167.144.0 - - [30/Mar/2026:00:43:35 +0000] "GET /shop/item/dichroscopic17144231368 HTTP/1.1" 200 73358 kaminibeauty.com "-" "Mozilla/5.0 AppleWebKit/537.36 (KHTML, like Gecko; compatible; bingbot/2.0; +http://www.bing.com/bingbot.htm) Chrome/116.0.1938.76 Safari/537.36" "-"
52.167.144.0 - - [30/Mar/2026:00:43:35 +0000] "GET /shop/item/overabound173332862414 HTTP/1.1" 200 73358 kaminibeauty.com "-" "Mozilla/5.0 AppleWebKit/537.36 (KHTML, like Gecko; compatible; bingbot/2.0; +http://www.bing.com/bingbot.htm) Chrome/116.0.1938.76 Safari/537.36" "-"
52.167.144.0 - - [30/Mar/2026:00:43:36 +0000] "GET /shop/item/scomberoid121735287800 HTTP/1.1" 200 73358 kaminibeauty.com "-" "Mozilla/5.0 AppleWebKit/537.36 (KHTML, like Gecko; compatible; bingbot/2.0; +http://www.bing.com/bingbot.htm) Chrome/116.0.1938.76 Safari/537.36" "-"
52.167.144.0 - - [30/Mar/2026:00:43:36 +0000] "GET /shop/item/undercraft143945451882 HTTP/1.1" 200 73358 kaminibeauty.com "-" "Mozilla/5.0 AppleWebKit/537.36 (KHTML, like Gecko; compatible; bingbot/2.0; +http://www.bing.com/bingbot.htm) Chrome/116.0.1938.76 Safari/537.36" "-"
52.167.144.0 - - [30/Mar/2026:00:43:37 +0000] "GET /shop/item/astrolatry162381784576 HTTP/1.1" 200 73358 kaminibeauty.com "-" "Mozilla/5.0 AppleWebKit/537.36 (KHTML, like Gecko; compatible; bingbot/2.0; +http://www.bing.com/bingbot.htm) Chrome/116.0.1938.76 Safari/537.36" "-"
44.209.187.0 - - [30/Mar/2026:00:43:37 +0000] "GET /wp-admin/js/index.php?fileloc=//kunden/bin/ppmmix&path=//kunden/bin HTTP/1.1" 200 12238 www.kaminibeauty.com "-" "Mozilla/5.0 AppleWebKit/537.36 (KHTML, like Gecko; compatible; Amazonbot/0.1; +https://developer.amazon.com/support/amazonbot) Chrome/119.0.6045.214 Safari/537.36" "-"
52.167.144.0 - - [30/Mar/2026:00:43:37 +0000] "GET /shop/item/rachiodont152572552191 HTTP/1.1" 200 73358 kaminibeauty.com "-" "Mozilla/5.0 AppleWebKit/537.36 (KHTML, like Gecko; compatible; bingbot/2.0; +http://www.bing.com/bingbot.htm) Chrome/116.0.1938.76 Safari/537.36" "-"
66.249.76.0 - - [30/Mar/2026:00:43:37 +0000] "GET /shop/item/liriope103625087587 HTTP/1.1" 200 73358 kaminibeauty.com "-" "Mozilla/5.0 (Linux; Android 6.0.1; Nexus 5X Build/MMB29P) AppleWebKit/537.36 (KHTML, like Gecko) Chrome/146.0.7680.153 Mobile Safari/537.36 (compatible; Googlebot/2.1; +http://www.google.com/bot.html)" "-"
52.167.144.0 - - [30/Mar/2026:00:43:37 +0000] "GET /shop/item/spare153039357191 HTTP/1.1" 200 73358 kaminibeauty.com "-" "Mozilla/5.0 AppleWebKit/537.36 (KHTML, like Gecko; compatible; bingbot/2.0; +http://www.bing.com/bingbot.htm) Chrome/116.0.1938.76 Safari/537.36" "-"
52.167.144.0 - - [30/Mar/2026:00:43:38 +0000] "GET /shop/item/deaccession122702342607 HTTP/1.1" 200 73358 kaminibeauty.com "-" "Mozilla/5.0 AppleWebKit/537.36 (KHTML, like Gecko; compatible; bingbot/2.0; +http://www.bing.com/bingbot.htm) Chrome/116.0.1938.76 Safari/537.36" "-"
52.167.144.0 - - [30/Mar/2026:00:43:38 +0000] "GET /shop/item/tendered154158649576 HTTP/1.1" 200 73358 kaminibeauty.com "-" "Mozilla/5.0 AppleWebKit/537.36 (KHTML, like Gecko; compatible; bingbot/2.0; +http://www.bing.com/bingbot.htm) Chrome/116.0.1938.76 Safari/537.36" "-"
52.167.144.0 - - [30/Mar/2026:00:43:38 +0000] "GET /shop/item/crissum174229025743 HTTP/1.1" 200 73358 www.kaminibeauty.com "-" "Mozilla/5.0 AppleWebKit/537.36 (KHTML, like Gecko; compatible; bingbot/2.0; +http://www.bing.com/bingbot.htm) Chrome/116.0.1938.76 Safari/537.36" "-"
52.167.144.0 - - [30/Mar/2026:00:43:39 +0000] "GET /shop/item/quintilis143690659720 HTTP/1.1" 200 73358 kaminibeauty.com "-" "Mozilla/5.0 AppleWebKit/537.36 (KHTML, like Gecko; compatible; bingbot/2.0; +http://www.bing.com/bingbot.htm) Chrome/116.0.1938.76 Safari/537.36" "-"
66.249.66.0 - - [30/Mar/2026:00:43:39 +0000] "GET /shop/item/chirurgic16912188013 HTTP/1.1" 200 73358 kaminibeauty.com "-" "Mozilla/5.0 (Linux; Android 6.0.1; Nexus 5X Build/MMB29P) AppleWebKit/537.36 (KHTML, like Gecko) Chrome/146.0.7680.153 Mobile Safari/537.36 (compatible; Googlebot/2.1; +http://www.google.com/bot.html)" "-"
66.249.76.0 - - [30/Mar/2026:00:43:42 +0000] "GET /shop/item/dahlias171686283747 HTTP/1.1" 200 73358 kaminibeauty.com "-" "Mozilla/5.0 (Linux; Android 6.0.1; Nexus 5X Build/MMB29P) AppleWebKit/537.36 (KHTML, like Gecko) Chrome/146.0.7680.153 Mobile Safari/537.36 (compatible; Googlebot/2.1; +http://www.google.com/bot.html)" "-"
2a03:2880:f800:: - - [30/Mar/2026:00:43:42 +0000] "GET /shop/item/lateritious11139334248?path=/homepages/4/d4297730999/htdocs/wordpress/ALFA%20TEAM HTTP/1.1" 200 15989 kaminibeauty.com "-" "meta-externalagent/1.1 (+https://developers.facebook.com/docs/sharing/webmasters/crawler)" "-"
54.225.81.0 - - [30/Mar/2026:00:43:42 +0000] "GET /wp-admin/js/index.php?path=//proc/irq/139 HTTP/1.1" 200 21166 www.kaminibeauty.com "-" "Mozilla/5.0 AppleWebKit/537.36 (KHTML, like Gecko; compatible; Amazonbot/0.1; +https://developer.amazon.com/support/amazonbot) Chrome/119.0.6045.214 Safari/537.36" "-"
207.180.220.0 - - [30/Mar/2026:00:43:44 +0000] "POST /wp-login.php HTTP/1.1" 200 73358 www.kaminibeauty.com "https://www.kaminibeauty.com/wp-login.php" "Mozilla/5.0 (Windows NT 11.0; Win64; x64) AppleWebKit/537.36 (KHTML, like Gecko) Chrome/121.0.0.0 Safari/537.36" "-"
