40.77.167.0 - - [30/Mar/2026:00:02:00 +0000] "GET /shop/item/accloy151419798448 HTTP/1.1" 200 73358 kaminibeauty.com "-" "Mozilla/5.0 AppleWebKit/537.36 (KHTML, like Gecko; compatible; bingbot/2.0; +http://www.bing.com/bingbot.htm) Chrome/116.0.1938.76 Safari/537.36" "-"
193.203.9.0 - - [30/Mar/2026:00:02:00 +0000] "GET /wp-login.php?wp_lang=en_US HTTP/1.1" 200 73358 www.kaminibeauty.com "-" "Mozilla/5.0 (Windows NT 10.0; Win64; x64) AppleWebKit/537.36 (KHTML, like Gecko) Chrome/124.0.6367.207 Safari/537.36" "-"
18.211.39.0 - - [30/Mar/2026:00:02:00 +0000] "GET /wp-login.php?path=//kunden/proc/thread-self/root/kunden/homepages/0/d4297832656 HTTP/1.1" 200 20733 kaminibeauty.com "-" "Mozilla/5.0 AppleWebKit/537.36 (KHTML, like Gecko; compatible; Amazonbot/0.1; +https://developer.amazon.com/support/amazonbot) Chrome/119.0.6045.214 Safari/537.36" "-"
74.7.241.0 - - [30/Mar/2026:00:02:00 +0000] "GET /?path=//kunden/kunden/kunden/kunden/kunden/kunden/proc/thread-self/root/kunden/kunden/kunden/kunden/kunden/kunden/kunden/proc/thread-self/root/kunden/etc/ssh HTTP/1.1" 429 267 www.kaminibeauty.com "http://www.kaminibeauty.com/?path=//kunden/kunden/kunden/kunden/kunden/kunden/proc/thread-self/root/kunden/kunden/kunden/kunden/kunden/kunden/kunden/proc/thread-self/root/kunden/etc" "Mozilla/5.0 AppleWebKit/537.36 (KHTML, like Gecko; compatible; GPTBot/1.3; +https://openai.com/gptbot)" "-"
40.77.167.0 - - [30/Mar/2026:00:02:00 +0000] "GET /shop/item/underchaps17570706337 HTTP/1.1" 200 73358 kaminibeauty.com "-" "Mozilla/5.0 AppleWebKit/537.36 (KHTML, like Gecko; compatible; bingbot/2.0; +http://www.bing.com/bingbot.htm) Chrome/116.0.1938.76 Safari/537.36" "-"
40.77.167.0 - - [30/Mar/2026:00:02:00 +0000] "GET /shop/item/atlantean16603078796 HTTP/1.1" 200 73358 kaminibeauty.com "-" "Mozilla/5.0 AppleWebKit/537.36 (KHTML, like Gecko; compatible; bingbot/2.0; +http://www.bing.com/bingbot.htm) Chrome/116.0.1938.76 Safari/537.36" "-"
170.168.243.0 - - [30/Mar/2026:00:02:02 +0000] "GET /wp-login.php?wp_lang=en_US HTTP/1.1" 200 73358 www.kaminibeauty.com "-" "Mozilla/5.0 (Windows NT 10.0; Win64; x64) AppleWebKit/537.36 (KHTML, like Gecko) Chrome/124.0.6367.207 Safari/537.36" "-"
14.254.81.0 - - [30/Mar/2026:00:02:02 +0000] "GET /welcome-to-kamini/?path=/homepages/4/d4297730999/htdocs/wordpress/d72d6 HTTP/1.1" 200 14463 kaminibeauty.com "-" "Mozilla/5.0 (Macintosh; Intel Mac OS X 12_7_2) AppleWebKit/537.36 (KHTML, like Gecko) Chrome/126.0.6478.182 Safari/537.36" "-"
74.7.242.0 - - [30/Mar/2026:00:02:02 +0000] "GET /shop/item/regalism13823554916?path=//tmp HTTP/1.1" 200 934790 kaminibeauty.com "https://kaminibeauty.com/shop/item/regalism13823554916?path=/" "Mozilla/5.0 AppleWebKit/537.36 (KHTML, like Gecko; compatible; GPTBot/1.3; +https://openai.com/gptbot)" "-"
217.113.194.0 - - [30/Mar/2026:00:02:02 +0000] "GET /2015/06/?fileloc=//bin/fc-validate&path=//bin HTTP/1.1" 200 12193 kaminibeauty.com "-" "Mozilla/5.0 (compatible; Barkrowler/0.9; +https://babbar.tech/crawler)" "-"
157.22.46.0 - - [30/Mar/2026:00:02:02 +0000] "GET /wp-login.php?wp_lang=en_US HTTP/1.1" 200 73358 www.kaminibeauty.com "-" "Mozilla/5.0 (Windows NT 10.0; Win64; x64) AppleWebKit/537.36 (KHTML, like Gecko) Chrome/124.0.6367.207 Safari/537.36" "-"
66.249.66.0 - - [30/Mar/2026:00:02:04 +0000] "GET /shop/item/dunned102400247101 HTTP/1.1" 200 73358 kaminibeauty.com "-" "Mozilla/5.0 (Linux; Android 6.0.1; Nexus 5X Build/MMB29P) AppleWebKit/537.36 (KHTML, like Gecko) Chrome/146.0.7680.153 Mobile Safari/537.36 (compatible; Googlebot/2.1; +http://www.google.com/bot.html)" "-"
157.22.19.0 - - [30/Mar/2026:00:02:04 +0000] "GET /wp-login.php?wp_lang=en_US HTTP/1.1" 200 73358 www.kaminibeauty.com "-" "Mozilla/5.0 (Windows NT 10.0; Win64; x64) AppleWebKit/537.36 (KHTML, like Gecko) Chrome/124.0.6367.207 Safari/537.36" "-"
216.73.216.0 - - [30/Mar/2026:00:02:04 +0000] "GET /?fileloc=%2F%2Fkunden%2Fkunden%2Fkunden%2Fkunden%2Fusr%2Fshare%2Fdoc%2Flibidn2-0%2Fchangelog.Debian.gz&path=%2F%2Fkunden%2Fkunden%2Fkunden%2Fkunden%2Fusr%2Fshare%2Fdoc%2Flibidn2-0 HTTP/1.1" 429 267 www.kaminibeauty.com "-" "Mozilla/5.0 AppleWebKit/537.36 (KHTML, like Gecko; compatible; ClaudeBot/1.0; +claudebot@anthropic.com)" "-"
2a03:2880:f800:: - - [30/Mar/2026:00:02:04 +0000] "GET /shop/item/repent152495605251 HTTP/1.1" 200 73358 kaminibeauty.com "-" "meta-externalagent/1.1 (+https://developers.facebook.com/docs/sharing/webmasters/crawler)" "-"
170.168.97.0 - - [30/Mar/2026:00:02:04 +0000] "GET /wp-login.php?wp_lang=en_US HTTP/1.1" 200 73358 www.kaminibeauty.com "-" "Mozilla/5.0 (Windows NT 10.0; Win64; x64) AppleWebKit/537.36 (KHTML, like Gecko) Chrome/124.0.6367.207 Safari/537.36" "-"
77.81.65.0 - - [30/Mar/2026:00:02:05 +0000] "GET /wp-login.php?wp_lang=en_US HTTP/1.1" 200 73358 www.kaminibeauty.com "-" "Mozilla/5.0 (Windows NT 10.0; Win64; x64) AppleWebKit/537.36 (KHTML, like Gecko) Chrome/124.0.6367.207 Safari/537.36" "-"
34.239.85.0 - - [30/Mar/2026:00:02:06 +0000] "GET /?fileloc=//kunden/lib/locale/kab_DZ/LC_TELEPHONE&path=//kunden/lib/locale/kab_DZ HTTP/1.1" 429 267 www.kaminibeauty.com "-" "Mozilla/5.0 AppleWebKit/537.36 (KHTML, like Gecko; compatible; Amazonbot/0.1; +https://developer.amazon.com/support/amazonbot) Chrome/119.0.6045.214 Safari/537.36" "-"
130.49.79.0 - - [30/Mar/2026:00:02:06 +0000] "GET /wp-login.php?wp_lang=en_US HTTP/1.1" 200 73358 www.kaminibeauty.com "-" "Mozilla/5.0 (Windows NT 10.0; Win64; x64) AppleWebKit/537.36 (KHTML, like Gecko) Chrome/124.0.6367.207 Safari/537.36" "-"
193.202.83.0 - - [30/Mar/2026:00:02:07 +0000] "GET /wp-login.php?wp_lang=en_US HTTP/1.1" 200 73358 www.kaminibeauty.com "-" "Mozilla/5.0 (Windows NT 10.0; Win64; x64) AppleWebKit/537.36 (KHTML, like Gecko) Chrome/124.0.6367.207 Safari/537.36" "-"
88.218.47.0 - - [30/Mar/2026:00:02:08 +0000] "GET /wp-login.php?wp_lang=en_US HTTP/1.1" 200 73358 www.kaminibeauty.com "-" "Mozilla/5.0 (Windows NT 10.0; Win64; x64) AppleWebKit/537.36 (KHTML, like Gecko) Chrome/124.0.6367.207 Safari/537.36" "-"
216.73.216.0 - - [30/Mar/2026:00:02:09 +0000] "GET /?fileloc=%2F%2Fkunden%2Fkunden%2Fkunden%2Fkunden%2Fkunden%2Flib%2Fx86_64-linux-gnu%2Flibunwind-ptrace.so.0.0.0&path=%2F%2Fkunden%2Fkunden%2Fkunden%2Fkunden%2Fkunden%2Flib%2Fx86_64-linux-gnu HTTP/1.1" 429 267 www.kaminibeauty.com "-" "Mozilla/5.0 AppleWebKit/537.36 (KHTML, like Gecko; compatible; ClaudeBot/1.0; +claudebot@anthropic.com)" "-"
54.204.12.0 - - [30/Mar/2026:00:02:09 +0000] "GET /postnews.php?path=//usr/share/cmake HTTP/1.1" 200 15525 www.kaminibeauty.com "-" "Mozilla/5.0 AppleWebKit/537.36 (KHTML, like Gecko; compatible; Amazonbot/0.1; +https://developer.amazon.com/support/amazonbot) Chrome/119.0.6045.214 Safari/537.36" "-"
193.203.8.0 - - [30/Mar/2026:00:02:10 +0000] "GET /wp-login.php?wp_lang=en_US HTTP/1.1" 200 73358 www.kaminibeauty.com "-" "Mozilla/5.0 (Windows NT 10.0; Win64; x64) AppleWebKit/537.36 (KHTML, like Gecko) Chrome/124.0.6367.207 Safari/537.36" "-"
130.49.9.0 - - [30/Mar/2026:00:02:11 +0000] "GET /wp-login.php?wp_lang=en_US HTTP/1.1" 200 73358 www.kaminibeauty.com "-" "Mozilla/5.0 (Windows NT 10.0; Win64; x64) AppleWebKit/537.36 (KHTML, like Gecko) Chrome/124.0.6367.207 Safari/537.36" "-"
157.22.126.0 - - [30/Mar/2026:00:02:12 +0000] "GET /wp-login.php?wp_lang=en_US HTTP/1.1" 200 73358 www.kaminibeauty.com "-" "Mozilla/5.0 (Windows NT 10.0; Win64; x64) AppleWebKit/537.36 (KHTML, like Gecko) Chrome/124.0.6367.207 Safari/537.36" "-"
207.180.220.0 - - [30/Mar/2026:00:02:12 +0000] "GET /wp-login.php HTTP/1.1" 200 73358 www.kaminibeauty.com "-" "Mozilla/5.0 (Windows NT 10.0; Win64; x64) AppleWebKit/537.36 (KHTML, like Gecko) Chrome/120.0.0.0 Safari/537.36" "-"
66.249.66.0 - - [30/Mar/2026:00:02:12 +0000] "GET /shop/item/agitated14658769379 HTTP/1.1" 200 73358 kaminibeauty.com "-" "Mozilla/5.0 (Linux; Android 6.0.1; Nexus 5X Build/MMB29P) AppleWebKit/537.36 (KHTML, like Gecko) Chrome/146.0.7680.153 Mobile Safari/537.36 (compatible; Googlebot/2.1; +http://www.google.com/bot.html)" "-"
2a03:2880:f800:: - - [30/Mar/2026:00:02:13 +0000] "GET /shop/item/dentata161082655281?fileloc=/homepages/4/d4297730999/htdocs/wordpress/wp-admin/privacy-policy-guide.php&path=/homepages/4/d4297730999/htdocs/wordpress/wp-admin HTTP/1.1" 200 16966 kaminibeauty.com "-" "meta-externalagent/1.1 (+https://developers.facebook.com/docs/sharing/webmasters/crawler)" "-"
54.235.172.0 - - [30/Mar/2026:00:02:13 +0000] "GET /wp-login.php?fileloc=//proc/self/root/kunden/lib/locale/ff_SN/LC_COLLATE&path=//proc/self/root/kunden/lib/locale/ff_SN HTTP/1.1" 200 12540 kaminibeauty.com "-" "Mozilla/5.0 AppleWebKit/537.36 (KHTML, like Gecko; compatible; Amazonbot/0.1; +https://developer.amazon.com/support/amazonbot) Chrome/119.0.6045.214 Safari/537.36" "-"
130.49.79.0 - - [30/Mar/2026:00:02:13 +0000] "GET /wp-login.php?wp_lang=en_US HTTP/1.1" 200 73358 www.kaminibeauty.com "-" "Mozilla/5.0 (Windows NT 10.0; Win64; x64) AppleWebKit/537.36 (KHTML, like Gecko) Chrome/124.0.6367.207 Safari/537.36" "-"
130.49.77.0 - - [30/Mar/2026:00:02:14 +0000] "GET /wp-login.php?wp_lang=en_US HTTP/1.1" 200 73358 www.kaminibeauty.com "-" "Mozilla/5.0 (Windows NT 10.0; Win64; x64) AppleWebKit/537.36 (KHTML, like Gecko) Chrome/124.0.6367.207 Safari/537.36" "-"
216.73.216.0 - - [30/Mar/2026:00:02:14 +0000] "GET /?fileloc=%2F%2Fkunden%2Fkunden%2Fkunden%2Fkunden%2Fusr%2Flib%2Flocale%2Fku_TR%2FLC_ADDRESS&path=%2F%2Fkunden%2Fkunden%2Fkunden%2Fkunden%2Fusr%2Flib%2Flocale%2Fku_TR HTTP/1.1" 429 267 www.kaminibeauty.com "-" "Mozilla/5.0 AppleWebKit/537.36 (KHTML, like Gecko; compatible; ClaudeBot/1.0; +claudebot@anthropic.com)" "-"
157.22.16.0 - - [30/Mar/2026:00:02:14 +0000] "GET /wp-login.php?wp_lang=en_US HTTP/1.1" 200 73358 www.kaminibeauty.com "-" "Mozilla/5.0 (Windows NT 10.0; Win64; x64) AppleWebKit/537.36 (KHTML, like Gecko) Chrome/124.0.6367.207 Safari/537.36" "-"
217.113.194.0 - - [30/Mar/2026:00:02:14 +0000] "GET /2015/06/?fileloc=//bin/geqn&path=//bin HTTP/1.1" 200 12186 kaminibeauty.com "-" "Mozilla/5.0 (compatible; Barkrowler/0.9; +https://babbar.tech/crawler)" "-"
35.174.141.0 - - [30/Mar/2026:00:02:16 +0000] "GET /wp-login.php?fileloc=//proc/self/root/kunden/var/cache/fontconfig/03bddc77-5d9f-464c-86c8-4d8430d23f04-le64.cache-7&path=//proc/self/root/kunden/var/cache/fontconfig HTTP/1.1" 200 12590 kaminibeauty.com "-" "Mozilla/5.0 AppleWebKit/537.36 (KHTML, like Gecko; compatible; Amazonbot/0.1; +https://developer.amazon.com/support/amazonbot) Chrome/119.0.6045.214 Safari/537.36" "-"
185.61.221.0 - - [30/Mar/2026:00:02:16 +0000] "GET /wp-login.php?wp_lang=en_US HTTP/1.1" 200 73358 www.kaminibeauty.com "-" "Mozilla/5.0 (Windows NT 10.0; Win64; x64) AppleWebKit/537.36 (KHTML, like Gecko) Chrome/124.0.6367.207 Safari/537.36" "-"
66.249.66.0 - - [30/Mar/2026:00:02:18 +0000] "GET /shop/item/riggish111227049500 HTTP/1.1" 200 73358 kaminibeauty.com "-" "Mozilla/5.0 (Linux; Android 6.0.1; Nexus 5X Build/MMB29P) AppleWebKit/537.36 (KHTML, like Gecko) Chrome/146.0.7680.153 Mobile Safari/537.36 (compatible; Googlebot/2.1; +http://www.google.com/bot.html)" "-"
155.212.39.0 - - [30/Mar/2026:00:02:18 +0000] "GET /wp-login.php?wp_lang=en_US HTTP/1.1" 200 73358 www.kaminibeauty.com "-" "Mozilla/5.0 (Windows NT 10.0; Win64; x64) AppleWebKit/537.36 (KHTML, like Gecko) Chrome/124.0.6367.207 Safari/537.36" "-"
40.77.167.0 - - [30/Mar/2026:00:02:19 +0000] "GET /shop/item/bespurt161910376752 HTTP/1.1" 200 73358 kaminibeauty.com "-" "Mozilla/5.0 AppleWebKit/537.36 (KHTML, like Gecko; compatible; bingbot/2.0; +http://www.bing.com/bingbot.htm) Chrome/116.0.1938.76 Safari/537.36" "-"
216.73.216.0 - - [30/Mar/2026:00:02:19 +0000] "GET /?fileloc=%2F%2Fkunden%2Fkunden%2Fkunden%2Fkunden%2Fkunden%2Flib%2Fx86_64-linux-gnu%2Flibbrotlidec.so.1.0.9&path=%2F%2Fkunden%2Fkunden%2Fkunden%2Fkunden%2Fkunden%2Flib%2Fx86_64-linux-gnu HTTP/1.1" 429 267 www.kaminibeauty.com "-" "Mozilla/5.0 AppleWebKit/537.36 (KHTML, like Gecko; compatible; ClaudeBot/1.0; +claudebot@anthropic.com)" "-"
40.77.167.0 - - [30/Mar/2026:00:02:19 +0000] "GET /shop/item/ballast162125628033 HTTP/1.1" 200 73358 kaminibeauty.com "-" "Mozilla/5.0 AppleWebKit/537.36 (KHTML, like Gecko; compatible; bingbot/2.0; +http://www.bing.com/bingbot.htm) Chrome/116.0.1938.76 Safari/537.36" "-"
185.61.217.0 - - [30/Mar/2026:00:02:19 +0000] "GET /wp-login.php?wp_lang=en_US HTTP/1.1" 200 73358 www.kaminibeauty.com "-" "Mozilla/5.0 (Windows NT 10.0; Win64; x64) AppleWebKit/537.36 (KHTML, like Gecko) Chrome/124.0.6367.207 Safari/537.36" "-"
3.94.199.0 - - [30/Mar/2026:00:02:19 +0000] "GET /wp-admin/js/index.php?path=//proc/irq/325 HTTP/1.1" 200 21170 www.kaminibeauty.com "-" "Mozilla/5.0 AppleWebKit/537.36 (KHTML, like Gecko; compatible; Amazonbot/0.1; +https://developer.amazon.com/support/amazonbot) Chrome/119.0.6045.214 Safari/537.36" "-"
40.77.167.0 - - [30/Mar/2026:00:02:19 +0000] "GET /shop/item/haloscope113811745801 HTTP/1.1" 200 73358 kaminibeauty.com "-" "Mozilla/5.0 AppleWebKit/537.36 (KHTML, like Gecko; compatible; bingbot/2.0; +http://www.bing.com/bingbot.htm) Chrome/116.0.1938.76 Safari/537.36" "-"
40.77.167.0 - - [30/Mar/2026:00:02:20 +0000] "GET /shop/item/misallotment152751607400 HTTP/1.1" 200 73358 kaminibeauty.com "-" "Mozilla/5.0 AppleWebKit/537.36 (KHTML, like Gecko; compatible; bingbot/2.0; +http://www.bing.com/bingbot.htm) Chrome/116.0.1938.76 Safari/537.36" "-"
2a03:2880:f800:: - - [30/Mar/2026:00:02:20 +0000] "GET /shop/item/binotata171341644284?path=/homepages/4/d4297730999/htdocs/wordpress/ALFA%20TEAM HTTP/1.1" 200 15989 kaminibeauty.com "-" "meta-externalagent/1.1 (+https://developers.facebook.com/docs/sharing/webmasters/crawler)" "-"
40.77.167.0 - - [30/Mar/2026:00:02:20 +0000] "GET /shop/item/briered16413480836 HTTP/1.1" 200 73358 kaminibeauty.com "-" "Mozilla/5.0 AppleWebKit/537.36 (KHTML, like Gecko; compatible; bingbot/2.0; +http://www.bing.com/bingbot.htm) Chrome/116.0.1938.76 Safari/537.36" "-"
93.177.118.0 - - [30/Mar/2026:00:02:20 +0000] "GET /wp-login.php?wp_lang=en_US HTTP/1.1" 200 73358 www.kaminibeauty.com "-" "Mozilla/5.0 (Windows NT 10.0; Win64; x64) AppleWebKit/537.36 (KHTML, like Gecko) Chrome/124.0.6367.207 Safari/537.36" "-"
40.77.167.0 - - [30/Mar/2026:00:02:21 +0000] "GET /shop/item/tradeunionist12178473065 HTTP/1.1" 200 73358 kaminibeauty.com "-" "Mozilla/5.0 AppleWebKit/537.36 (KHTML, like Gecko; compatible; bingbot/2.0; +http://www.bing.com/bingbot.htm) Chrome/116.0.1938.76 Safari/537.36" "-"
66.249.66.0 - - [30/Mar/2026:00:02:21 +0000] "GET /?fileloc=//kunden/kunden/kunden/kunden/kunden/kunden/proc/thread-self/root/kunden/kunden/kunden/kunden/kunden/kunden/kunden/kunden/kunden/kunden/kunden/kunden/kunden/kunden/usr/lib/locale/or_IN/LC_PAPER&path=//kunden/kunden/kunden/kunden/kunden/kunden/proc/thread-self/root/kunden/kunden/kunden/kunden/kunden/kunden/kunden/kunden/kunden/kunden/kunden/kunden/kunden/kunden/usr/lib/locale/or_IN HTTP/1.1" 200 15760 www.kaminibeauty.com "-" "Mozilla/5.0 (Linux; Android 6.0.1; Nexus 5X Build/MMB29P) AppleWebKit/537.36 (KHTML, like Gecko) Chrome/146.0.7680.153 Mobile Safari/537.36 (compatible; Googlebot/2.1; +http://www.google.com/bot.html)" "-"
66.249.76.0 - - [30/Mar/2026:00:02:21 +0000] "GET /index.php?shop/item/vinquish122253084434 HTTP/1.1" 200 73358 kaminibeauty.com "-" "Mozilla/5.0 (Linux; Android 6.0.1; Nexus 5X Build/MMB29P) AppleWebKit/537.36 (KHTML, like Gecko) Chrome/146.0.7680.153 Mobile Safari/537.36 (compatible; Googlebot/2.1; +http://www.google.com/bot.html)" "-"
40.77.167.0 - - [30/Mar/2026:00:02:21 +0000] "GET /shop/item/dewlapped153819471652 HTTP/1.1" 200 73358 kaminibeauty.com "-" "Mozilla/5.0 AppleWebKit/537.36 (KHTML, like Gecko; compatible; bingbot/2.0; +http://www.bing.com/bingbot.htm) Chrome/116.0.1938.76 Safari/537.36" "-"
74.7.242.0 - - [30/Mar/2026:00:02:21 +0000] "GET /shop/item/falderol16924881784?path=//tmp HTTP/1.1" 200 934790 kaminibeauty.com "https://kaminibeauty.com/shop/item/falderol16924881784?path=/" "Mozilla/5.0 AppleWebKit/537.36 (KHTML, like Gecko; compatible; GPTBot/1.3; +https://openai.com/gptbot)" "-"
40.77.167.0 - - [30/Mar/2026:00:02:22 +0000] "GET /shop/item/borofluoric171882964516 HTTP/1.1" 200 73358 kaminibeauty.com "-" "Mozilla/5.0 AppleWebKit/537.36 (KHTML, like Gecko; compatible; bingbot/2.0; +http://www.bing.com/bingbot.htm) Chrome/116.0.1938.76 Safari/537.36" "-"
130.49.77.0 - - [30/Mar/2026:00:02:22 +0000] "GET /wp-login.php?wp_lang=en_US HTTP/1.1" 200 73358 www.kaminibeauty.com "-" "Mozilla/5.0 (Windows NT 10.0; Win64; x64) AppleWebKit/537.36 (KHTML, like Gecko) Chrome/124.0.6367.207 Safari/537.36" "-"
40.77.167.0 - - [30/Mar/2026:00:02:22 +0000] "GET /shop/item/enslavement174069375685 HTTP/1.1" 200 73358 kaminibeauty.com "-" "Mozilla/5.0 AppleWebKit/537.36 (KHTML, like Gecko; compatible; bingbot/2.0; +http://www.bing.com/bingbot.htm) Chrome/116.0.1938.76 Safari/537.36" "-"
40.77.167.0 - - [30/Mar/2026:00:02:22 +0000] "GET /shop/item/achenial112980116569 HTTP/1.1" 200 73358 kaminibeauty.com "-" "Mozilla/5.0 AppleWebKit/537.36 (KHTML, like Gecko; compatible; bingbot/2.0; +http://www.bing.com/bingbot.htm) Chrome/116.0.1938.76 Safari/537.36" "-"
66.249.76.0 - - [30/Mar/2026:00:02:22 +0000] "GET /shop/item/eulogium111824912171 HTTP/1.1" 200 73358 kaminibeauty.com "-" "Mozilla/5.0 (Linux; Android 6.0.1; Nexus 5X Build/MMB29P) AppleWebKit/537.36 (KHTML, like Gecko) Chrome/146.0.7680.153 Mobile Safari/537.36 (compatible; Googlebot/2.1; +http://www.google.com/bot.html)" "-"
40.77.167.0 - - [30/Mar/2026:00:02:23 +0000] "GET /shop/item/despotist161796235124 HTTP/1.1" 200 73358 kaminibeauty.com "-" "Mozilla/5.0 AppleWebKit/537.36 (KHTML, like Gecko; compatible; bingbot/2.0; +http://www.bing.com/bingbot.htm) Chrome/116.0.1938.76 Safari/537.36" "-"
130.49.114.0 - - [30/Mar/2026:00:02:23 +0000] "GET /wp-login.php?wp_lang=en_US HTTP/1.1" 200 73358 www.kaminibeauty.com "-" "Mozilla/5.0 (Windows NT 10.0; Win64; x64) AppleWebKit/537.36 (KHTML, like Gecko) Chrome/124.0.6367.207 Safari/537.36" "-"
40.77.167.0 - - [30/Mar/2026:00:02:23 +0000] "GET /shop/item/lamellarly154255561515 HTTP/1.1" 200 73358 kaminibeauty.com "-" "Mozilla/5.0 AppleWebKit/537.36 (KHTML, like Gecko; compatible; bingbot/2.0; +http://www.bing.com/bingbot.htm) Chrome/116.0.1938.76 Safari/537.36" "-"
18.209.137.0 - - [30/Mar/2026:00:02:23 +0000] "GET /wp-login.php?fileloc=//proc/thread-self/root/usr/lib/locale/mg_MG/LC_MONETARY&path=//proc/thread-self/root/usr/lib/locale/mg_MG HTTP/1.1" 200 12579 kaminibeauty.com "-" "Mozilla/5.0 AppleWebKit/537.36 (KHTML, like Gecko; compatible; Amazonbot/0.1; +https://developer.amazon.com/support/amazonbot) Chrome/119.0.6045.214 Safari/537.36" "-"
157.22.126.0 - - [30/Mar/2026:00:02:23 +0000] "GET /wp-login.php?wp_lang=en_US HTTP/1.1" 200 73358 www.kaminibeauty.com "-" "Mozilla/5.0 (Windows NT 10.0; Win64; x64) AppleWebKit/537.36 (KHTML, like Gecko) Chrome/124.0.6367.207 Safari/537.36" "-"
40.77.167.0 - - [30/Mar/2026:00:02:23 +0000] "GET /shop/item/gibbostity161145788472 HTTP/1.1" 200 73358 kaminibeauty.com "-" "Mozilla/5.0 AppleWebKit/537.36 (KHTML, like Gecko; compatible; bingbot/2.0; +http://www.bing.com/bingbot.htm) Chrome/116.0.1938.76 Safari/537.36" "-"
207.180.220.0 - - [30/Mar/2026:00:02:24 +0000] "POST /wp-login.php HTTP/1.1" 200 73358 www.kaminibeauty.com "https://www.kaminibeauty.com/wp-login.php" "Mozilla/5.0 (X11; Linux x86_64) AppleWebKit/537.36 (KHTML, like Gecko) Chrome/120.0.0.0 Safari/537.36" "-"
216.73.216.0 - - [30/Mar/2026:00:02:24 +0000] "GET /?fileloc=%2F%2Fkunden%2Fkunden%2Fkunden%2Fkunden%2Fkunden%2Fusr%2Fbin%2Fwdctl&path=%2F%2Fkunden%2Fkunden%2Fkunden%2Fkunden%2Fkunden%2Fusr%2Fbin HTTP/1.1" 429 267 www.kaminibeauty.com "-" "Mozilla/5.0 AppleWebKit/537.36 (KHTML, like Gecko; compatible; ClaudeBot/1.0; +claudebot@anthropic.com)" "-"
40.77.167.0 - - [30/Mar/2026:00:02:24 +0000] "GET /shop/item/inimitability123525992738 HTTP/1.1" 200 73358 kaminibeauty.com "-" "Mozilla/5.0 AppleWebKit/537.36 (KHTML, like Gecko; compatible; bingbot/2.0; +http://www.bing.com/bingbot.htm) Chrome/116.0.1938.76 Safari/537.36" "-"
40.77.167.0 - - [30/Mar/2026:00:02:24 +0000] "GET /shop/item/bilingually163976346043 HTTP/1.1" 200 73358 kaminibeauty.com "-" "Mozilla/5.0 AppleWebKit/537.36 (KHTML, like Gecko; compatible; bingbot/2.0; +http://www.bing.com/bingbot.htm) Chrome/116.0.1938.76 Safari/537.36" "-"
40.77.167.0 - - [30/Mar/2026:00:02:25 +0000] "GET /shop/item/syndesmoses142593575180 HTTP/1.1" 200 73358 kaminibeauty.com "-" "Mozilla/5.0 AppleWebKit/537.36 (KHTML, like Gecko; compatible; bingbot/2.0; +http://www.bing.com/bingbot.htm) Chrome/116.0.1938.76 Safari/537.36" "-"
40.77.167.0 - - [30/Mar/2026:00:02:25 +0000] "GET /shop/item/imaginer113953811543 HTTP/1.1" 200 73358 kaminibeauty.com "-" "Mozilla/5.0 AppleWebKit/537.36 (KHTML, like Gecko; compatible; bingbot/2.0; +http://www.bing.com/bingbot.htm) Chrome/116.0.1938.76 Safari/537.36" "-"
40.77.167.0 - - [30/Mar/2026:00:02:25 +0000] "GET /shop/item/holostean142816311686 HTTP/1.1" 200 73358 kaminibeauty.com "-" "Mozilla/5.0 AppleWebKit/537.36 (KHTML, like Gecko; compatible; bingbot/2.0; +http://www.bing.com/bingbot.htm) Chrome/116.0.1938.76 Safari/537.36" "-"
193.202.81.0 - - [30/Mar/2026:00:02:25 +0000] "GET /wp-login.php?wp_lang=en_US HTTP/1.1" 200 73358 www.kaminibeauty.com "-" "Mozilla/5.0 (Windows NT 10.0; Win64; x64) AppleWebKit/537.36 (KHTML, like Gecko) Chrome/124.0.6367.207 Safari/537.36" "-"
40.77.167.0 - - [30/Mar/2026:00:02:26 +0000] "GET /shop/item/mooncalf134247622133 HTTP/1.1" 200 73358 kaminibeauty.com "-" "Mozilla/5.0 AppleWebKit/537.36 (KHTML, like Gecko; compatible; bingbot/2.0; +http://www.bing.com/bingbot.htm) Chrome/116.0.1938.76 Safari/537.36" "-"
40.77.167.0 - - [30/Mar/2026:00:02:26 +0000] "GET /shop/item/pyrotechnist15278185996 HTTP/1.1" 200 73358 kaminibeauty.com "-" "Mozilla/5.0 AppleWebKit/537.36 (KHTML, like Gecko; compatible; bingbot/2.0; +http://www.bing.com/bingbot.htm) Chrome/116.0.1938.76 Safari/537.36" "-"
34.224.9.0 - - [30/Mar/2026:00:02:26 +0000] "GET /wp-login.php?fileloc=//kunden/proc/thread-self/root/kunden/usr/bin/gpg-connect-agent&path=//kunden/proc/thread-self/root/kunden/usr/bin HTTP/1.1" 200 12599 kaminibeauty.com "-" "Mozilla/5.0 AppleWebKit/537.36 (KHTML, like Gecko; compatible; Amazonbot/0.1; +https://developer.amazon.com/support/amazonbot) Chrome/119.0.6045.214 Safari/537.36" "-"
40.77.167.0 - - [30/Mar/2026:00:02:26 +0000] "GET /shop/item/irreverend161905702112 HTTP/1.1" 200 73358 kaminibeauty.com "-" "Mozilla/5.0 AppleWebKit/537.36 (KHTML, like Gecko; compatible; bingbot/2.0; +http://www.bing.com/bingbot.htm) Chrome/116.0.1938.76 Safari/537.36" "-"
154.54.249.0 - - [30/Mar/2026:00:02:27 +0000] "GET /2015/06/?fileloc=//bin/getconf&path=//bin HTTP/1.1" 200 12189 kaminibeauty.com "-" "Mozilla/5.0 (compatible; Barkrowler/0.9; +https://babbar.tech/crawler)" "-"
157.22.17.0 - - [30/Mar/2026:00:02:27 +0000] "GET /wp-login.php?wp_lang=en_US HTTP/1.1" 200 73358 www.kaminibeauty.com "-" "Mozilla/5.0 (Windows NT 10.0; Win64; x64) AppleWebKit/537.36 (KHTML, like Gecko) Chrome/124.0.6367.207 Safari/537.36" "-"
40.77.167.0 - - [30/Mar/2026:00:02:27 +0000] "GET /shop/item/detonate123192943350 HTTP/1.1" 200 73358 kaminibeauty.com "-" "Mozilla/5.0 AppleWebKit/537.36 (KHTML, like Gecko; compatible; bingbot/2.0; +http://www.bing.com/bingbot.htm) Chrome/116.0.1938.76 Safari/537.36" "-"
2a03:2880:f800:: - - [30/Mar/2026:00:02:27 +0000] "GET /shop/item/frullania171648070352?path=/homepages/4/d4297730999/htdocs/wordpress/ALFA%20TEAM HTTP/1.1" 200 15989 kaminibeauty.com "-" "meta-externalagent/1.1 (+https://developers.facebook.com/docs/sharing/webmasters/crawler)" "-"
40.77.167.0 - - [30/Mar/2026:00:02:27 +0000] "GET /shop/item/empaistic16922860811 HTTP/1.1" 200 73358 kaminibeauty.com "-" "Mozilla/5.0 AppleWebKit/537.36 (KHTML, like Gecko; compatible; bingbot/2.0; +http://www.bing.com/bingbot.htm) Chrome/116.0.1938.76 Safari/537.36" "-"
170.168.30.0 - - [30/Mar/2026:00:02:27 +0000] "GET /wp-login.php?wp_lang=en_US HTTP/1.1" 200 73358 www.kaminibeauty.com "-" "Mozilla/5.0 (Windows NT 10.0; Win64; x64) AppleWebKit/537.36 (KHTML, like Gecko) Chrome/124.0.6367.207 Safari/537.36" "-"
40.77.167.0 - - [30/Mar/2026:00:02:28 +0000] "GET /shop/item/berserk16474136899 HTTP/1.1" 200 73358 kaminibeauty.com "-" "Mozilla/5.0 AppleWebKit/537.36 (KHTML, like Gecko; compatible; bingbot/2.0; +http://www.bing.com/bingbot.htm) Chrome/116.0.1938.76 Safari/537.36" "-"
40.77.167.0 - - [30/Mar/2026:00:02:28 +0000] "GET /shop/item/abraham133435169525 HTTP/1.1" 200 73358 kaminibeauty.com "-" "Mozilla/5.0 AppleWebKit/537.36 (KHTML, like Gecko; compatible; bingbot/2.0; +http://www.bing.com/bingbot.htm) Chrome/116.0.1938.76 Safari/537.36" "-"
40.77.167.0 - - [30/Mar/2026:00:02:28 +0000] "GET /shop/item/cyclopic162836313927 HTTP/1.1" 200 73358 kaminibeauty.com "-" "Mozilla/5.0 AppleWebKit/537.36 (KHTML, like Gecko; compatible; bingbot/2.0; +http://www.bing.com/bingbot.htm) Chrome/116.0.1938.76 Safari/537.36" "-"
40.77.167.0 - - [30/Mar/2026:00:02:29 +0000] "GET /shop/item/animist17266930383 HTTP/1.1" 200 73358 kaminibeauty.com "-" "Mozilla/5.0 AppleWebKit/537.36 (KHTML, like Gecko; compatible; bingbot/2.0; +http://www.bing.com/bingbot.htm) Chrome/116.0.1938.76 Safari/537.36" "-"
216.73.216.0 - - [30/Mar/2026:00:02:29 +0000] "GET /?fileloc=%2F%2Fkunden%2Fkunden%2Fkunden%2Flib%2Flocale%2Faz_IR%2FLC_PAPER&path=%2F%2Fkunden%2Fkunden%2Fkunden%2Flib%2Flocale%2Faz_IR HTTP/1.1" 429 267 www.kaminibeauty.com "-" "Mozilla/5.0 AppleWebKit/537.36 (KHTML, like Gecko; compatible; ClaudeBot/1.0; +claudebot@anthropic.com)" "-"
170.168.172.0 - - [30/Mar/2026:00:02:29 +0000] "GET /wp-login.php?wp_lang=en_US HTTP/1.1" 200 73358 www.kaminibeauty.com "-" "Mozilla/5.0 (Windows NT 10.0; Win64; x64) AppleWebKit/537.36 (KHTML, like Gecko) Chrome/124.0.6367.207 Safari/537.36" "-"
40.77.167.0 - - [30/Mar/2026:00:02:29 +0000] "GET /shop/item/bondmaid151097770778 HTTP/1.1" 200 73358 kaminibeauty.com "-" "Mozilla/5.0 AppleWebKit/537.36 (KHTML, like Gecko; compatible; bingbot/2.0; +http://www.bing.com/bingbot.htm) Chrome/116.0.1938.76 Safari/537.36" "-"
40.77.167.0 - - [30/Mar/2026:00:02:30 +0000] "GET /shop/item/expatriation111734704782 HTTP/1.1" 200 73358 kaminibeauty.com "-" "Mozilla/5.0 AppleWebKit/537.36 (KHTML, like Gecko; compatible; bingbot/2.0; +http://www.bing.com/bingbot.htm) Chrome/116.0.1938.76 Safari/537.36" "-"
40.77.167.0 - - [30/Mar/2026:00:02:30 +0000] "GET /shop/item/vagabond15701647940 HTTP/1.1" 200 73358 kaminibeauty.com "-" "Mozilla/5.0 AppleWebKit/537.36 (KHTML, like Gecko; compatible; bingbot/2.0; +http://www.bing.com/bingbot.htm) Chrome/116.0.1938.76 Safari/537.36" "-"
3.89.176.0 - - [30/Mar/2026:00:02:30 +0000] "GET /wp-admin/js/index.php?fileloc=//kunden/bin/bioradtopgm&path=//kunden/bin HTTP/1.1" 200 12243 www.kaminibeauty.com "-" "Mozilla/5.0 AppleWebKit/537.36 (KHTML, like Gecko; compatible; Amazonbot/0.1; +https://developer.amazon.com/support/amazonbot) Chrome/119.0.6045.214 Safari/537.36" "-"
130.49.78.0 - - [30/Mar/2026:00:02:30 +0000] "GET /wp-login.php?wp_lang=en_US HTTP/1.1" 200 73358 www.kaminibeauty.com "-" "Mozilla/5.0 (Windows NT 10.0; Win64; x64) AppleWebKit/537.36 (KHTML, like Gecko) Chrome/124.0.6367.207 Safari/537.36" "-"
66.249.76.0 - - [30/Mar/2026:00:02:31 +0000] "GET /shop/item/glabrate101358959590 HTTP/1.1" 200 73358 kaminibeauty.com "-" "Mozilla/5.0 (Linux; Android 6.0.1; Nexus 5X Build/MMB29P) AppleWebKit/537.36 (KHTML, like Gecko) Chrome/146.0.7680.153 Mobile Safari/537.36 (compatible; Googlebot/2.1; +http://www.google.com/bot.html)" "-"
193.202.81.0 - - [30/Mar/2026:00:02:32 +0000] "GET /wp-login.php?wp_lang=en_US HTTP/1.1" 200 73358 www.kaminibeauty.com "-" "Mozilla/5.0 (Windows NT 10.0; Win64; x64) AppleWebKit/537.36 (KHTML, like Gecko) Chrome/124.0.6367.207 Safari/537.36" "-"
34.234.206.0 - - [30/Mar/2026:00:02:33 +0000] "GET /?fileloc=//etc/alternatives/www-browser.1.gz&path=//etc/alternatives HTTP/1.1" 200 12263 kaminibeauty.com "-" "Mozilla/5.0 AppleWebKit/537.36 (KHTML, like Gecko; compatible; Amazonbot/0.1; +https://developer.amazon.com/support/amazonbot) Chrome/119.0.6045.214 Safari/537.36" "-"
2a03:2880:f800:: - - [30/Mar/2026:00:02:33 +0000] "GET /shop/item/phonetician172183792380?path=/homepages/4/d4297730999/htdocs/wordpress/ALFA%20TEAM HTTP/1.1" 200 15989 kaminibeauty.com "-" "meta-externalagent/1.1 (+https://developers.facebook.com/docs/sharing/webmasters/crawler)" "-"
157.22.19.0 - - [30/Mar/2026:00:02:33 +0000] "GET /wp-login.php?wp_lang=en_US HTTP/1.1" 200 73358 www.kaminibeauty.com "-" "Mozilla/5.0 (Windows NT 10.0; Win64; x64) AppleWebKit/537.36 (KHTML, like Gecko) Chrome/124.0.6367.207 Safari/537.36" "-"
216.73.216.0 - - [30/Mar/2026:00:02:34 +0000] "GET /?fileloc=%2F%2Fkunden%2Fkunden%2Fkunden%2Fkunden%2Fusr%2Flib%2Flocale%2Flg_UG.utf8%2FLC_CTYPE&path=%2F%2Fkunden%2Fkunden%2Fkunden%2Fkunden%2Fusr%2Flib%2Flocale%2Flg_UG.utf8 HTTP/1.1" 429 267 www.kaminibeauty.com "-" "Mozilla/5.0 AppleWebKit/537.36 (KHTML, like Gecko; compatible; ClaudeBot/1.0; +claudebot@anthropic.com)" "-"
66.249.66.0 - - [30/Mar/2026:00:02:34 +0000] "GET /shop/item/piggeries101057141323 HTTP/1.1" 200 73358 kaminibeauty.com "-" "Mozilla/5.0 (Linux; Android 6.0.1; Nexus 5X Build/MMB29P) AppleWebKit/537.36 (KHTML, like Gecko) Chrome/146.0.7680.153 Mobile Safari/537.36 (compatible; Googlebot/2.1; +http://www.google.com/bot.html)" "-"
207.180.220.0 - - [30/Mar/2026:00:02:36 +0000] "POST /wp-login.php HTTP/1.1" 200 73358 www.kaminibeauty.com "https://www.kaminibeauty.com/wp-login.php" "Mozilla/5.0 (X11; Linux x86_64) AppleWebKit/537.36 (KHTML, like Gecko) Chrome/120.0.0.0 Safari/537.36" "-"
66.249.76.0 - - [30/Mar/2026:00:02:38 +0000] "GET /shop/item/kithe154264513333 HTTP/1.1" 200 73358 kaminibeauty.com "-" "Mozilla/5.0 (Linux; Android 6.0.1; Nexus 5X Build/MMB29P) AppleWebKit/537.36 (KHTML, like Gecko) Chrome/146.0.7680.153 Mobile Safari/537.36 (compatible; Googlebot/2.1; +http://www.google.com/bot.html)" "-"
216.73.216.0 - - [30/Mar/2026:00:02:39 +0000] "GET /?fileloc=%2F%2Fkunden%2Fkunden%2Fkunden%2Fkunden%2Fusr%2Flib%2Flocale%2Fur_IN%2FLC_TELEPHONE&path=%2F%2Fkunden%2Fkunden%2Fkunden%2Fkunden%2Fusr%2Flib%2Flocale%2Fur_IN HTTP/1.1" 429 267 www.kaminibeauty.com "-" "Mozilla/5.0 AppleWebKit/537.36 (KHTML, like Gecko; compatible; ClaudeBot/1.0; +claudebot@anthropic.com)" "-"
54.156.248.0 - - [30/Mar/2026:00:02:39 +0000] "GET /?path=//homepages/14/d4297053175 HTTP/1.1" 200 19779 kaminibeauty.com "-" "Mozilla/5.0 AppleWebKit/537.36 (KHTML, like Gecko; compatible; Amazonbot/0.1; +https://developer.amazon.com/support/amazonbot) Chrome/119.0.6045.214 Safari/537.36" "-"
217.113.194.0 - - [30/Mar/2026:00:02:39 +0000] "GET /2015/06/?fileloc=//bin/egrep&path=//bin HTTP/1.1" 200 12225 kaminibeauty.com "-" "Mozilla/5.0 (compatible; Barkrowler/0.9; +https://babbar.tech/crawler)" "-"
74.7.242.0 - - [30/Mar/2026:00:02:39 +0000] "GET /shop/item/conserve11215366290?path=//mnt HTTP/1.1" 200 15177 kaminibeauty.com "https://kaminibeauty.com/shop/item/conserve11215366290?path=/" "Mozilla/5.0 AppleWebKit/537.36 (KHTML, like Gecko; compatible; GPTBot/1.3; +https://openai.com/gptbot)" "-"
2a03:2880:f800:: - - [30/Mar/2026:00:02:40 +0000] "GET /shop/item/norwest133583327838?path=/homepages/4/d4297730999/htdocs/wordpress/ALFA%20TEAM HTTP/1.1" 200 15989 kaminibeauty.com "-" "meta-externalagent/1.1 (+https://developers.facebook.com/docs/sharing/webmasters/crawler)" "-"
66.249.66.0 - - [30/Mar/2026:00:02:41 +0000] "GET /shop/item/majusculae171410939073 HTTP/1.1" 200 73358 kaminibeauty.com "-" "Mozilla/5.0 (Linux; Android 6.0.1; Nexus 5X Build/MMB29P) AppleWebKit/537.36 (KHTML, like Gecko) Chrome/146.0.7680.153 Mobile Safari/537.36 (compatible; Googlebot/2.1; +http://www.google.com/bot.html)" "-"
54.197.102.0 - - [30/Mar/2026:00:02:43 +0000] "GET /wp-login.php?fileloc=//kunden/proc/thread-self/root/kunden/usr/bin/printenv&path=//kunden/proc/thread-self/root/kunden/usr/bin HTTP/1.1" 200 12590 kaminibeauty.com "-" "Mozilla/5.0 AppleWebKit/537.36 (KHTML, like Gecko; compatible; Amazonbot/0.1; +https://developer.amazon.com/support/amazonbot) Chrome/119.0.6045.214 Safari/537.36" "-"
216.73.216.0 - - [30/Mar/2026:00:02:44 +0000] "GET /?fileloc=%2F%2Fkunden%2Fkunden%2Fkunden%2Fkunden%2Fkunden%2Flib%2Fx86_64-linux-gnu%2Fliblz4.so.1.9.3&path=%2F%2Fkunden%2Fkunden%2Fkunden%2Fkunden%2Fkunden%2Flib%2Fx86_64-linux-gnu HTTP/1.1" 429 267 www.kaminibeauty.com "-" "Mozilla/5.0 AppleWebKit/537.36 (KHTML, like Gecko; compatible; ClaudeBot/1.0; +claudebot@anthropic.com)" "-"
113.162.137.0 - - [30/Mar/2026:00:02:45 +0000] "GET /shop/item/warehousing11689144587 HTTP/1.1" 200 73358 kaminibeauty.com "-" "Mozilla/5.0 (Windows NT 6.1) AppleWebKit/537.36 (KHTML, like Gecko) Chrome/27.0.1453.90 Safari/537.36" "-"
66.249.76.0 - - [30/Mar/2026:00:02:46 +0000] "GET /index.php?shop/item/paracmastic172398933738 HTTP/1.1" 200 73358 kaminibeauty.com "-" "Mozilla/5.0 (Linux; Android 6.0.1; Nexus 5X Build/MMB29P) AppleWebKit/537.36 (KHTML, like Gecko) Chrome/146.0.7680.153 Mobile Safari/537.36 (compatible; Googlebot/2.1; +http://www.google.com/bot.html)" "-"
2a03:2880:f800:: - - [30/Mar/2026:00:02:46 +0000] "GET /shop/item/dentata161082655281?fileloc=/homepages/4/d4297730999/htdocs/wordpress/wp-admin/ms-upgrade-network.php&path=/homepages/4/d4297730999/htdocs/wordpress/wp-admin HTTP/1.1" 200 12785 kaminibeauty.com "-" "meta-externalagent/1.1 (+https://developers.facebook.com/docs/sharing/webmasters/crawler)" "-"
52.70.123.0 - - [30/Mar/2026:00:02:47 +0000] "GET /wp-login.php?fileloc=//kunden/proc/thread-self/root/kunden/usr/bin/mogrify&path=//kunden/proc/thread-self/root/kunden/usr/bin HTTP/1.1" 200 12589 kaminibeauty.com "-" "Mozilla/5.0 AppleWebKit/537.36 (KHTML, like Gecko; compatible; Amazonbot/0.1; +https://developer.amazon.com/support/amazonbot) Chrome/119.0.6045.214 Safari/537.36" "-"
207.180.220.0 - - [30/Mar/2026:00:02:48 +0000] "POST /wp-login.php HTTP/1.1" 200 73358 www.kaminibeauty.com "https://www.kaminibeauty.com/wp-login.php" "Mozilla/5.0 (X11; Linux x86_64) AppleWebKit/537.36 (KHTML, like Gecko) Chrome/120.0.0.0 Safari/537.36" "-"
216.73.216.0 - - [30/Mar/2026:00:02:49 +0000] "GET /?fileloc=%2F%2Fkunden%2Fkunden%2Fkunden%2Fkunden%2Fkunden%2Fusr%2Fbin%2Flslogins&path=%2F%2Fkunden%2Fkunden%2Fkunden%2Fkunden%2Fkunden%2Fusr%2Fbin HTTP/1.1" 429 267 www.kaminibeauty.com "-" "Mozilla/5.0 AppleWebKit/537.36 (KHTML, like Gecko; compatible; ClaudeBot/1.0; +claudebot@anthropic.com)" "-"
40.77.167.0 - - [30/Mar/2026:00:02:49 +0000] "GET /shop/item/spangling163007842100 HTTP/1.1" 200 73358 kaminibeauty.com "-" "Mozilla/5.0 AppleWebKit/537.36 (KHTML, like Gecko; compatible; bingbot/2.0; +http://www.bing.com/bingbot.htm) Chrome/116.0.1938.76 Safari/537.36" "-"
66.249.66.0 - - [30/Mar/2026:00:02:49 +0000] "GET /shop/item/eucairite143176136314 HTTP/1.1" 200 73358 kaminibeauty.com "-" "Mozilla/5.0 (Linux; Android 6.0.1; Nexus 5X Build/MMB29P) AppleWebKit/537.36 (KHTML, like Gecko) Chrome/146.0.7680.153 Mobile Safari/537.36 (compatible; Googlebot/2.1; +http://www.google.com/bot.html)" "-"
40.77.167.0 - - [30/Mar/2026:00:02:49 +0000] "GET /shop/item/exemplarity161195444263 HTTP/1.1" 200 73358 kaminibeauty.com "-" "Mozilla/5.0 AppleWebKit/537.36 (KHTML, like Gecko; compatible; bingbot/2.0; +http://www.bing.com/bingbot.htm) Chrome/116.0.1938.76 Safari/537.36" "-"
74.7.241.0 - - [30/Mar/2026:00:02:49 +0000] "GET /?path=//kunden/kunden/kunden/kunden/kunden/kunden/proc/thread-self/root/kunden/kunden/kunden/kunden/kunden/kunden/kunden/proc/thread-self/root/kunden/etc/opt HTTP/1.1" 200 14991 www.kaminibeauty.com "http://www.kaminibeauty.com/?path=//kunden/kunden/kunden/kunden/kunden/kunden/proc/thread-self/root/kunden/kunden/kunden/kunden/kunden/kunden/kunden/proc/thread-self/root/kunden/etc" "Mozilla/5.0 AppleWebKit/537.36 (KHTML, like Gecko; compatible; GPTBot/1.3; +https://openai.com/gptbot)" "-"
66.249.66.0 - - [30/Mar/2026:00:02:50 +0000] "GET /?fileloc=//kunden/kunden/kunden/kunden/kunden/kunden/proc/thread-self/root/kunden/kunden/kunden/kunden/kunden/kunden/kunden/kunden/kunden/kunden/kunden/kunden/kunden/usr/lib/x86_64-linux-gnu/libpam.so.0&path=//kunden/kunden/kunden/kunden/kunden/kunden/proc/thread-self/root/kunden/kunden/kunden/kunden/kunden/kunden/kunden/kunden/kunden/kunden/kunden/kunden/kunden/usr/lib/x86_64-linux-gnu HTTP/1.1" 200 15357 www.kaminibeauty.com "-" "Mozilla/5.0 (Linux; Android 6.0.1; Nexus 5X Build/MMB29P) AppleWebKit/537.36 (KHTML, like Gecko) Chrome/146.0.7680.153 Mobile Safari/537.36 (compatible; Googlebot/2.1; +http://www.google.com/bot.html)" "-"
40.77.167.0 - - [30/Mar/2026:00:02:50 +0000] "GET /shop/item/colpoon17547258714 HTTP/1.1" 200 73358 kaminibeauty.com "-" "Mozilla/5.0 AppleWebKit/537.36 (KHTML, like Gecko; compatible; bingbot/2.0; +http://www.bing.com/bingbot.htm) Chrome/116.0.1938.76 Safari/537.36" "-"
40.77.167.0 - - [30/Mar/2026:00:02:50 +0000] "GET /shop/item/hockey161471474384 HTTP/1.1" 200 73358 kaminibeauty.com "-" "Mozilla/5.0 AppleWebKit/537.36 (KHTML, like Gecko; compatible; bingbot/2.0; +http://www.bing.com/bingbot.htm) Chrome/116.0.1938.76 Safari/537.36" "-"
40.77.167.0 - - [30/Mar/2026:00:02:50 +0000] "GET /shop/item/accident162424933791 HTTP/1.1" 200 73358 kaminibeauty.com "-" "Mozilla/5.0 AppleWebKit/537.36 (KHTML, like Gecko; compatible; bingbot/2.0; +http://www.bing.com/bingbot.htm) Chrome/116.0.1938.76 Safari/537.36" "-"
40.77.167.0 - - [30/Mar/2026:00:02:51 +0000] "GET /shop/item/ozonizing15482464514 HTTP/1.1" 200 73358 kaminibeauty.com "-" "Mozilla/5.0 AppleWebKit/537.36 (KHTML, like Gecko; compatible; bingbot/2.0; +http://www.bing.com/bingbot.htm) Chrome/116.0.1938.76 Safari/537.36" "-"
40.77.167.0 - - [30/Mar/2026:00:02:51 +0000] "GET /shop/item/adenalgia141400966491 HTTP/1.1" 200 73358 kaminibeauty.com "-" "Mozilla/5.0 AppleWebKit/537.36 (KHTML, like Gecko; compatible; bingbot/2.0; +http://www.bing.com/bingbot.htm) Chrome/116.0.1938.76 Safari/537.36" "-"
217.113.194.0 - - [30/Mar/2026:00:02:51 +0000] "GET /2015/06/?fileloc=//bin/bzexe&path=//bin HTTP/1.1" 200 17712 kaminibeauty.com "-" "Mozilla/5.0 (compatible; Barkrowler/0.9; +https://babbar.tech/crawler)" "-"
2a03:2880:f800:: - - [30/Mar/2026:00:02:52 +0000] "GET /shop/item/dentata161082655281?fileloc=/homepages/4/d4297730999/htdocs/wordpress/wp-admin/privacy.php&path=/homepages/4/d4297730999/htdocs/wordpress/wp-admin HTTP/1.1" 200 16040 kaminibeauty.com "-" "meta-externalagent/1.1 (+https://developers.facebook.com/docs/sharing/webmasters/crawler)" "-"
40.77.167.0 - - [30/Mar/2026:00:02:52 +0000] "GET /shop/item/hydracotherium123463096551 HTTP/1.1" 200 73358 kaminibeauty.com "-" "Mozilla/5.0 AppleWebKit/537.36 (KHTML, like Gecko; compatible; bingbot/2.0; +http://www.bing.com/bingbot.htm) Chrome/116.0.1938.76 Safari/537.36" "-"
40.77.167.0 - - [30/Mar/2026:00:02:52 +0000] "GET /shop/item/hypophysis153441736603 HTTP/1.1" 200 73358 kaminibeauty.com "-" "Mozilla/5.0 AppleWebKit/537.36 (KHTML, like Gecko; compatible; bingbot/2.0; +http://www.bing.com/bingbot.htm) Chrome/116.0.1938.76 Safari/537.36" "-"
40.77.167.0 - - [30/Mar/2026:00:02:53 +0000] "GET /shop/item/allogamous16403502551 HTTP/1.1" 200 73358 kaminibeauty.com "-" "Mozilla/5.0 AppleWebKit/537.36 (KHTML, like Gecko; compatible; bingbot/2.0; +http://www.bing.com/bingbot.htm) Chrome/116.0.1938.76 Safari/537.36" "-"
3.232.102.0 - - [30/Mar/2026:00:02:53 +0000] "GET /users.php?fileloc=//proc/sys/fs/protected_symlinks&path=//proc/sys/fs HTTP/1.1" 200 12282 www.kaminibeauty.com "-" "Mozilla/5.0 AppleWebKit/537.36 (KHTML, like Gecko; compatible; Amazonbot/0.1; +https://developer.amazon.com/support/amazonbot) Chrome/119.0.6045.214 Safari/537.36" "-"
40.77.167.0 - - [30/Mar/2026:00:02:53 +0000] "GET /shop/item/epigraphics142801298631 HTTP/1.1" 200 73358 kaminibeauty.com "-" "Mozilla/5.0 AppleWebKit/537.36 (KHTML, like Gecko; compatible; bingbot/2.0; +http://www.bing.com/bingbot.htm) Chrome/116.0.1938.76 Safari/537.36" "-"
98.84.184.0 - - [30/Mar/2026:00:02:53 +0000] "GET /?fileloc=//kunden/bin/col&path=//kunden/bin HTTP/1.1" 200 12235 kaminibeauty.com "-" "Mozilla/5.0 AppleWebKit/537.36 (KHTML, like Gecko; compatible; Amazonbot/0.1; +https://developer.amazon.com/support/amazonbot) Chrome/119.0.6045.214 Safari/537.36" "-"
40.77.167.0 - - [30/Mar/2026:00:02:53 +0000] "GET /shop/item/kanacka162131615642 HTTP/1.1" 200 73358 kaminibeauty.com "-" "Mozilla/5.0 AppleWebKit/537.36 (KHTML, like Gecko; compatible; bingbot/2.0; +http://www.bing.com/bingbot.htm) Chrome/116.0.1938.76 Safari/537.36" "-"
216.73.216.0 - - [30/Mar/2026:00:02:54 +0000] "GET /?fileloc=%2F%2Fkunden%2Fkunden%2Fkunden%2Flib%2Flocale%2Ffr_CA%2FLC_MEASUREMENT&path=%2F%2Fkunden%2Fkunden%2Fkunden%2Flib%2Flocale%2Ffr_CA HTTP/1.1" 429 267 www.kaminibeauty.com "-" "Mozilla/5.0 AppleWebKit/537.36 (KHTML, like Gecko; compatible; ClaudeBot/1.0; +claudebot@anthropic.com)" "-"
40.77.167.0 - - [30/Mar/2026:00:02:54 +0000] "GET /shop/item/kloof173793072162 HTTP/1.1" 200 73358 kaminibeauty.com "-" "Mozilla/5.0 AppleWebKit/537.36 (KHTML, like Gecko; compatible; bingbot/2.0; +http://www.bing.com/bingbot.htm) Chrome/116.0.1938.76 Safari/537.36" "-"
40.77.167.0 - - [30/Mar/2026:00:02:54 +0000] "GET /shop/item/jumbo163911890086 HTTP/1.1" 200 73358 kaminibeauty.com "-" "Mozilla/5.0 AppleWebKit/537.36 (KHTML, like Gecko; compatible; bingbot/2.0; +http://www.bing.com/bingbot.htm) Chrome/116.0.1938.76 Safari/537.36" "-"
40.77.167.0 - - [30/Mar/2026:00:02:55 +0000] "GET /shop/item/exoccipital112743405588 HTTP/1.1" 200 73358 kaminibeauty.com "-" "Mozilla/5.0 AppleWebKit/537.36 (KHTML, like Gecko; compatible; bingbot/2.0; +http://www.bing.com/bingbot.htm) Chrome/116.0.1938.76 Safari/537.36" "-"
14.239.129.0 - - [30/Mar/2026:00:02:55 +0000] "GET /shop/item/uncorrect11678197569?fileloc=%2Fhomepages%2F4%2Fd4297730999%2Fhtdocs%2Fwordpress%2Fwp-includes%2Ffeed.php&path=%2Fhomepages%2F4%2Fd4297730999%2Fhtdocs%2Fwordpress%2Fwp-includes HTTP/1.1" 200 36748 kaminibeauty.com "-" "Mozilla/5.0 (Windows NT 10.0) AppleWebKit/537.36 (KHTML, like Gecko) Chrome/88.0.4324.104 Safari/537.36" "-"
40.77.167.0 - - [30/Mar/2026:00:02:55 +0000] "GET /shop/item/incompatibility123715727351 HTTP/1.1" 200 73358 kaminibeauty.com "-" "Mozilla/5.0 AppleWebKit/537.36 (KHTML, like Gecko; compatible; bingbot/2.0; +http://www.bing.com/bingbot.htm) Chrome/116.0.1938.76 Safari/537.36" "-"
74.7.242.0 - - [30/Mar/2026:00:02:55 +0000] "GET /shop/item/trueborn13723996635?path=//mnt HTTP/1.1" 200 15177 kaminibeauty.com "https://kaminibeauty.com/shop/item/trueborn13723996635?path=/" "Mozilla/5.0 AppleWebKit/537.36 (KHTML, like Gecko; compatible; GPTBot/1.3; +https://openai.com/gptbot)" "-"
40.77.167.0 - - [30/Mar/2026:00:02:56 +0000] "GET /shop/item/potentiated16506247816 HTTP/1.1" 200 73358 kaminibeauty.com "-" "Mozilla/5.0 AppleWebKit/537.36 (KHTML, like Gecko; compatible; bingbot/2.0; +http://www.bing.com/bingbot.htm) Chrome/116.0.1938.76 Safari/537.36" "-"
66.249.76.0 - - [30/Mar/2026:00:02:56 +0000] "GET /shop/item/acoustics103997386540 HTTP/1.1" 200 73358 kaminibeauty.com "-" "Mozilla/5.0 (Linux; Android 6.0.1; Nexus 5X Build/MMB29P) AppleWebKit/537.36 (KHTML, like Gecko) Chrome/146.0.7680.153 Mobile Safari/537.36 (compatible; Googlebot/2.1; +http://www.google.com/bot.html)" "-"
40.77.167.0 - - [30/Mar/2026:00:02:56 +0000] "GET /shop/item/courtmartial15997213509 HTTP/1.1" 200 73358 kaminibeauty.com "-" "Mozilla/5.0 AppleWebKit/537.36 (KHTML, like Gecko; compatible; bingbot/2.0; +http://www.bing.com/bingbot.htm) Chrome/116.0.1938.76 Safari/537.36" "-"
40.77.167.0 - - [30/Mar/2026:00:02:56 +0000] "GET /shop/item/tolmen15664018466 HTTP/1.1" 200 73358 kaminibeauty.com "-" "Mozilla/5.0 AppleWebKit/537.36 (KHTML, like Gecko; compatible; bingbot/2.0; +http://www.bing.com/bingbot.htm) Chrome/116.0.1938.76 Safari/537.36" "-"
2a03:2880:f800:: - - [30/Mar/2026:00:02:57 +0000] "GET /shop/item/dentata161082655281?fileloc=/homepages/4/d4297730999/htdocs/wordpress/wp-admin/plugins.php&path=/homepages/4/d4297730999/htdocs/wordpress/wp-admin HTTP/1.1" 200 45398 kaminibeauty.com "-" "meta-externalagent/1.1 (+https://developers.facebook.com/docs/sharing/webmasters/crawler)" "-"
40.77.167.0 - - [30/Mar/2026:00:02:57 +0000] "GET /shop/item/hellenotype142033839159 HTTP/1.1" 200 73358 kaminibeauty.com "-" "Mozilla/5.0 AppleWebKit/537.36 (KHTML, like Gecko; compatible; bingbot/2.0; +http://www.bing.com/bingbot.htm) Chrome/116.0.1938.76 Safari/537.36" "-"
40.77.167.0 - - [30/Mar/2026:00:02:57 +0000] "GET /shop/item/careen152496962173 HTTP/1.1" 200 73358 kaminibeauty.com "-" "Mozilla/5.0 AppleWebKit/537.36 (KHTML, like Gecko; compatible; bingbot/2.0; +http://www.bing.com/bingbot.htm) Chrome/116.0.1938.76 Safari/537.36" "-"
40.77.167.0 - - [30/Mar/2026:00:02:58 +0000] "GET /shop/item/downstairs162398477599 HTTP/1.1" 200 73358 kaminibeauty.com "-" "Mozilla/5.0 AppleWebKit/537.36 (KHTML, like Gecko; compatible; bingbot/2.0; +http://www.bing.com/bingbot.htm) Chrome/116.0.1938.76 Safari/537.36" "-"
40.77.167.0 - - [30/Mar/2026:00:02:58 +0000] "GET /shop/item/mandrillus153939795820 HTTP/1.1" 200 73358 kaminibeauty.com "-" "Mozilla/5.0 AppleWebKit/537.36 (KHTML, like Gecko; compatible; bingbot/2.0; +http://www.bing.com/bingbot.htm) Chrome/116.0.1938.76 Safari/537.36" "-"
40.77.167.0 - - [30/Mar/2026:00:02:58 +0000] "GET /shop/item/ducks153525012988 HTTP/1.1" 200 73358 kaminibeauty.com "-" "Mozilla/5.0 AppleWebKit/537.36 (KHTML, like Gecko; compatible; bingbot/2.0; +http://www.bing.com/bingbot.htm) Chrome/116.0.1938.76 Safari/537.36" "-"
66.249.66.0 - - [30/Mar/2026:00:02:59 +0000] "GET /shop/item/longipennine103153724764 HTTP/1.1" 200 73358 kaminibeauty.com "-" "Mozilla/5.0 (Linux; Android 6.0.1; Nexus 5X Build/MMB29P) AppleWebKit/537.36 (KHTML, like Gecko) Chrome/146.0.7680.153 Mobile Safari/537.36 (compatible; Googlebot/2.1; +http://www.google.com/bot.html)" "-"
216.73.216.0 - - [30/Mar/2026:00:02:59 +0000] "GET /?fileloc=%2F%2Fkunden%2Fkunden%2Fkunden%2Fkunden%2Fbin%2Fpamcut&path=%2F%2Fkunden%2Fkunden%2Fkunden%2Fkunden%2Fbin HTTP/1.1" 429 267 www.kaminibeauty.com "-" "Mozilla/5.0 AppleWebKit/537.36 (KHTML, like Gecko; compatible; ClaudeBot/1.0; +claudebot@anthropic.com)" "-"
40.77.167.0 - - [30/Mar/2026:00:02:59 +0000] "GET /shop/item/summing173739458565 HTTP/1.1" 200 73358 kaminibeauty.com "-" "Mozilla/5.0 AppleWebKit/537.36 (KHTML, like Gecko; compatible; bingbot/2.0; +http://www.bing.com/bingbot.htm) Chrome/116.0.1938.76 Safari/537.36" "-"
40.77.167.0 - - [30/Mar/2026:00:02:59 +0000] "GET /shop/item/authenticity131897384322 HTTP/1.1" 200 73358 kaminibeauty.com "-" "Mozilla/5.0 AppleWebKit/537.36 (KHTML, like Gecko; compatible; bingbot/2.0; +http://www.bing.com/bingbot.htm) Chrome/116.0.1938.76 Safari/537.36" "-"
40.77.167.0 - - [30/Mar/2026:00:03:00 +0000] "GET /shop/item/mutability114126213983 HTTP/1.1" 200 73358 kaminibeauty.com "-" "Mozilla/5.0 AppleWebKit/537.36 (KHTML, like Gecko; compatible; bingbot/2.0; +http://www.bing.com/bingbot.htm) Chrome/116.0.1938.76 Safari/537.36" "-"
34.196.237.0 - - [30/Mar/2026:00:03:00 +0000] "GET /wp-login.php?fileloc=//proc/thread-self/root/usr/lib/locale/ru_RU/LC_TIME&path=//proc/thread-self/root/usr/lib/locale/ru_RU HTTP/1.1" 200 12575 kaminibeauty.com "-" "Mozilla/5.0 AppleWebKit/537.36 (KHTML, like Gecko; compatible; Amazonbot/0.1; +https://developer.amazon.com/support/amazonbot) Chrome/119.0.6045.214 Safari/537.36" "-"
40.77.167.0 - - [30/Mar/2026:00:03:00 +0000] "GET /shop/item/astrachan152270528888 HTTP/1.1" 200 73358 kaminibeauty.com "-" "Mozilla/5.0 AppleWebKit/537.36 (KHTML, like Gecko; compatible; bingbot/2.0; +http://www.bing.com/bingbot.htm) Chrome/116.0.1938.76 Safari/537.36" "-"
40.77.167.0 - - [30/Mar/2026:00:03:00 +0000] "GET /shop/item/habiture131285758330 HTTP/1.1" 200 73358 kaminibeauty.com "-" "Mozilla/5.0 AppleWebKit/537.36 (KHTML, like Gecko; compatible; bingbot/2.0; +http://www.bing.com/bingbot.htm) Chrome/116.0.1938.76 Safari/537.36" "-"
40.77.167.0 - - [30/Mar/2026:00:03:01 +0000] "GET /shop/item/allowedly161684395065 HTTP/1.1" 200 73358 kaminibeauty.com "-" "Mozilla/5.0 AppleWebKit/537.36 (KHTML, like Gecko; compatible; bingbot/2.0; +http://www.bing.com/bingbot.htm) Chrome/116.0.1938.76 Safari/537.36" "-"
2a03:2880:f800:: - - [30/Mar/2026:00:03:01 +0000] "GET /shop/item/dentata161082655281?fileloc=/homepages/4/d4297730999/htdocs/wordpress/wp-admin/ms-themes.php&path=/homepages/4/d4297730999/htdocs/wordpress/wp-admin HTTP/1.1" 200 12774 kaminibeauty.com "-" "meta-externalagent/1.1 (+https://developers.facebook.com/docs/sharing/webmasters/crawler)" "-"
66.249.66.0 - - [30/Mar/2026:00:03:02 +0000] "GET /shop/item/perdix10203025660 HTTP/1.1" 200 73358 kaminibeauty.com "-" "Mozilla/5.0 (Linux; Android 6.0.1; Nexus 5X Build/MMB29P) AppleWebKit/537.36 (KHTML, like Gecko) Chrome/146.0.7680.153 Mobile Safari/537.36 (compatible; Googlebot/2.1; +http://www.google.com/bot.html)" "-"
18.214.238.0 - - [30/Mar/2026:00:03:03 +0000] "GET /?fileloc=//proc/self/root/bin/debconf&path=//proc/self/root/bin HTTP/1.1" 200 15375 www.kaminibeauty.com "-" "Mozilla/5.0 AppleWebKit/537.36 (KHTML, like Gecko; compatible; Amazonbot/0.1; +https://developer.amazon.com/support/amazonbot) Chrome/119.0.6045.214 Safari/537.36" "-"
202.76.180.0 - - [30/Mar/2026:00:03:03 +0000] "GET /eye-and-brow-enhancements/?fileloc=//etc/alternatives/import.1.gz HTTP/1.1" 200 12440 kaminibeauty.com "-" "Mozilla/5.0 (Macintosh; Intel Mac OS X 14_5_1) AppleWebKit/537.36 (KHTML, like Gecko) Chrome/130.0.6723.191 Safari/537.36" "-"
217.113.194.0 - - [30/Mar/2026:00:03:04 +0000] "GET /2015/06/?fileloc=//bin/gzip&path=//bin HTTP/1.1" 200 12186 kaminibeauty.com "-" "Mozilla/5.0 (compatible; Barkrowler/0.9; +https://babbar.tech/crawler)" "-"
