40.77.167.0 - - [30/Mar/2026:00:19:29 +0000] "GET /shop/item/muskets144293496414 HTTP/1.1" 200 73358 kaminibeauty.com "-" "Mozilla/5.0 AppleWebKit/537.36 (KHTML, like Gecko; compatible; bingbot/2.0; +http://www.bing.com/bingbot.htm) Chrome/116.0.1938.76 Safari/537.36" "-"
40.77.167.0 - - [30/Mar/2026:00:19:29 +0000] "GET /shop/item/panicum143492011475 HTTP/1.1" 200 73358 kaminibeauty.com "-" "Mozilla/5.0 AppleWebKit/537.36 (KHTML, like Gecko; compatible; bingbot/2.0; +http://www.bing.com/bingbot.htm) Chrome/116.0.1938.76 Safari/537.36" "-"
40.77.167.0 - - [30/Mar/2026:00:19:30 +0000] "GET /shop/item/leaved161790848885 HTTP/1.1" 200 73358 kaminibeauty.com "-" "Mozilla/5.0 AppleWebKit/537.36 (KHTML, like Gecko; compatible; bingbot/2.0; +http://www.bing.com/bingbot.htm) Chrome/116.0.1938.76 Safari/537.36" "-"
54.166.104.0 - - [30/Mar/2026:00:19:30 +0000] "GET /?fileloc=//kunden/usr/include/mtd/nftl-user.h&path=//kunden/usr/include/mtd HTTP/1.1" 200 14481 www.kaminibeauty.com "-" "Mozilla/5.0 AppleWebKit/537.36 (KHTML, like Gecko; compatible; Amazonbot/0.1; +https://developer.amazon.com/support/amazonbot) Chrome/119.0.6045.214 Safari/537.36" "-"
54.166.104.0 - - [30/Mar/2026:00:19:30 +0000] "GET /wp-login.php?fileloc=//proc/thread-self/root/usr/lib/locale/nl_NL@euro/LC_NUMERIC&path=//proc/thread-self/root/usr/lib/locale/nl_NL@euro HTTP/1.1" 200 12658 kaminibeauty.com "-" "Mozilla/5.0 AppleWebKit/537.36 (KHTML, like Gecko; compatible; Amazonbot/0.1; +https://developer.amazon.com/support/amazonbot) Chrome/119.0.6045.214 Safari/537.36" "-"
40.77.167.0 - - [30/Mar/2026:00:19:30 +0000] "GET /shop/item/misrepresenter113601939756 HTTP/1.1" 200 73358 kaminibeauty.com "-" "Mozilla/5.0 AppleWebKit/537.36 (KHTML, like Gecko; compatible; bingbot/2.0; +http://www.bing.com/bingbot.htm) Chrome/116.0.1938.76 Safari/537.36" "-"
216.73.216.0 - - [30/Mar/2026:00:19:31 +0000] "GET /?fileloc=%2F%2Fkunden%2Fkunden%2Fkunden%2Flib%2Flocale%2Fgez_ET%2FLC_ADDRESS&path=%2F%2Fkunden%2Fkunden%2Fkunden%2Flib%2Flocale%2Fgez_ET HTTP/1.1" 429 267 www.kaminibeauty.com "-" "Mozilla/5.0 AppleWebKit/537.36 (KHTML, like Gecko; compatible; ClaudeBot/1.0; +claudebot@anthropic.com)" "-"
40.77.167.0 - - [30/Mar/2026:00:19:31 +0000] "GET /shop/item/sterculia164026860557 HTTP/1.1" 200 73358 kaminibeauty.com "-" "Mozilla/5.0 AppleWebKit/537.36 (KHTML, like Gecko; compatible; bingbot/2.0; +http://www.bing.com/bingbot.htm) Chrome/116.0.1938.76 Safari/537.36" "-"
66.249.66.0 - - [30/Mar/2026:00:19:32 +0000] "GET /shop/item/unstock131330860409 HTTP/1.1" 200 73358 kaminibeauty.com "-" "Mozilla/5.0 (Linux; Android 6.0.1; Nexus 5X Build/MMB29P) AppleWebKit/537.36 (KHTML, like Gecko) Chrome/146.0.7680.153 Mobile Safari/537.36 (compatible; Googlebot/2.1; +http://www.google.com/bot.html)" "-"
207.180.220.0 - - [30/Mar/2026:00:19:33 +0000] "POST /wp-login.php HTTP/1.1" 200 73358 www.kaminibeauty.com "https://www.kaminibeauty.com/wp-login.php" "Mozilla/5.0 (Windows NT 11.0; Win64; x64) AppleWebKit/537.36 (KHTML, like Gecko) Chrome/121.0.0.0 Safari/537.36" "-"
66.249.66.0 - - [30/Mar/2026:00:19:34 +0000] "GET /shop/item/acicular163957265541 HTTP/1.1" 200 73358 kaminibeauty.com "-" "Mozilla/5.0 (Linux; Android 6.0.1; Nexus 5X Build/MMB29P) AppleWebKit/537.36 (KHTML, like Gecko) Chrome/146.0.7680.153 Mobile Safari/537.36 (compatible; Googlebot/2.1; +http://www.google.com/bot.html)" "-"
216.73.216.0 - - [30/Mar/2026:00:19:36 +0000] "GET /?fileloc=%2F%2Fkunden%2Fkunden%2Fkunden%2Flib%2Flocale%2Fbe_BY%40latin%2FLC_ADDRESS&path=%2F%2Fkunden%2Fkunden%2Fkunden%2Flib%2Flocale%2Fbe_BY%40latin HTTP/1.1" 429 267 www.kaminibeauty.com "-" "Mozilla/5.0 AppleWebKit/537.36 (KHTML, like Gecko; compatible; ClaudeBot/1.0; +claudebot@anthropic.com)" "-"
3.216.227.0 - - [30/Mar/2026:00:19:36 +0000] "GET /?fileloc=//kunden/usr/lib/aspell/en_AU-variant_0.multi&path=//kunden/usr/lib/aspell HTTP/1.1" 200 12449 www.kaminibeauty.com "-" "Mozilla/5.0 AppleWebKit/537.36 (KHTML, like Gecko; compatible; Amazonbot/0.1; +https://developer.amazon.com/support/amazonbot) Chrome/119.0.6045.214 Safari/537.36" "-"
2a03:2880:f800:: - - [30/Mar/2026:00:19:36 +0000] "GET /shop/item/dentata161082655281?fileloc=/homepages/4/d4297730999/htdocs/wordpress/wp-content/index.php&path=/homepages/4/d4297730999/htdocs/wordpress/wp-content HTTP/1.1" 200 12556 kaminibeauty.com "-" "meta-externalagent/1.1 (+https://developers.facebook.com/docs/sharing/webmasters/crawler)" "-"
66.249.66.0 - - [30/Mar/2026:00:19:36 +0000] "GET /shop/item/ornithichnite174186919193 HTTP/1.1" 200 73358 kaminibeauty.com "-" "Mozilla/5.0 (Linux; Android 6.0.1; Nexus 5X Build/MMB29P) AppleWebKit/537.36 (KHTML, like Gecko) Chrome/146.0.7680.153 Mobile Safari/537.36 (compatible; Googlebot/2.1; +http://www.google.com/bot.html)" "-"
217.113.194.0 - - [30/Mar/2026:00:19:38 +0000] "GET /products-services/products/?fileloc=//bin/du&path=//bin HTTP/1.1" 200 12184 kaminibeauty.com "-" "Mozilla/5.0 (compatible; Barkrowler/0.9; +https://babbar.tech/crawler)" "-"
14.249.117.0 - - [30/Mar/2026:00:19:38 +0000] "GET /eye-and-brow-enhancements/?fileloc=//lib/x86_64-linux-gnu/libcc1.so.0 HTTP/1.1" 200 12444 kaminibeauty.com "-" "Mozilla/5.0 (Macintosh; Intel Mac OS X 15_1_1) AppleWebKit/537.36 (KHTML, like Gecko) Chrome/133.0.6943.53 Safari/537.36" "-"
66.249.76.0 - - [30/Mar/2026:00:19:38 +0000] "GET /shop/item/timbre133114593586 HTTP/1.1" 200 73358 kaminibeauty.com "-" "Mozilla/5.0 (Linux; Android 6.0.1; Nexus 5X Build/MMB29P) AppleWebKit/537.36 (KHTML, like Gecko) Chrome/146.0.7680.153 Mobile Safari/537.36 (compatible; Googlebot/2.1; +http://www.google.com/bot.html)" "-"
98.83.94.0 - - [30/Mar/2026:00:19:38 +0000] "GET /?fileloc=//kunden/bin/vi&path=//kunden/bin HTTP/1.1" 200 12234 kaminibeauty.com "-" "Mozilla/5.0 AppleWebKit/537.36 (KHTML, like Gecko; compatible; Amazonbot/0.1; +https://developer.amazon.com/support/amazonbot) Chrome/119.0.6045.214 Safari/537.36" "-"
216.73.216.0 - - [30/Mar/2026:00:19:41 +0000] "GET /?fileloc=%2F%2Fkunden%2Fkunden%2Fhomepages%2F22%2Fd4298247735%2Flast_traffic&path=%2F%2Fkunden%2Fkunden%2Fhomepages%2F22%2Fd4298247735 HTTP/1.1" 429 267 www.kaminibeauty.com "-" "Mozilla/5.0 AppleWebKit/537.36 (KHTML, like Gecko; compatible; ClaudeBot/1.0; +claudebot@anthropic.com)" "-"
52.2.83.0 - - [30/Mar/2026:00:19:42 +0000] "GET /wp-login.php?fileloc=//proc/self/root/lib/locale/bo_CN/LC_IDENTIFICATION&path=//proc/self/root/lib/locale/bo_CN HTTP/1.1" 200 12468 kaminibeauty.com "-" "Mozilla/5.0 AppleWebKit/537.36 (KHTML, like Gecko; compatible; Amazonbot/0.1; +https://developer.amazon.com/support/amazonbot) Chrome/119.0.6045.214 Safari/537.36" "-"
74.7.241.0 - - [30/Mar/2026:00:19:44 +0000] "GET /?path=//kunden/kunden/kunden/kunden/kunden/kunden/proc/thread-self/root/kunden/kunden/kunden/kunden/kunden/kunden/kunden/kunden/kunden/lib/klibc HTTP/1.1" 429 267 www.kaminibeauty.com "http://www.kaminibeauty.com/?path=//kunden/kunden/kunden/kunden/kunden/kunden/proc/thread-self/root/kunden/kunden/kunden/kunden/kunden/kunden/kunden/kunden/kunden/lib" "Mozilla/5.0 AppleWebKit/537.36 (KHTML, like Gecko; compatible; GPTBot/1.3; +https://openai.com/gptbot)" "-"
207.180.220.0 - - [30/Mar/2026:00:19:45 +0000] "POST /wp-login.php HTTP/1.1" 200 73358 www.kaminibeauty.com "https://www.kaminibeauty.com/wp-login.php" "Mozilla/5.0 (Windows NT 11.0; Win64; x64) AppleWebKit/537.36 (KHTML, like Gecko) Chrome/121.0.0.0 Safari/537.36" "-"
216.73.216.0 - - [30/Mar/2026:00:19:46 +0000] "GET /?fileloc=%2F%2Fkunden%2Fkunden%2Fkunden%2Fkunden%2Fusr%2Flib%2Flocale%2Flzh_TW%2FLC_CTYPE&path=%2F%2Fkunden%2Fkunden%2Fkunden%2Fkunden%2Fusr%2Flib%2Flocale%2Flzh_TW HTTP/1.1" 429 267 www.kaminibeauty.com "-" "Mozilla/5.0 AppleWebKit/537.36 (KHTML, like Gecko; compatible; ClaudeBot/1.0; +claudebot@anthropic.com)" "-"
54.243.63.0 - - [30/Mar/2026:00:19:48 +0000] "GET /users.php?fileloc=//proc/thread-self/cwd/networks.php&path=//proc/thread-self/cwd HTTP/1.1" 200 12311 www.kaminibeauty.com "-" "Mozilla/5.0 AppleWebKit/537.36 (KHTML, like Gecko; compatible; Amazonbot/0.1; +https://developer.amazon.com/support/amazonbot) Chrome/119.0.6045.214 Safari/537.36" "-"
52.167.144.0 - - [30/Mar/2026:00:19:50 +0000] "GET /shop/item/riprapped141394531780?path=//lib/locale/mt_MT HTTP/1.1" 200 29921 kaminibeauty.com "-" "Mozilla/5.0 AppleWebKit/537.36 (KHTML, like Gecko; compatible; bingbot/2.0; +http://www.bing.com/bingbot.htm) Chrome/116.0.1938.76 Safari/537.36" "-"
66.249.66.0 - - [30/Mar/2026:00:19:50 +0000] "GET /shop/item/synapta113924296950 HTTP/1.1" 200 73358 kaminibeauty.com "-" "Mozilla/5.0 (Linux; Android 6.0.1; Nexus 5X Build/MMB29P) AppleWebKit/537.36 (KHTML, like Gecko) Chrome/146.0.7680.153 Mobile Safari/537.36 (compatible; Googlebot/2.1; +http://www.google.com/bot.html)" "-"
52.167.144.0 - - [30/Mar/2026:00:19:50 +0000] "GET /shop/item/riprapped141394531780?fileloc=//kunden/bin/lzma&path=//kunden/bin HTTP/1.1" 200 12236 kaminibeauty.com "-" "Mozilla/5.0 AppleWebKit/537.36 (KHTML, like Gecko; compatible; bingbot/2.0; +http://www.bing.com/bingbot.htm) Chrome/116.0.1938.76 Safari/537.36" "-"
217.113.194.0 - - [30/Mar/2026:00:19:50 +0000] "GET /products-services/products/?fileloc=//bin/info&path=//bin HTTP/1.1" 200 12186 kaminibeauty.com "-" "Mozilla/5.0 (compatible; Barkrowler/0.9; +https://babbar.tech/crawler)" "-"
2a03:2880:f800:: - - [30/Mar/2026:00:19:50 +0000] "GET /shop/item/evanesced161305882940?path=/homepages/4/d4297730999/htdocs/wordpress/ALFA%20TEAM HTTP/1.1" 200 15989 kaminibeauty.com "-" "meta-externalagent/1.1 (+https://developers.facebook.com/docs/sharing/webmasters/crawler)" "-"
52.167.144.0 - - [30/Mar/2026:00:19:50 +0000] "GET /shop/item/calliope123064360321 HTTP/1.1" 200 73358 kaminibeauty.com "-" "Mozilla/5.0 AppleWebKit/537.36 (KHTML, like Gecko; compatible; bingbot/2.0; +http://www.bing.com/bingbot.htm) Chrome/116.0.1938.76 Safari/537.36" "-"
216.73.216.0 - - [30/Mar/2026:00:19:51 +0000] "GET /?fileloc=%2F%2Fkunden%2Fkunden%2Fkunden%2Fkunden%2Fkunden%2Fbin%2Fnsupdate&path=%2F%2Fkunden%2Fkunden%2Fkunden%2Fkunden%2Fkunden%2Fbin HTTP/1.1" 200 12510 www.kaminibeauty.com "-" "Mozilla/5.0 AppleWebKit/537.36 (KHTML, like Gecko; compatible; ClaudeBot/1.0; +claudebot@anthropic.com)" "-"
52.167.144.0 - - [30/Mar/2026:00:19:51 +0000] "GET /shop/item/stifling16213210227 HTTP/1.1" 200 73358 kaminibeauty.com "-" "Mozilla/5.0 AppleWebKit/537.36 (KHTML, like Gecko; compatible; bingbot/2.0; +http://www.bing.com/bingbot.htm) Chrome/116.0.1938.76 Safari/537.36" "-"
52.167.144.0 - - [30/Mar/2026:00:19:51 +0000] "GET /shop/item/herbaceum123359130586 HTTP/1.1" 200 73358 kaminibeauty.com "-" "Mozilla/5.0 AppleWebKit/537.36 (KHTML, like Gecko; compatible; bingbot/2.0; +http://www.bing.com/bingbot.htm) Chrome/116.0.1938.76 Safari/537.36" "-"
54.159.18.0 - - [30/Mar/2026:00:19:52 +0000] "GET /wp-login.php?fileloc=//proc/self/root/kunden/lib/locale/en_HK/LC_NAME&path=//proc/self/root/kunden/lib/locale/en_HK HTTP/1.1" 200 12614 kaminibeauty.com "-" "Mozilla/5.0 AppleWebKit/537.36 (KHTML, like Gecko; compatible; Amazonbot/0.1; +https://developer.amazon.com/support/amazonbot) Chrome/119.0.6045.214 Safari/537.36" "-"
52.167.144.0 - - [30/Mar/2026:00:19:53 +0000] "GET /shop/item/fahlunite173572036990 HTTP/1.1" 200 73358 kaminibeauty.com "-" "Mozilla/5.0 AppleWebKit/537.36 (KHTML, like Gecko; compatible; bingbot/2.0; +http://www.bing.com/bingbot.htm) Chrome/116.0.1938.76 Safari/537.36" "-"
157.55.39.0 - - [30/Mar/2026:00:19:54 +0000] "GET /robots.txt HTTP/1.1" 200 382 kaminibeauty.com "-" "Mozilla/5.0 AppleWebKit/537.36 (KHTML, like Gecko; compatible; bingbot/2.0; +http://www.bing.com/bingbot.htm) Chrome/116.0.1938.76 Safari/537.36" "-"
52.167.144.0 - - [30/Mar/2026:00:19:54 +0000] "GET /shop/item/tampios114193519945 HTTP/1.1" 200 73358 kaminibeauty.com "-" "Mozilla/5.0 AppleWebKit/537.36 (KHTML, like Gecko; compatible; bingbot/2.0; +http://www.bing.com/bingbot.htm) Chrome/116.0.1938.76 Safari/537.36" "-"
3.212.86.0 - - [30/Mar/2026:00:19:54 +0000] "GET /?fileloc=//proc/self/root/bin/parallel&path=//proc/self/root/bin HTTP/1.1" 429 267 www.kaminibeauty.com "-" "Mozilla/5.0 AppleWebKit/537.36 (KHTML, like Gecko; compatible; Amazonbot/0.1; +https://developer.amazon.com/support/amazonbot) Chrome/119.0.6045.214 Safari/537.36" "-"
52.167.144.0 - - [30/Mar/2026:00:19:54 +0000] "GET /shop/item/permeation171019197445 HTTP/1.1" 200 73358 kaminibeauty.com "-" "Mozilla/5.0 AppleWebKit/537.36 (KHTML, like Gecko; compatible; bingbot/2.0; +http://www.bing.com/bingbot.htm) Chrome/116.0.1938.76 Safari/537.36" "-"
52.167.144.0 - - [30/Mar/2026:00:19:55 +0000] "GET /shop/item/composing111224206681 HTTP/1.1" 200 73358 kaminibeauty.com "-" "Mozilla/5.0 AppleWebKit/537.36 (KHTML, like Gecko; compatible; bingbot/2.0; +http://www.bing.com/bingbot.htm) Chrome/116.0.1938.76 Safari/537.36" "-"
52.167.144.0 - - [30/Mar/2026:00:19:55 +0000] "GET /shop/item/boathouse17873565860 HTTP/1.1" 200 73358 kaminibeauty.com "-" "Mozilla/5.0 AppleWebKit/537.36 (KHTML, like Gecko; compatible; bingbot/2.0; +http://www.bing.com/bingbot.htm) Chrome/116.0.1938.76 Safari/537.36" "-"
52.167.144.0 - - [30/Mar/2026:00:19:56 +0000] "GET /shop/item/proostraca114236801992 HTTP/1.1" 200 73358 kaminibeauty.com "-" "Mozilla/5.0 AppleWebKit/537.36 (KHTML, like Gecko; compatible; bingbot/2.0; +http://www.bing.com/bingbot.htm) Chrome/116.0.1938.76 Safari/537.36" "-"
216.73.216.0 - - [30/Mar/2026:00:19:56 +0000] "GET /?fileloc=%2F%2Fkunden%2Fkunden%2Fkunden%2Fkunden%2Fkunden%2Fbin%2Fpphs&path=%2F%2Fkunden%2Fkunden%2Fkunden%2Fkunden%2Fkunden%2Fbin HTTP/1.1" 200 12980 www.kaminibeauty.com "-" "Mozilla/5.0 AppleWebKit/537.36 (KHTML, like Gecko; compatible; ClaudeBot/1.0; +claudebot@anthropic.com)" "-"
52.167.144.0 - - [30/Mar/2026:00:19:56 +0000] "GET /shop/item/chalazogamy113745911266 HTTP/1.1" 200 73358 kaminibeauty.com "-" "Mozilla/5.0 AppleWebKit/537.36 (KHTML, like Gecko; compatible; bingbot/2.0; +http://www.bing.com/bingbot.htm) Chrome/116.0.1938.76 Safari/537.36" "-"
66.249.66.0 - - [30/Mar/2026:00:19:56 +0000] "GET /shop/item/chump10678576339 HTTP/1.1" 200 73358 kaminibeauty.com "-" "Mozilla/5.0 (Linux; Android 6.0.1; Nexus 5X Build/MMB29P) AppleWebKit/537.36 (KHTML, like Gecko) Chrome/146.0.7680.153 Mobile Safari/537.36 (compatible; Googlebot/2.1; +http://www.google.com/bot.html)" "-"
52.167.144.0 - - [30/Mar/2026:00:19:56 +0000] "GET /shop/item/chitin17246193810 HTTP/1.1" 200 73358 kaminibeauty.com "-" "Mozilla/5.0 AppleWebKit/537.36 (KHTML, like Gecko; compatible; bingbot/2.0; +http://www.bing.com/bingbot.htm) Chrome/116.0.1938.76 Safari/537.36" "-"
52.167.144.0 - - [30/Mar/2026:00:19:57 +0000] "GET /shop/item/myelencephalon132294254560 HTTP/1.1" 200 73358 kaminibeauty.com "-" "Mozilla/5.0 AppleWebKit/537.36 (KHTML, like Gecko; compatible; bingbot/2.0; +http://www.bing.com/bingbot.htm) Chrome/116.0.1938.76 Safari/537.36" "-"
207.180.220.0 - - [30/Mar/2026:00:19:57 +0000] "POST /wp-login.php HTTP/1.1" 200 73358 www.kaminibeauty.com "https://www.kaminibeauty.com/wp-login.php" "Mozilla/5.0 (Windows NT 11.0; Win64; x64) AppleWebKit/537.36 (KHTML, like Gecko) Chrome/121.0.0.0 Safari/537.36" "-"
52.167.144.0 - - [30/Mar/2026:00:19:57 +0000] "GET /shop/item/twink14550842485 HTTP/1.1" 200 73358 kaminibeauty.com "-" "Mozilla/5.0 AppleWebKit/537.36 (KHTML, like Gecko; compatible; bingbot/2.0; +http://www.bing.com/bingbot.htm) Chrome/116.0.1938.76 Safari/537.36" "-"
52.203.152.0 - - [30/Mar/2026:00:19:58 +0000] "GET /?fileloc=//proc/sys/mars/tcp_tuning_0_meta_traffic/tcp_window_size&path=//proc/sys/mars/tcp_tuning_0_meta_traffic HTTP/1.1" 429 267 www.kaminibeauty.com "-" "Mozilla/5.0 AppleWebKit/537.36 (KHTML, like Gecko; compatible; Amazonbot/0.1; +https://developer.amazon.com/support/amazonbot) Chrome/119.0.6045.214 Safari/537.36" "-"
66.249.66.0 - - [30/Mar/2026:00:19:58 +0000] "GET /?fileloc=/homepages/4/d4297730999/htdocs/wordpress/item.php?shop/item/countywide411816440607 HTTP/1.1" 200 12493 kaminibeauty.com "-" "Mozilla/5.0 (Linux; Android 6.0.1; Nexus 5X Build/MMB29P) AppleWebKit/537.36 (KHTML, like Gecko) Chrome/146.0.7680.164 Mobile Safari/537.36 (compatible; Googlebot/2.1; +http://www.google.com/bot.html)" "-"
52.167.144.0 - - [30/Mar/2026:00:19:58 +0000] "GET /shop/item/heterotaxy133412438552 HTTP/1.1" 200 73358 kaminibeauty.com "-" "Mozilla/5.0 AppleWebKit/537.36 (KHTML, like Gecko; compatible; bingbot/2.0; +http://www.bing.com/bingbot.htm) Chrome/116.0.1938.76 Safari/537.36" "-"
74.7.242.0 - - [30/Mar/2026:00:19:58 +0000] "GET /shop/item/analogic16730913536?path=//etc/ld.so.conf.d HTTP/1.1" 200 15581 kaminibeauty.com "https://kaminibeauty.com/shop/item/analogic16730913536?path=//etc" "Mozilla/5.0 AppleWebKit/537.36 (KHTML, like Gecko; compatible; GPTBot/1.3; +https://openai.com/gptbot)" "-"
52.167.144.0 - - [30/Mar/2026:00:19:58 +0000] "GET /shop/item/recoin162070390271 HTTP/1.1" 200 73358 kaminibeauty.com "-" "Mozilla/5.0 AppleWebKit/537.36 (KHTML, like Gecko; compatible; bingbot/2.0; +http://www.bing.com/bingbot.htm) Chrome/116.0.1938.76 Safari/537.36" "-"
52.167.144.0 - - [30/Mar/2026:00:19:59 +0000] "GET /shop/item/buoyancies13237352771 HTTP/1.1" 200 73358 kaminibeauty.com "-" "Mozilla/5.0 AppleWebKit/537.36 (KHTML, like Gecko; compatible; bingbot/2.0; +http://www.bing.com/bingbot.htm) Chrome/116.0.1938.76 Safari/537.36" "-"
52.167.144.0 - - [30/Mar/2026:00:19:59 +0000] "GET /shop/item/syrtis142582451945 HTTP/1.1" 200 73358 kaminibeauty.com "-" "Mozilla/5.0 AppleWebKit/537.36 (KHTML, like Gecko; compatible; bingbot/2.0; +http://www.bing.com/bingbot.htm) Chrome/116.0.1938.76 Safari/537.36" "-"
52.167.144.0 - - [30/Mar/2026:00:19:59 +0000] "GET /shop/item/exequies153629959154 HTTP/1.1" 200 73358 kaminibeauty.com "-" "Mozilla/5.0 AppleWebKit/537.36 (KHTML, like Gecko; compatible; bingbot/2.0; +http://www.bing.com/bingbot.htm) Chrome/116.0.1938.76 Safari/537.36" "-"
52.167.144.0 - - [30/Mar/2026:00:20:00 +0000] "GET /shop/item/rupial152574734215 HTTP/1.1" 200 73358 kaminibeauty.com "-" "Mozilla/5.0 AppleWebKit/537.36 (KHTML, like Gecko; compatible; bingbot/2.0; +http://www.bing.com/bingbot.htm) Chrome/116.0.1938.76 Safari/537.36" "-"
52.167.144.0 - - [30/Mar/2026:00:20:00 +0000] "GET /shop/item/remarked17636130256 HTTP/1.1" 200 73358 kaminibeauty.com "-" "Mozilla/5.0 AppleWebKit/537.36 (KHTML, like Gecko; compatible; bingbot/2.0; +http://www.bing.com/bingbot.htm) Chrome/116.0.1938.76 Safari/537.36" "-"
52.167.144.0 - - [30/Mar/2026:00:20:00 +0000] "GET /shop/item/endurer143069697338 HTTP/1.1" 200 73358 kaminibeauty.com "-" "Mozilla/5.0 AppleWebKit/537.36 (KHTML, like Gecko; compatible; bingbot/2.0; +http://www.bing.com/bingbot.htm) Chrome/116.0.1938.76 Safari/537.36" "-"
216.73.216.0 - - [30/Mar/2026:00:20:01 +0000] "GET /?fileloc=%2F%2Fkunden%2Fkunden%2Fkunden%2Fkunden%2Fkunden%2Fbin%2Fcorelist&path=%2F%2Fkunden%2Fkunden%2Fkunden%2Fkunden%2Fkunden%2Fbin HTTP/1.1" 200 28804 www.kaminibeauty.com "-" "Mozilla/5.0 AppleWebKit/537.36 (KHTML, like Gecko; compatible; ClaudeBot/1.0; +claudebot@anthropic.com)" "-"
52.167.144.0 - - [30/Mar/2026:00:20:01 +0000] "GET /shop/item/downstage153976671521 HTTP/1.1" 200 73358 kaminibeauty.com "-" "Mozilla/5.0 AppleWebKit/537.36 (KHTML, like Gecko; compatible; bingbot/2.0; +http://www.bing.com/bingbot.htm) Chrome/116.0.1938.76 Safari/537.36" "-"
52.167.144.0 - - [30/Mar/2026:00:20:01 +0000] "GET /shop/item/chloasma1557133303 HTTP/1.1" 200 73358 kaminibeauty.com "-" "Mozilla/5.0 AppleWebKit/537.36 (KHTML, like Gecko; compatible; bingbot/2.0; +http://www.bing.com/bingbot.htm) Chrome/116.0.1938.76 Safari/537.36" "-"
2a03:2880:f800:: - - [30/Mar/2026:00:20:02 +0000] "GET /shop/item/adonidum141849495836?path=/homepages/4/d4297730999/htdocs/wordpress/ALFA%20TEAM HTTP/1.1" 200 15989 kaminibeauty.com "-" "meta-externalagent/1.1 (+https://developers.facebook.com/docs/sharing/webmasters/crawler)" "-"
52.167.144.0 - - [30/Mar/2026:00:20:02 +0000] "GET /shop/item/rewardful17128000016 HTTP/1.1" 200 73358 kaminibeauty.com "-" "Mozilla/5.0 AppleWebKit/537.36 (KHTML, like Gecko; compatible; bingbot/2.0; +http://www.bing.com/bingbot.htm) Chrome/116.0.1938.76 Safari/537.36" "-"
3.226.106.0 - - [30/Mar/2026:00:20:02 +0000] "GET /wp-login.php?fileloc=//kunden/proc/thread-self/root/kunden/usr/bin/ppmtopgm&path=//kunden/proc/thread-self/root/kunden/usr/bin HTTP/1.1" 429 267 kaminibeauty.com "-" "Mozilla/5.0 AppleWebKit/537.36 (KHTML, like Gecko; compatible; Amazonbot/0.1; +https://developer.amazon.com/support/amazonbot) Chrome/119.0.6045.214 Safari/537.36" "-"
52.167.144.0 - - [30/Mar/2026:00:20:02 +0000] "GET /shop/item/channel163334453359 HTTP/1.1" 200 73358 kaminibeauty.com "-" "Mozilla/5.0 AppleWebKit/537.36 (KHTML, like Gecko; compatible; bingbot/2.0; +http://www.bing.com/bingbot.htm) Chrome/116.0.1938.76 Safari/537.36" "-"
217.113.194.0 - - [30/Mar/2026:00:20:02 +0000] "GET /products-services/products/?fileloc=//bin/id&path=//bin HTTP/1.1" 200 12184 kaminibeauty.com "-" "Mozilla/5.0 (compatible; Barkrowler/0.9; +https://babbar.tech/crawler)" "-"
52.167.144.0 - - [30/Mar/2026:00:20:03 +0000] "GET /shop/item/outandout151143590132 HTTP/1.1" 200 73358 kaminibeauty.com "-" "Mozilla/5.0 AppleWebKit/537.36 (KHTML, like Gecko; compatible; bingbot/2.0; +http://www.bing.com/bingbot.htm) Chrome/116.0.1938.76 Safari/537.36" "-"
52.167.144.0 - - [30/Mar/2026:00:20:03 +0000] "GET /shop/item/hospitium172356762018 HTTP/1.1" 200 73358 kaminibeauty.com "-" "Mozilla/5.0 AppleWebKit/537.36 (KHTML, like Gecko; compatible; bingbot/2.0; +http://www.bing.com/bingbot.htm) Chrome/116.0.1938.76 Safari/537.36" "-"
52.167.144.0 - - [30/Mar/2026:00:20:03 +0000] "GET /shop/item/whitwall162494710043 HTTP/1.1" 200 73358 kaminibeauty.com "-" "Mozilla/5.0 AppleWebKit/537.36 (KHTML, like Gecko; compatible; bingbot/2.0; +http://www.bing.com/bingbot.htm) Chrome/116.0.1938.76 Safari/537.36" "-"
52.167.144.0 - - [30/Mar/2026:00:20:04 +0000] "GET /shop/item/epistolar15288301013 HTTP/1.1" 200 73358 kaminibeauty.com "-" "Mozilla/5.0 AppleWebKit/537.36 (KHTML, like Gecko; compatible; bingbot/2.0; +http://www.bing.com/bingbot.htm) Chrome/116.0.1938.76 Safari/537.36" "-"
52.167.144.0 - - [30/Mar/2026:00:20:04 +0000] "GET /shop/item/luffa163947074887 HTTP/1.1" 200 73358 kaminibeauty.com "-" "Mozilla/5.0 AppleWebKit/537.36 (KHTML, like Gecko; compatible; bingbot/2.0; +http://www.bing.com/bingbot.htm) Chrome/116.0.1938.76 Safari/537.36" "-"
52.167.144.0 - - [30/Mar/2026:00:20:05 +0000] "GET /shop/item/expostulate161955318450 HTTP/1.1" 200 73358 kaminibeauty.com "-" "Mozilla/5.0 AppleWebKit/537.36 (KHTML, like Gecko; compatible; bingbot/2.0; +http://www.bing.com/bingbot.htm) Chrome/116.0.1938.76 Safari/537.36" "-"
52.167.144.0 - - [30/Mar/2026:00:20:05 +0000] "GET /shop/item/exhaustless11610230464 HTTP/1.1" 200 73358 kaminibeauty.com "-" "Mozilla/5.0 AppleWebKit/537.36 (KHTML, like Gecko; compatible; bingbot/2.0; +http://www.bing.com/bingbot.htm) Chrome/116.0.1938.76 Safari/537.36" "-"
52.167.144.0 - - [30/Mar/2026:00:20:05 +0000] "GET /shop/item/revaccination173880232341 HTTP/1.1" 200 73358 kaminibeauty.com "-" "Mozilla/5.0 AppleWebKit/537.36 (KHTML, like Gecko; compatible; bingbot/2.0; +http://www.bing.com/bingbot.htm) Chrome/116.0.1938.76 Safari/537.36" "-"
66.249.66.0 - - [30/Mar/2026:00:20:05 +0000] "GET /shop/item/metemptosis162535696981 HTTP/1.1" 200 73358 kaminibeauty.com "-" "Mozilla/5.0 (Linux; Android 6.0.1; Nexus 5X Build/MMB29P) AppleWebKit/537.36 (KHTML, like Gecko) Chrome/146.0.7680.153 Mobile Safari/537.36 (compatible; Googlebot/2.1; +http://www.google.com/bot.html)" "-"
216.73.216.0 - - [30/Mar/2026:00:20:06 +0000] "GET /?fileloc=%2F%2Fkunden%2Fkunden%2Fkunden%2Fkunden%2Flib%2Faspell%2Fen_AU-w_accents.multi&path=%2F%2Fkunden%2Fkunden%2Fkunden%2Fkunden%2Flib%2Faspell HTTP/1.1" 200 12636 www.kaminibeauty.com "-" "Mozilla/5.0 AppleWebKit/537.36 (KHTML, like Gecko; compatible; ClaudeBot/1.0; +claudebot@anthropic.com)" "-"
52.22.64.0 - - [30/Mar/2026:00:20:07 +0000] "GET /wp-login.php?fileloc=//usr/share/perl/5.32/unicore/lib/IdType/NotXID.pl&path=//usr/share/perl/5.32/unicore/lib/IdType HTTP/1.1" 429 267 kaminibeauty.com "-" "Mozilla/5.0 AppleWebKit/537.36 (KHTML, like Gecko; compatible; Amazonbot/0.1; +https://developer.amazon.com/support/amazonbot) Chrome/119.0.6045.214 Safari/537.36" "-"
66.249.66.0 - - [30/Mar/2026:00:20:08 +0000] "GET /shop/item/reticulation1055465969 HTTP/1.1" 200 73358 kaminibeauty.com "-" "Mozilla/5.0 (Linux; Android 6.0.1; Nexus 5X Build/MMB29P) AppleWebKit/537.36 (KHTML, like Gecko) Chrome/146.0.7680.153 Mobile Safari/537.36 (compatible; Googlebot/2.1; +http://www.google.com/bot.html)" "-"
18.210.58.0 - - [30/Mar/2026:00:20:10 +0000] "GET /wp-login.php?fileloc=//proc/self/root/kunden/lib/locale/en_HK/LC_PAPER&path=//proc/self/root/kunden/lib/locale/en_HK HTTP/1.1" 429 267 kaminibeauty.com "-" "Mozilla/5.0 AppleWebKit/537.36 (KHTML, like Gecko; compatible; Amazonbot/0.1; +https://developer.amazon.com/support/amazonbot) Chrome/119.0.6045.214 Safari/537.36" "-"
216.73.216.0 - - [30/Mar/2026:00:20:11 +0000] "GET /?fileloc=%2F%2Fkunden%2Fkunden%2Fkunden%2Fkunden%2Flib%2Faspell%2Fen_CA-wo_accents.multi&path=%2F%2Fkunden%2Fkunden%2Fkunden%2Fkunden%2Flib%2Faspell HTTP/1.1" 200 12638 www.kaminibeauty.com "-" "Mozilla/5.0 AppleWebKit/537.36 (KHTML, like Gecko; compatible; ClaudeBot/1.0; +claudebot@anthropic.com)" "-"
66.249.66.0 - - [30/Mar/2026:00:20:13 +0000] "GET /shop/item/polypori10655890294 HTTP/1.1" 200 73358 kaminibeauty.com "-" "Mozilla/5.0 (Linux; Android 6.0.1; Nexus 5X Build/MMB29P) AppleWebKit/537.36 (KHTML, like Gecko) Chrome/146.0.7680.153 Mobile Safari/537.36 (compatible; Googlebot/2.1; +http://www.google.com/bot.html)" "-"
66.249.76.0 - - [30/Mar/2026:00:20:13 +0000] "GET /index.php?shop/item/phosphorize173273562457 HTTP/1.1" 200 73358 kaminibeauty.com "-" "Mozilla/5.0 (Linux; Android 6.0.1; Nexus 5X Build/MMB29P) AppleWebKit/537.36 (KHTML, like Gecko) Chrome/146.0.7680.153 Mobile Safari/537.36 (compatible; Googlebot/2.1; +http://www.google.com/bot.html)" "-"
2a03:2880:f800:: - - [30/Mar/2026:00:20:13 +0000] "GET /shop/item/kalian151106554472 HTTP/1.1" 200 73358 kaminibeauty.com "-" "meta-externalagent/1.1 (+https://developers.facebook.com/docs/sharing/webmasters/crawler)" "-"
217.113.194.0 - - [30/Mar/2026:00:20:15 +0000] "GET /products-services/products/more-products/?path=//proc/megaraid HTTP/1.1" 200 12652 kaminibeauty.com "-" "Mozilla/5.0 (compatible; Barkrowler/0.9; +https://babbar.tech/crawler)" "-"
66.249.76.0 - - [30/Mar/2026:00:20:15 +0000] "GET /shop/item/electrotonic151581881740 HTTP/1.1" 200 73358 kaminibeauty.com "-" "Mozilla/5.0 (Linux; Android 6.0.1; Nexus 5X Build/MMB29P) AppleWebKit/537.36 (KHTML, like Gecko) Chrome/146.0.7680.153 Mobile Safari/537.36 (compatible; Googlebot/2.1; +http://www.google.com/bot.html)" "-"
44.195.50.0 - - [30/Mar/2026:00:20:16 +0000] "GET /?fileloc=//etc/alternatives/composite-im6&path=//etc/alternatives HTTP/1.1" 429 267 kaminibeauty.com "-" "Mozilla/5.0 AppleWebKit/537.36 (KHTML, like Gecko; compatible; Amazonbot/0.1; +https://developer.amazon.com/support/amazonbot) Chrome/119.0.6045.214 Safari/537.36" "-"
216.73.216.0 - - [30/Mar/2026:00:20:16 +0000] "GET /?fileloc=%2F%2Fkunden%2Fkunden%2Fkunden%2Fhomepages%2F3%2Fd4297048699%2Flast_traffic&path=%2F%2Fkunden%2Fkunden%2Fkunden%2Fhomepages%2F3%2Fd4297048699 HTTP/1.1" 200 12533 www.kaminibeauty.com "-" "Mozilla/5.0 AppleWebKit/537.36 (KHTML, like Gecko; compatible; ClaudeBot/1.0; +claudebot@anthropic.com)" "-"
207.180.220.0 - - [30/Mar/2026:00:20:16 +0000] "GET /wp-login.php HTTP/1.1" 200 73358 www.kaminibeauty.com "-" "Mozilla/5.0 (X11; Linux x86_64) AppleWebKit/537.36 (KHTML, like Gecko) Chrome/120.0.0.0 Safari/537.36" "-"
66.249.76.0 - - [30/Mar/2026:00:20:17 +0000] "GET /shop/item/sconced141345321869 HTTP/1.1" 200 73358 kaminibeauty.com "-" "Mozilla/5.0 (Linux; Android 6.0.1; Nexus 5X Build/MMB29P) AppleWebKit/537.36 (KHTML, like Gecko) Chrome/146.0.7680.153 Mobile Safari/537.36 (compatible; Googlebot/2.1; +http://www.google.com/bot.html)" "-"
98.83.72.0 - - [30/Mar/2026:00:20:20 +0000] "GET /?fileloc=//usr/lib/python3/dist-packages/mercurial/mail.py&path=//usr/lib/python3/dist-packages/mercurial HTTP/1.1" 429 267 www.kaminibeauty.com "-" "Mozilla/5.0 AppleWebKit/537.36 (KHTML, like Gecko; compatible; Amazonbot/0.1; +https://developer.amazon.com/support/amazonbot) Chrome/119.0.6045.214 Safari/537.36" "-"
216.73.216.0 - - [30/Mar/2026:00:20:21 +0000] "GET /?fileloc=%2F%2Fkunden%2Fkunden%2Fkunden%2Fkunden%2Fhomepages%2F35%2Fd4297731453%2Fdistributor.lock&path=%2F%2Fkunden%2Fkunden%2Fkunden%2Fkunden%2Fhomepages%2F35%2Fd4297731453 HTTP/1.1" 200 12626 www.kaminibeauty.com "-" "Mozilla/5.0 AppleWebKit/537.36 (KHTML, like Gecko; compatible; ClaudeBot/1.0; +claudebot@anthropic.com)" "-"
66.249.76.0 - - [30/Mar/2026:00:20:22 +0000] "GET /shop/item/intemperate14101421573 HTTP/1.1" 200 73358 kaminibeauty.com "-" "Mozilla/5.0 (Linux; Android 6.0.1; Nexus 5X Build/MMB29P) AppleWebKit/537.36 (KHTML, like Gecko) Chrome/146.0.7680.153 Mobile Safari/537.36 (compatible; Googlebot/2.1; +http://www.google.com/bot.html)" "-"
2a03:2880:f800:: - - [30/Mar/2026:00:20:23 +0000] "GET /shop/item/dentata161082655281?path=/homepages/4/d4297730999/htdocs/wordpress/wp-content/backups-dup-lite HTTP/1.1" 200 19346 kaminibeauty.com "-" "meta-externalagent/1.1 (+https://developers.facebook.com/docs/sharing/webmasters/crawler)" "-"
66.249.76.0 - - [30/Mar/2026:00:20:23 +0000] "GET /shop/item/toiled14758560827 HTTP/1.1" 200 73358 kaminibeauty.com "-" "Mozilla/5.0 (Linux; Android 6.0.1; Nexus 5X Build/MMB29P) AppleWebKit/537.36 (KHTML, like Gecko) Chrome/146.0.7680.153 Mobile Safari/537.36 (compatible; Googlebot/2.1; +http://www.google.com/bot.html)" "-"
40.77.167.0 - - [30/Mar/2026:00:20:24 +0000] "GET /shop/item/opitulation151790813447 HTTP/1.1" 200 73358 kaminibeauty.com "-" "Mozilla/5.0 AppleWebKit/537.36 (KHTML, like Gecko; compatible; bingbot/2.0; +http://www.bing.com/bingbot.htm) Chrome/116.0.1938.76 Safari/537.36" "-"
66.249.76.0 - - [30/Mar/2026:00:20:24 +0000] "GET /shop/item/smallish101550787685 HTTP/1.1" 200 73358 kaminibeauty.com "-" "Mozilla/5.0 (Linux; Android 6.0.1; Nexus 5X Build/MMB29P) AppleWebKit/537.36 (KHTML, like Gecko) Chrome/146.0.7680.153 Mobile Safari/537.36 (compatible; Googlebot/2.1; +http://www.google.com/bot.html)" "-"
40.77.167.0 - - [30/Mar/2026:00:20:24 +0000] "GET /shop/item/photinus16866799547 HTTP/1.1" 200 73358 kaminibeauty.com "-" "Mozilla/5.0 AppleWebKit/537.36 (KHTML, like Gecko; compatible; bingbot/2.0; +http://www.bing.com/bingbot.htm) Chrome/116.0.1938.76 Safari/537.36" "-"
40.77.167.0 - - [30/Mar/2026:00:20:25 +0000] "GET /shop/item/bookish151300416496 HTTP/1.1" 200 73358 kaminibeauty.com "-" "Mozilla/5.0 AppleWebKit/537.36 (KHTML, like Gecko; compatible; bingbot/2.0; +http://www.bing.com/bingbot.htm) Chrome/116.0.1938.76 Safari/537.36" "-"
66.249.76.0 - - [30/Mar/2026:00:20:25 +0000] "GET /shop/item/oriented141741775863 HTTP/1.1" 200 73358 kaminibeauty.com "-" "Mozilla/5.0 (Linux; Android 6.0.1; Nexus 5X Build/MMB29P) AppleWebKit/537.36 (KHTML, like Gecko) Chrome/146.0.7680.153 Mobile Safari/537.36 (compatible; Googlebot/2.1; +http://www.google.com/bot.html)" "-"
40.77.167.0 - - [30/Mar/2026:00:20:25 +0000] "GET /shop/item/guise162895795819 HTTP/1.1" 200 73358 kaminibeauty.com "-" "Mozilla/5.0 AppleWebKit/537.36 (KHTML, like Gecko; compatible; bingbot/2.0; +http://www.bing.com/bingbot.htm) Chrome/116.0.1938.76 Safari/537.36" "-"
52.2.83.0 - - [30/Mar/2026:00:20:26 +0000] "GET /?fileloc=//kunden/tmp/runlock-ws67196963-ws67196963:9cef32402c0093e19324502ea8275c0ece10ccb94fff2c4e7514638c&path=//kunden/tmp HTTP/1.1" 429 267 kaminibeauty.com "-" "Mozilla/5.0 AppleWebKit/537.36 (KHTML, like Gecko; compatible; Amazonbot/0.1; +https://developer.amazon.com/support/amazonbot) Chrome/119.0.6045.214 Safari/537.36" "-"
40.77.167.0 - - [30/Mar/2026:00:20:26 +0000] "GET /shop/item/sapadillo173191714951 HTTP/1.1" 200 73358 kaminibeauty.com "-" "Mozilla/5.0 AppleWebKit/537.36 (KHTML, like Gecko; compatible; bingbot/2.0; +http://www.bing.com/bingbot.htm) Chrome/116.0.1938.76 Safari/537.36" "-"
216.73.216.0 - - [30/Mar/2026:00:20:26 +0000] "GET /?fileloc=%2F%2Fkunden%2Fkunden%2Fkunden%2Fhomepages%2F39%2Fd4297207501%2Flast_traffic&path=%2F%2Fkunden%2Fkunden%2Fkunden%2Fhomepages%2F39%2Fd4297207501 HTTP/1.1" 200 12537 www.kaminibeauty.com "-" "Mozilla/5.0 AppleWebKit/537.36 (KHTML, like Gecko; compatible; ClaudeBot/1.0; +claudebot@anthropic.com)" "-"
40.77.167.0 - - [30/Mar/2026:00:20:26 +0000] "GET /shop/item/racemiform14124632352 HTTP/1.1" 200 73358 kaminibeauty.com "-" "Mozilla/5.0 AppleWebKit/537.36 (KHTML, like Gecko; compatible; bingbot/2.0; +http://www.bing.com/bingbot.htm) Chrome/116.0.1938.76 Safari/537.36" "-"
40.77.167.0 - - [30/Mar/2026:00:20:26 +0000] "GET /shop/item/remaining17558774212 HTTP/1.1" 200 73358 kaminibeauty.com "-" "Mozilla/5.0 AppleWebKit/537.36 (KHTML, like Gecko; compatible; bingbot/2.0; +http://www.bing.com/bingbot.htm) Chrome/116.0.1938.76 Safari/537.36" "-"
66.249.66.0 - - [30/Mar/2026:00:20:26 +0000] "GET /shop/item/needleful131284683357 HTTP/1.1" 200 73358 kaminibeauty.com "-" "Mozilla/5.0 (Linux; Android 6.0.1; Nexus 5X Build/MMB29P) AppleWebKit/537.36 (KHTML, like Gecko) Chrome/146.0.7680.153 Mobile Safari/537.36 (compatible; Googlebot/2.1; +http://www.google.com/bot.html)" "-"
40.77.167.0 - - [30/Mar/2026:00:20:27 +0000] "GET /shop/item/consist1697539483 HTTP/1.1" 200 73358 kaminibeauty.com "-" "Mozilla/5.0 AppleWebKit/537.36 (KHTML, like Gecko; compatible; bingbot/2.0; +http://www.bing.com/bingbot.htm) Chrome/116.0.1938.76 Safari/537.36" "-"
217.113.194.0 - - [30/Mar/2026:00:20:27 +0000] "GET /products-services/products/more-products/?path=//proc/1156940 HTTP/1.1" 200 12650 kaminibeauty.com "-" "Mozilla/5.0 (compatible; Barkrowler/0.9; +https://babbar.tech/crawler)" "-"
3.225.9.0 - - [30/Mar/2026:00:20:27 +0000] "GET /?fileloc=//usr/lib/python3/dist-packages/mercurial/grep.py&path=//usr/lib/python3/dist-packages/mercurial HTTP/1.1" 429 267 www.kaminibeauty.com "-" "Mozilla/5.0 AppleWebKit/537.36 (KHTML, like Gecko; compatible; Amazonbot/0.1; +https://developer.amazon.com/support/amazonbot) Chrome/119.0.6045.214 Safari/537.36" "-"
40.77.167.0 - - [30/Mar/2026:00:20:27 +0000] "GET /shop/item/eleutheria163613651305 HTTP/1.1" 200 73358 kaminibeauty.com "-" "Mozilla/5.0 AppleWebKit/537.36 (KHTML, like Gecko; compatible; bingbot/2.0; +http://www.bing.com/bingbot.htm) Chrome/116.0.1938.76 Safari/537.36" "-"
40.77.167.0 - - [30/Mar/2026:00:20:28 +0000] "GET /shop/item/immerse17541579961 HTTP/1.1" 200 73358 kaminibeauty.com "-" "Mozilla/5.0 AppleWebKit/537.36 (KHTML, like Gecko; compatible; bingbot/2.0; +http://www.bing.com/bingbot.htm) Chrome/116.0.1938.76 Safari/537.36" "-"
40.77.167.0 - - [30/Mar/2026:00:20:28 +0000] "GET /shop/item/omohyoid171670762685 HTTP/1.1" 200 73358 kaminibeauty.com "-" "Mozilla/5.0 AppleWebKit/537.36 (KHTML, like Gecko; compatible; bingbot/2.0; +http://www.bing.com/bingbot.htm) Chrome/116.0.1938.76 Safari/537.36" "-"
207.180.220.0 - - [30/Mar/2026:00:20:28 +0000] "POST /wp-login.php HTTP/1.1" 200 73358 www.kaminibeauty.com "https://www.kaminibeauty.com/wp-login.php" "Mozilla/5.0 (X11; Linux x86_64) AppleWebKit/537.36 (KHTML, like Gecko) Chrome/120.0.0.0 Safari/537.36" "-"
40.77.167.0 - - [30/Mar/2026:00:20:28 +0000] "GET /shop/item/reflecting161626925229 HTTP/1.1" 200 73358 kaminibeauty.com "-" "Mozilla/5.0 AppleWebKit/537.36 (KHTML, like Gecko; compatible; bingbot/2.0; +http://www.bing.com/bingbot.htm) Chrome/116.0.1938.76 Safari/537.36" "-"
40.77.167.0 - - [30/Mar/2026:00:20:29 +0000] "GET /shop/item/imaginal153610497578 HTTP/1.1" 200 73358 kaminibeauty.com "-" "Mozilla/5.0 AppleWebKit/537.36 (KHTML, like Gecko; compatible; bingbot/2.0; +http://www.bing.com/bingbot.htm) Chrome/116.0.1938.76 Safari/537.36" "-"
40.77.167.0 - - [30/Mar/2026:00:20:29 +0000] "GET /shop/item/antheraea117761919 HTTP/1.1" 200 73358 kaminibeauty.com "-" "Mozilla/5.0 AppleWebKit/537.36 (KHTML, like Gecko; compatible; bingbot/2.0; +http://www.bing.com/bingbot.htm) Chrome/116.0.1938.76 Safari/537.36" "-"
40.77.167.0 - - [30/Mar/2026:00:20:30 +0000] "GET /shop/item/analysis162046488181 HTTP/1.1" 200 73358 kaminibeauty.com "-" "Mozilla/5.0 AppleWebKit/537.36 (KHTML, like Gecko; compatible; bingbot/2.0; +http://www.bing.com/bingbot.htm) Chrome/116.0.1938.76 Safari/537.36" "-"
40.77.167.0 - - [30/Mar/2026:00:20:30 +0000] "GET /shop/item/bleacheries17190751000 HTTP/1.1" 200 73358 kaminibeauty.com "-" "Mozilla/5.0 AppleWebKit/537.36 (KHTML, like Gecko; compatible; bingbot/2.0; +http://www.bing.com/bingbot.htm) Chrome/116.0.1938.76 Safari/537.36" "-"
40.77.167.0 - - [30/Mar/2026:00:20:31 +0000] "GET /shop/item/aplacophoran143940981868 HTTP/1.1" 200 73358 kaminibeauty.com "-" "Mozilla/5.0 AppleWebKit/537.36 (KHTML, like Gecko; compatible; bingbot/2.0; +http://www.bing.com/bingbot.htm) Chrome/116.0.1938.76 Safari/537.36" "-"
52.204.253.0 - - [30/Mar/2026:00:20:31 +0000] "GET /?fileloc=//kunden/tmp/runlock-ws67315218-ws67315218:d890fdc32f3a833d9a8e91b3ab5a8c54224c8d0c7ec730e771c6fdd4&path=//kunden/tmp HTTP/1.1" 429 267 kaminibeauty.com "-" "Mozilla/5.0 AppleWebKit/537.36 (KHTML, like Gecko; compatible; Amazonbot/0.1; +https://developer.amazon.com/support/amazonbot) Chrome/119.0.6045.214 Safari/537.36" "-"
40.77.167.0 - - [30/Mar/2026:00:20:31 +0000] "GET /shop/item/exquisite1791904653 HTTP/1.1" 200 73358 kaminibeauty.com "-" "Mozilla/5.0 AppleWebKit/537.36 (KHTML, like Gecko; compatible; bingbot/2.0; +http://www.bing.com/bingbot.htm) Chrome/116.0.1938.76 Safari/537.36" "-"
216.73.216.0 - - [30/Mar/2026:00:20:31 +0000] "GET /?fileloc=%2F%2Fkunden%2Fkunden%2Fkunden%2Fhomepages%2F5%2Fd4298237237%2Flast_traffic&path=%2F%2Fkunden%2Fkunden%2Fkunden%2Fhomepages%2F5%2Fd4298237237 HTTP/1.1" 200 12533 www.kaminibeauty.com "-" "Mozilla/5.0 AppleWebKit/537.36 (KHTML, like Gecko; compatible; ClaudeBot/1.0; +claudebot@anthropic.com)" "-"
40.77.167.0 - - [30/Mar/2026:00:20:31 +0000] "GET /shop/item/bowsaw141065432640 HTTP/1.1" 200 73358 kaminibeauty.com "-" "Mozilla/5.0 AppleWebKit/537.36 (KHTML, like Gecko; compatible; bingbot/2.0; +http://www.bing.com/bingbot.htm) Chrome/116.0.1938.76 Safari/537.36" "-"
40.77.167.0 - - [30/Mar/2026:00:20:32 +0000] "GET /shop/item/overfill15267393393 HTTP/1.1" 200 73358 kaminibeauty.com "-" "Mozilla/5.0 AppleWebKit/537.36 (KHTML, like Gecko; compatible; bingbot/2.0; +http://www.bing.com/bingbot.htm) Chrome/116.0.1938.76 Safari/537.36" "-"
40.77.167.0 - - [30/Mar/2026:00:20:32 +0000] "GET /shop/item/macadamization153958864547 HTTP/1.1" 200 73358 kaminibeauty.com "-" "Mozilla/5.0 AppleWebKit/537.36 (KHTML, like Gecko; compatible; bingbot/2.0; +http://www.bing.com/bingbot.htm) Chrome/116.0.1938.76 Safari/537.36" "-"
2a03:2880:f800:: - - [30/Mar/2026:00:20:32 +0000] "GET /shop/item/wrist162504505245 HTTP/1.1" 200 73358 kaminibeauty.com "-" "meta-externalagent/1.1 (+https://developers.facebook.com/docs/sharing/webmasters/crawler)" "-"
40.77.167.0 - - [30/Mar/2026:00:20:33 +0000] "GET /shop/item/greenfinch161768948256 HTTP/1.1" 200 73358 kaminibeauty.com "-" "Mozilla/5.0 AppleWebKit/537.36 (KHTML, like Gecko; compatible; bingbot/2.0; +http://www.bing.com/bingbot.htm) Chrome/116.0.1938.76 Safari/537.36" "-"
40.77.167.0 - - [30/Mar/2026:00:20:33 +0000] "GET /shop/item/agriculture153244597948 HTTP/1.1" 200 73358 kaminibeauty.com "-" "Mozilla/5.0 AppleWebKit/537.36 (KHTML, like Gecko; compatible; bingbot/2.0; +http://www.bing.com/bingbot.htm) Chrome/116.0.1938.76 Safari/537.36" "-"
52.167.144.0 - - [30/Mar/2026:00:20:34 +0000] "GET /shop/item/purloiner163406423306 HTTP/1.1" 200 73358 www.kaminibeauty.com "-" "Mozilla/5.0 AppleWebKit/537.36 (KHTML, like Gecko; compatible; bingbot/2.0; +http://www.bing.com/bingbot.htm) Chrome/116.0.1938.76 Safari/537.36" "-"
40.77.167.0 - - [30/Mar/2026:00:20:34 +0000] "GET /shop/item/mezquita131324726363 HTTP/1.1" 200 73358 kaminibeauty.com "-" "Mozilla/5.0 AppleWebKit/537.36 (KHTML, like Gecko; compatible; bingbot/2.0; +http://www.bing.com/bingbot.htm) Chrome/116.0.1938.76 Safari/537.36" "-"
40.77.167.0 - - [30/Mar/2026:00:20:34 +0000] "GET /shop/item/physaria162985023558 HTTP/1.1" 200 73358 kaminibeauty.com "-" "Mozilla/5.0 AppleWebKit/537.36 (KHTML, like Gecko; compatible; bingbot/2.0; +http://www.bing.com/bingbot.htm) Chrome/116.0.1938.76 Safari/537.36" "-"
40.77.167.0 - - [30/Mar/2026:00:20:34 +0000] "GET /shop/item/nonpareil141832296650 HTTP/1.1" 200 73358 kaminibeauty.com "-" "Mozilla/5.0 AppleWebKit/537.36 (KHTML, like Gecko; compatible; bingbot/2.0; +http://www.bing.com/bingbot.htm) Chrome/116.0.1938.76 Safari/537.36" "-"
40.77.167.0 - - [30/Mar/2026:00:20:35 +0000] "GET /shop/item/amygdaline122555390468 HTTP/1.1" 200 73358 kaminibeauty.com "-" "Mozilla/5.0 AppleWebKit/537.36 (KHTML, like Gecko; compatible; bingbot/2.0; +http://www.bing.com/bingbot.htm) Chrome/116.0.1938.76 Safari/537.36" "-"
40.77.167.0 - - [30/Mar/2026:00:20:35 +0000] "GET /shop/item/lovingly153257132287 HTTP/1.1" 200 73358 kaminibeauty.com "-" "Mozilla/5.0 AppleWebKit/537.36 (KHTML, like Gecko; compatible; bingbot/2.0; +http://www.bing.com/bingbot.htm) Chrome/116.0.1938.76 Safari/537.36" "-"
50.19.79.0 - - [30/Mar/2026:00:20:36 +0000] "GET /?fileloc=//kunden/usr/lib/udev/hwclock-set&path=//kunden/usr/lib/udev HTTP/1.1" 429 267 www.kaminibeauty.com "-" "Mozilla/5.0 AppleWebKit/537.36 (KHTML, like Gecko; compatible; Amazonbot/0.1; +https://developer.amazon.com/support/amazonbot) Chrome/119.0.6045.214 Safari/537.36" "-"
40.77.167.0 - - [30/Mar/2026:00:20:36 +0000] "GET /shop/item/symbiotically173700370178 HTTP/1.1" 200 73358 kaminibeauty.com "-" "Mozilla/5.0 AppleWebKit/537.36 (KHTML, like Gecko; compatible; bingbot/2.0; +http://www.bing.com/bingbot.htm) Chrome/116.0.1938.76 Safari/537.36" "-"
216.73.216.0 - - [30/Mar/2026:00:20:36 +0000] "GET /?fileloc=%2F%2Fkunden%2Fkunden%2Fkunden%2Fkunden%2Fkunden%2Fsbin%2Fmkhomedir_helper&path=%2F%2Fkunden%2Fkunden%2Fkunden%2Fkunden%2Fkunden%2Fsbin HTTP/1.1" 200 12521 www.kaminibeauty.com "-" "Mozilla/5.0 AppleWebKit/537.36 (KHTML, like Gecko; compatible; ClaudeBot/1.0; +claudebot@anthropic.com)" "-"
40.77.167.0 - - [30/Mar/2026:00:20:36 +0000] "GET /shop/item/subcarbureted131977556318 HTTP/1.1" 200 73358 kaminibeauty.com "-" "Mozilla/5.0 AppleWebKit/537.36 (KHTML, like Gecko; compatible; bingbot/2.0; +http://www.bing.com/bingbot.htm) Chrome/116.0.1938.76 Safari/537.36" "-"
66.249.66.0 - - [30/Mar/2026:00:20:37 +0000] "GET /shop/item/green102626145684 HTTP/1.1" 200 73358 kaminibeauty.com "-" "Mozilla/5.0 (Linux; Android 6.0.1; Nexus 5X Build/MMB29P) AppleWebKit/537.36 (KHTML, like Gecko) Chrome/146.0.7680.153 Mobile Safari/537.36 (compatible; Googlebot/2.1; +http://www.google.com/bot.html)" "-"
74.7.242.0 - - [30/Mar/2026:00:20:38 +0000] "GET /shop/item/crotalus13527018577?path=/ HTTP/1.1" 200 44505 kaminibeauty.com "https://kaminibeauty.com/shop/item/crotalus13527018577" "Mozilla/5.0 AppleWebKit/537.36 (KHTML, like Gecko; compatible; GPTBot/1.3; +https://openai.com/gptbot)" "-"
3.230.69.0 - - [30/Mar/2026:00:20:38 +0000] "GET /?fileloc=//proc/thread-self/root/sbin/badblocks&path=//proc/thread-self/root/sbin HTTP/1.1" 429 267 www.kaminibeauty.com "-" "Mozilla/5.0 AppleWebKit/537.36 (KHTML, like Gecko; compatible; Amazonbot/0.1; +https://developer.amazon.com/support/amazonbot) Chrome/119.0.6045.214 Safari/537.36" "-"
66.249.76.0 - - [30/Mar/2026:00:20:38 +0000] "GET /shop/item/gulosus133812579552 HTTP/1.1" 200 73358 kaminibeauty.com "-" "Mozilla/5.0 (Linux; Android 6.0.1; Nexus 5X Build/MMB29P) AppleWebKit/537.36 (KHTML, like Gecko) Chrome/146.0.7680.153 Mobile Safari/537.36 (compatible; Googlebot/2.1; +http://www.google.com/bot.html)" "-"
202.76.169.0 - - [30/Mar/2026:00:20:38 +0000] "GET /eye-and-brow-enhancements/?fileloc=//lib/x86_64-linux-gnu/libde265.so.0.1.4 HTTP/1.1" 200 12450 kaminibeauty.com "-" "Mozilla/5.0 (Macintosh; Intel Mac OS X 15_4_0) AppleWebKit/537.36 (KHTML, like Gecko) Chrome/125.0.6422.141 Safari/537.36" "-"
66.249.76.0 - - [30/Mar/2026:00:20:39 +0000] "GET /shop/item/magnesia143776448311 HTTP/1.1" 200 73358 kaminibeauty.com "-" "Mozilla/5.0 (Linux; Android 6.0.1; Nexus 5X Build/MMB29P) AppleWebKit/537.36 (KHTML, like Gecko) Chrome/146.0.7680.153 Mobile Safari/537.36 (compatible; Googlebot/2.1; +http://www.google.com/bot.html)" "-"
217.113.194.0 - - [30/Mar/2026:00:20:39 +0000] "GET /products-services/products/more-products/?path=//etc/rc1.d HTTP/1.1" 200 12643 kaminibeauty.com "-" "Mozilla/5.0 (compatible; Barkrowler/0.9; +https://babbar.tech/crawler)" "-"
207.180.220.0 - - [30/Mar/2026:00:20:40 +0000] "POST /wp-login.php HTTP/1.1" 200 73358 www.kaminibeauty.com "https://www.kaminibeauty.com/wp-login.php" "Mozilla/5.0 (X11; Linux x86_64) AppleWebKit/537.36 (KHTML, like Gecko) Chrome/120.0.0.0 Safari/537.36" "-"
2a03:2880:f800:: - - [30/Mar/2026:00:20:41 +0000] "GET /shop/item/pleasurableness151160276548 HTTP/1.1" 200 73358 kaminibeauty.com "-" "meta-externalagent/1.1 (+https://developers.facebook.com/docs/sharing/webmasters/crawler)" "-"
216.73.216.0 - - [30/Mar/2026:00:20:41 +0000] "GET /?fileloc=%2F%2Fkunden%2Fkunden%2Fkunden%2Fkunden%2Fkunden%2Fproc%2Firq%2F241%2Fspurious&path=%2F%2Fkunden%2Fkunden%2Fkunden%2Fkunden%2Fkunden%2Fproc%2Firq%2F241 HTTP/1.1" 200 12709 www.kaminibeauty.com "-" "Mozilla/5.0 AppleWebKit/537.36 (KHTML, like Gecko; compatible; ClaudeBot/1.0; +claudebot@anthropic.com)" "-"
34.204.150.0 - - [30/Mar/2026:00:20:43 +0000] "GET /wp-login.php?fileloc=//kunden/kunden/usr/share/locale/el/LC_MESSAGES/wget.mo&path=//kunden/kunden/usr/share/locale/el/LC_MESSAGES HTTP/1.1" 429 267 kaminibeauty.com "-" "Mozilla/5.0 AppleWebKit/537.36 (KHTML, like Gecko; compatible; Amazonbot/0.1; +https://developer.amazon.com/support/amazonbot) Chrome/119.0.6045.214 Safari/537.36" "-"
66.249.76.0 - - [30/Mar/2026:00:20:45 +0000] "GET /shop/item/dissenter171875763457 HTTP/1.1" 200 73358 kaminibeauty.com "-" "Mozilla/5.0 (Linux; Android 6.0.1; Nexus 5X Build/MMB29P) AppleWebKit/537.36 (KHTML, like Gecko) Chrome/146.0.7680.153 Mobile Safari/537.36 (compatible; Googlebot/2.1; +http://www.google.com/bot.html)" "-"
54.197.114.0 - - [30/Mar/2026:00:20:46 +0000] "GET /wp-admin/js/index.php?fileloc=//kunden/bin/pnmcomp&path=//kunden/bin HTTP/1.1" 429 267 www.kaminibeauty.com "-" "Mozilla/5.0 AppleWebKit/537.36 (KHTML, like Gecko; compatible; Amazonbot/0.1; +https://developer.amazon.com/support/amazonbot) Chrome/119.0.6045.214 Safari/537.36" "-"
216.73.216.0 - - [30/Mar/2026:00:20:46 +0000] "GET /?fileloc=%2F%2Fkunden%2Fkunden%2Fkunden%2Fkunden%2Fusr%2Flib%2Flocale%2Faa_ER%40saaho%2FLC_NAME&path=%2F%2Fkunden%2Fkunden%2Fkunden%2Fkunden%2Fusr%2Flib%2Flocale%2Faa_ER%40saaho HTTP/1.1" 200 12758 www.kaminibeauty.com "-" "Mozilla/5.0 AppleWebKit/537.36 (KHTML, like Gecko; compatible; ClaudeBot/1.0; +claudebot@anthropic.com)" "-"
66.249.66.0 - - [30/Mar/2026:00:20:47 +0000] "GET /shop/item/defoliate143468302923 HTTP/1.1" 200 73358 kaminibeauty.com "-" "Mozilla/5.0 (Linux; Android 6.0.1; Nexus 5X Build/MMB29P) AppleWebKit/537.36 (KHTML, like Gecko) Chrome/146.0.7680.153 Mobile Safari/537.36 (compatible; Googlebot/2.1; +http://www.google.com/bot.html)" "-"
2a03:2880:f800:: - - [30/Mar/2026:00:20:48 +0000] "GET /shop/item/empire153473904409 HTTP/1.1" 200 73358 kaminibeauty.com "-" "meta-externalagent/1.1 (+https://developers.facebook.com/docs/sharing/webmasters/crawler)" "-"
40.77.167.0 - - [30/Mar/2026:00:20:49 +0000] "GET /shop/item/islander16607034006 HTTP/1.1" 200 73358 www.kaminibeauty.com "-" "Mozilla/5.0 AppleWebKit/537.36 (KHTML, like Gecko; compatible; bingbot/2.0; +http://www.bing.com/bingbot.htm) Chrome/116.0.1938.76 Safari/537.36" "-"
66.249.76.0 - - [30/Mar/2026:00:20:49 +0000] "GET /shop/item/symmetric16458374945 HTTP/1.1" 200 73358 kaminibeauty.com "-" "Mozilla/5.0 (Linux; Android 6.0.1; Nexus 5X Build/MMB29P) AppleWebKit/537.36 (KHTML, like Gecko) Chrome/146.0.7680.153 Mobile Safari/537.36 (compatible; Googlebot/2.1; +http://www.google.com/bot.html)" "-"
74.7.241.0 - - [30/Mar/2026:00:20:50 +0000] "GET /?fileloc=//kunden/kunden/kunden/kunden/kunden/kunden/proc/thread-self/root/kunden/kunden/kunden/kunden/kunden/kunden/kunden/proc/thread-self/root/kunden/etc/alternatives/mailx&path=//kunden/kunden/kunden/kunden/kunden/kunden/proc/thread-self/root/kunden/kunden/kunden/kunden/kunden/kunden/kunden/proc/thread-self/root/kunden/etc/alternatives HTTP/1.1" 200 14746 www.kaminibeauty.com "http://www.kaminibeauty.com/?path=//kunden/kunden/kunden/kunden/kunden/kunden/proc/thread-self/root/kunden/kunden/kunden/kunden/kunden/kunden/kunden/proc/thread-self/root/kunden/etc/alternatives" "Mozilla/5.0 AppleWebKit/537.36 (KHTML, like Gecko; compatible; GPTBot/1.3; +https://openai.com/gptbot)" "-"
23.23.212.0 - - [30/Mar/2026:00:20:51 +0000] "GET /?fileloc=//lib/aspell/british-ise.alias&path=//lib/aspell HTTP/1.1" 429 267 kaminibeauty.com "-" "Mozilla/5.0 AppleWebKit/537.36 (KHTML, like Gecko; compatible; Amazonbot/0.1; +https://developer.amazon.com/support/amazonbot) Chrome/119.0.6045.214 Safari/537.36" "-"
216.73.216.0 - - [30/Mar/2026:00:20:51 +0000] "GET /?fileloc=%2F%2Fkunden%2Fkunden%2Fkunden%2Fkunden%2Fusr%2Flib%2Flocale%2Faa_ER%40saaho%2FLC_PAPER&path=%2F%2Fkunden%2Fkunden%2Fkunden%2Fkunden%2Fusr%2Flib%2Flocale%2Faa_ER%40saaho HTTP/1.1" 200 12678 www.kaminibeauty.com "-" "Mozilla/5.0 AppleWebKit/537.36 (KHTML, like Gecko; compatible; ClaudeBot/1.0; +claudebot@anthropic.com)" "-"
217.113.194.0 - - [30/Mar/2026:00:20:51 +0000] "GET /products-services/products/more-products/?path=//etc/libnl-3 HTTP/1.1" 200 15463 kaminibeauty.com "-" "Mozilla/5.0 (compatible; Barkrowler/0.9; +https://babbar.tech/crawler)" "-"
