34.196.237.0 - - [30/Mar/2026:00:07:32 +0000] "GET /?fileloc=//proc/self/root/sbin/chmem&path=//proc/self/root/sbin HTTP/1.1" 200 12331 www.kaminibeauty.com "-" "Mozilla/5.0 AppleWebKit/537.36 (KHTML, like Gecko; compatible; Amazonbot/0.1; +https://developer.amazon.com/support/amazonbot) Chrome/119.0.6045.214 Safari/537.36" "-"
52.167.144.0 - - [30/Mar/2026:00:07:32 +0000] "GET /shop/item/informal171270020723 HTTP/1.1" 200 73358 kaminibeauty.com "-" "Mozilla/5.0 AppleWebKit/537.36 (KHTML, like Gecko; compatible; bingbot/2.0; +http://www.bing.com/bingbot.htm) Chrome/116.0.1938.76 Safari/537.36" "-"
2a03:2880:f800:: - - [30/Mar/2026:00:07:33 +0000] "GET /shop/item/fraudful16685337416 HTTP/1.1" 429 267 kaminibeauty.com "-" "meta-externalagent/1.1 (+https://developers.facebook.com/docs/sharing/webmasters/crawler)" "-"
217.113.194.0 - - [30/Mar/2026:00:07:33 +0000] "GET /kamini-partners-with-style-card/?path=//lib/klibc HTTP/1.1" 200 13941 kaminibeauty.com "-" "Mozilla/5.0 (compatible; Barkrowler/0.9; +https://babbar.tech/crawler)" "-"
2a03:2880:f800:: - - [30/Mar/2026:00:07:34 +0000] "GET /shop/item/turritella161046521395 HTTP/1.1" 429 267 kaminibeauty.com "-" "meta-externalagent/1.1 (+https://developers.facebook.com/docs/sharing/webmasters/crawler)" "-"
66.249.66.0 - - [30/Mar/2026:00:07:35 +0000] "GET /shop/item/snicked14365309893 HTTP/1.1" 200 73358 kaminibeauty.com "-" "Mozilla/5.0 (Linux; Android 6.0.1; Nexus 5X Build/MMB29P) AppleWebKit/537.36 (KHTML, like Gecko) Chrome/146.0.7680.153 Mobile Safari/537.36 (compatible; Googlebot/2.1; +http://www.google.com/bot.html)" "-"
107.20.255.0 - - [30/Mar/2026:00:07:36 +0000] "GET /wp-login.php?fileloc=//kunden/proc/self/root/homepages/26/d4297596883/last_traffic&path=//kunden/proc/self/root/homepages/26/d4297596883 HTTP/1.1" 429 267 kaminibeauty.com "-" "Mozilla/5.0 AppleWebKit/537.36 (KHTML, like Gecko; compatible; Amazonbot/0.1; +https://developer.amazon.com/support/amazonbot) Chrome/119.0.6045.214 Safari/537.36" "-"
2a03:2880:f800:: - - [30/Mar/2026:00:07:36 +0000] "GET /shop/item/alinement154174691672 HTTP/1.1" 429 267 kaminibeauty.com "-" "meta-externalagent/1.1 (+https://developers.facebook.com/docs/sharing/webmasters/crawler)" "-"
74.7.241.0 - - [30/Mar/2026:00:07:37 +0000] "GET /?path=//kunden/kunden/kunden/kunden/kunden/kunden/proc/thread-self/root/kunden/kunden/kunden/kunden/kunden/kunden/kunden/proc/thread-self/root/kunden/etc/systemd HTTP/1.1" 200 18475 www.kaminibeauty.com "http://www.kaminibeauty.com/?path=//kunden/kunden/kunden/kunden/kunden/kunden/proc/thread-self/root/kunden/kunden/kunden/kunden/kunden/kunden/kunden/proc/thread-self/root/kunden/etc" "Mozilla/5.0 AppleWebKit/537.36 (KHTML, like Gecko; compatible; GPTBot/1.3; +https://openai.com/gptbot)" "-"
66.249.76.0 - - [30/Mar/2026:00:07:37 +0000] "GET /index.php?shop/item/nectary173943542374 HTTP/1.1" 200 73358 kaminibeauty.com "-" "Mozilla/5.0 (Linux; Android 6.0.1; Nexus 5X Build/MMB29P) AppleWebKit/537.36 (KHTML, like Gecko) Chrome/146.0.7680.153 Mobile Safari/537.36 (compatible; Googlebot/2.1; +http://www.google.com/bot.html)" "-"
216.73.216.0 - - [30/Mar/2026:00:07:38 +0000] "GET /?fileloc=%2F%2Fkunden%2Fkunden%2Fkunden%2Fkunden%2Fusr%2Flib%2Flocale%2Fes_GT.utf8%2FLC_PAPER&path=%2F%2Fkunden%2Fkunden%2Fkunden%2Fkunden%2Fusr%2Flib%2Flocale%2Fes_GT.utf8 HTTP/1.1" 429 267 www.kaminibeauty.com "-" "Mozilla/5.0 AppleWebKit/537.36 (KHTML, like Gecko; compatible; ClaudeBot/1.0; +claudebot@anthropic.com)" "-"
2a03:2880:f800:: - - [30/Mar/2026:00:07:38 +0000] "GET /shop/item/dripstone15287604388 HTTP/1.1" 429 267 kaminibeauty.com "-" "meta-externalagent/1.1 (+https://developers.facebook.com/docs/sharing/webmasters/crawler)" "-"
34.194.95.0 - - [30/Mar/2026:00:07:39 +0000] "GET /?fileloc=//var/tmp/runlock-ws67219004-ws67219004:d890fdc32f3a833d9a8e91b3ab5a8c54224c8d0c7ec730e771c6fdd4&path=//var/tmp HTTP/1.1" 429 267 kaminibeauty.com "-" "Mozilla/5.0 AppleWebKit/537.36 (KHTML, like Gecko; compatible; Amazonbot/0.1; +https://developer.amazon.com/support/amazonbot) Chrome/119.0.6045.214 Safari/537.36" "-"
66.249.76.0 - - [30/Mar/2026:00:07:39 +0000] "GET /index.php?shop/item/stacking12232542189 HTTP/1.1" 200 73358 kaminibeauty.com "-" "Mozilla/5.0 (Linux; Android 6.0.1; Nexus 5X Build/MMB29P) AppleWebKit/537.36 (KHTML, like Gecko) Chrome/146.0.7680.153 Mobile Safari/537.36 (compatible; Googlebot/2.1; +http://www.google.com/bot.html)" "-"
52.167.144.0 - - [30/Mar/2026:00:07:40 +0000] "GET /shop/item/dasyurus16220211790 HTTP/1.1" 200 73358 kaminibeauty.com "-" "Mozilla/5.0 AppleWebKit/537.36 (KHTML, like Gecko; compatible; bingbot/2.0; +http://www.bing.com/bingbot.htm) Chrome/116.0.1938.76 Safari/537.36" "-"
216.73.216.0 - - [30/Mar/2026:00:07:40 +0000] "GET /?fileloc=%2F%2Fkunden%2Fkunden%2Fkunden%2Flib%2Flocale%2Fel_GR%2FLC_PAPER&path=%2F%2Fkunden%2Fkunden%2Fkunden%2Flib%2Flocale%2Fel_GR HTTP/1.1" 429 267 www.kaminibeauty.com "-" "Mozilla/5.0 AppleWebKit/537.36 (KHTML, like Gecko; compatible; ClaudeBot/1.0; +claudebot@anthropic.com)" "-"
2a03:2880:f800:: - - [30/Mar/2026:00:07:40 +0000] "GET /shop/item/lyricism15385863035 HTTP/1.1" 429 267 kaminibeauty.com "-" "meta-externalagent/1.1 (+https://developers.facebook.com/docs/sharing/webmasters/crawler)" "-"
52.167.144.0 - - [30/Mar/2026:00:07:40 +0000] "GET /shop/item/sounder154172906772 HTTP/1.1" 200 73358 kaminibeauty.com "-" "Mozilla/5.0 AppleWebKit/537.36 (KHTML, like Gecko; compatible; bingbot/2.0; +http://www.bing.com/bingbot.htm) Chrome/116.0.1938.76 Safari/537.36" "-"
66.249.66.0 - - [30/Mar/2026:00:07:40 +0000] "GET /index.php?shop/item/whitishness122297219059 HTTP/1.1" 200 73358 kaminibeauty.com "-" "Mozilla/5.0 (Linux; Android 6.0.1; Nexus 5X Build/MMB29P) AppleWebKit/537.36 (KHTML, like Gecko) Chrome/146.0.7680.153 Mobile Safari/537.36 (compatible; Googlebot/2.1; +http://www.google.com/bot.html)" "-"
52.167.144.0 - - [30/Mar/2026:00:07:41 +0000] "GET /shop/item/instinct14791716882 HTTP/1.1" 200 73358 kaminibeauty.com "-" "Mozilla/5.0 AppleWebKit/537.36 (KHTML, like Gecko; compatible; bingbot/2.0; +http://www.bing.com/bingbot.htm) Chrome/116.0.1938.76 Safari/537.36" "-"
52.167.144.0 - - [30/Mar/2026:00:07:41 +0000] "GET /shop/item/computerized122696767216 HTTP/1.1" 200 73358 kaminibeauty.com "-" "Mozilla/5.0 AppleWebKit/537.36 (KHTML, like Gecko; compatible; bingbot/2.0; +http://www.bing.com/bingbot.htm) Chrome/116.0.1938.76 Safari/537.36" "-"
52.167.144.0 - - [30/Mar/2026:00:07:41 +0000] "GET /shop/item/instil16221656584 HTTP/1.1" 200 73358 kaminibeauty.com "-" "Mozilla/5.0 AppleWebKit/537.36 (KHTML, like Gecko; compatible; bingbot/2.0; +http://www.bing.com/bingbot.htm) Chrome/116.0.1938.76 Safari/537.36" "-"
66.249.66.0 - - [30/Mar/2026:00:07:41 +0000] "GET /shop/item/impeach163168360471 HTTP/1.1" 200 73358 kaminibeauty.com "-" "Mozilla/5.0 (Linux; Android 6.0.1; Nexus 5X Build/MMB29P) AppleWebKit/537.36 (KHTML, like Gecko) Chrome/146.0.7680.153 Mobile Safari/537.36 (compatible; Googlebot/2.1; +http://www.google.com/bot.html)" "-"
52.167.144.0 - - [30/Mar/2026:00:07:42 +0000] "GET /shop/item/aortal153306595521 HTTP/1.1" 200 73358 kaminibeauty.com "-" "Mozilla/5.0 AppleWebKit/537.36 (KHTML, like Gecko; compatible; bingbot/2.0; +http://www.bing.com/bingbot.htm) Chrome/116.0.1938.76 Safari/537.36" "-"
52.167.144.0 - - [30/Mar/2026:00:07:42 +0000] "GET /shop/item/calle161571074536 HTTP/1.1" 200 73358 kaminibeauty.com "-" "Mozilla/5.0 AppleWebKit/537.36 (KHTML, like Gecko; compatible; bingbot/2.0; +http://www.bing.com/bingbot.htm) Chrome/116.0.1938.76 Safari/537.36" "-"
107.20.181.0 - - [30/Mar/2026:00:07:44 +0000] "GET /?fileloc=//kunden/tmp/runlock-ws67141605-ws67141605:fc7a8f2e9a3d9a6a8aadd3aa7d7d7e7a4817a10dfcc906503601fa2b&path=//kunden/tmp HTTP/1.1" 429 267 kaminibeauty.com "-" "Mozilla/5.0 AppleWebKit/537.36 (KHTML, like Gecko; compatible; Amazonbot/0.1; +https://developer.amazon.com/support/amazonbot) Chrome/119.0.6045.214 Safari/537.36" "-"
216.73.216.0 - - [30/Mar/2026:00:07:45 +0000] "GET /?fileloc=%2F%2Fkunden%2Fkunden%2Fkunden%2Fkunden%2Fusr%2Flib%2Flocale%2Ftr_CY.utf8%2FLC_COLLATE&path=%2F%2Fkunden%2Fkunden%2Fkunden%2Fkunden%2Fusr%2Flib%2Flocale%2Ftr_CY.utf8 HTTP/1.1" 429 267 www.kaminibeauty.com "-" "Mozilla/5.0 AppleWebKit/537.36 (KHTML, like Gecko; compatible; ClaudeBot/1.0; +claudebot@anthropic.com)" "-"
66.249.76.0 - - [30/Mar/2026:00:07:45 +0000] "GET /index.php?shop/item/expression12703692870 HTTP/1.1" 200 73358 kaminibeauty.com "-" "Mozilla/5.0 (Linux; Android 6.0.1; Nexus 5X Build/MMB29P) AppleWebKit/537.36 (KHTML, like Gecko) Chrome/146.0.7680.153 Mobile Safari/537.36 (compatible; Googlebot/2.1; +http://www.google.com/bot.html)" "-"
217.113.194.0 - - [30/Mar/2026:00:07:45 +0000] "GET /kamini-partners-with-style-card/?path=//lib/susshi HTTP/1.1" 200 13950 kaminibeauty.com "-" "Mozilla/5.0 (compatible; Barkrowler/0.9; +https://babbar.tech/crawler)" "-"
3.210.29.0 - - [30/Mar/2026:00:07:46 +0000] "GET /wp-login.php?fileloc=//proc/self/root/lib/locale/fr_LU@euro/LC_NUMERIC&path=//proc/self/root/lib/locale/fr_LU@euro HTTP/1.1" 429 267 kaminibeauty.com "-" "Mozilla/5.0 AppleWebKit/537.36 (KHTML, like Gecko; compatible; Amazonbot/0.1; +https://developer.amazon.com/support/amazonbot) Chrome/119.0.6045.214 Safari/537.36" "-"
52.167.144.0 - - [30/Mar/2026:00:07:47 +0000] "GET /shop/item/dissettlement172233925690 HTTP/1.1" 200 73358 kaminibeauty.com "-" "Mozilla/5.0 AppleWebKit/537.36 (KHTML, like Gecko; compatible; bingbot/2.0; +http://www.bing.com/bingbot.htm) Chrome/116.0.1938.76 Safari/537.36" "-"
52.167.144.0 - - [30/Mar/2026:00:07:47 +0000] "GET /shop/item/glossal152058154689 HTTP/1.1" 200 73358 kaminibeauty.com "-" "Mozilla/5.0 AppleWebKit/537.36 (KHTML, like Gecko; compatible; bingbot/2.0; +http://www.bing.com/bingbot.htm) Chrome/116.0.1938.76 Safari/537.36" "-"
52.167.144.0 - - [30/Mar/2026:00:07:48 +0000] "GET /shop/item/coryanthes162887778722 HTTP/1.1" 200 73358 kaminibeauty.com "-" "Mozilla/5.0 AppleWebKit/537.36 (KHTML, like Gecko; compatible; bingbot/2.0; +http://www.bing.com/bingbot.htm) Chrome/116.0.1938.76 Safari/537.36" "-"
52.167.144.0 - - [30/Mar/2026:00:07:48 +0000] "GET /shop/item/mnemonician161269849517 HTTP/1.1" 200 73358 kaminibeauty.com "-" "Mozilla/5.0 AppleWebKit/537.36 (KHTML, like Gecko; compatible; bingbot/2.0; +http://www.bing.com/bingbot.htm) Chrome/116.0.1938.76 Safari/537.36" "-"
52.167.144.0 - - [30/Mar/2026:00:07:49 +0000] "GET /shop/item/appellatory13308042293 HTTP/1.1" 200 73358 kaminibeauty.com "-" "Mozilla/5.0 AppleWebKit/537.36 (KHTML, like Gecko; compatible; bingbot/2.0; +http://www.bing.com/bingbot.htm) Chrome/116.0.1938.76 Safari/537.36" "-"
66.249.66.0 - - [30/Mar/2026:00:07:49 +0000] "GET /shop/item/quintilllion101452551294 HTTP/1.1" 200 73358 kaminibeauty.com "-" "Mozilla/5.0 (Linux; Android 6.0.1; Nexus 5X Build/MMB29P) AppleWebKit/537.36 (KHTML, like Gecko) Chrome/146.0.7680.153 Mobile Safari/537.36 (compatible; Googlebot/2.1; +http://www.google.com/bot.html)" "-"
216.73.216.0 - - [30/Mar/2026:00:07:50 +0000] "GET /?fileloc=%2F%2Fkunden%2Fkunden%2Fkunden%2Fkunden%2Fkunden%2Fusr%2Fbin%2Fpager&path=%2F%2Fkunden%2Fkunden%2Fkunden%2Fkunden%2Fkunden%2Fusr%2Fbin HTTP/1.1" 429 267 www.kaminibeauty.com "-" "Mozilla/5.0 AppleWebKit/537.36 (KHTML, like Gecko; compatible; ClaudeBot/1.0; +claudebot@anthropic.com)" "-"
52.167.144.0 - - [30/Mar/2026:00:07:52 +0000] "GET /shop/item/simoom161827999590 HTTP/1.1" 200 73358 kaminibeauty.com "-" "Mozilla/5.0 AppleWebKit/537.36 (KHTML, like Gecko; compatible; bingbot/2.0; +http://www.bing.com/bingbot.htm) Chrome/116.0.1938.76 Safari/537.36" "-"
52.167.144.0 - - [30/Mar/2026:00:07:52 +0000] "GET /shop/item/gyrogonite13731548672 HTTP/1.1" 200 73358 kaminibeauty.com "-" "Mozilla/5.0 AppleWebKit/537.36 (KHTML, like Gecko; compatible; bingbot/2.0; +http://www.bing.com/bingbot.htm) Chrome/116.0.1938.76 Safari/537.36" "-"
52.167.144.0 - - [30/Mar/2026:00:07:53 +0000] "GET /shop/item/lighty16888139020 HTTP/1.1" 200 73358 kaminibeauty.com "-" "Mozilla/5.0 AppleWebKit/537.36 (KHTML, like Gecko; compatible; bingbot/2.0; +http://www.bing.com/bingbot.htm) Chrome/116.0.1938.76 Safari/537.36" "-"
52.167.144.0 - - [30/Mar/2026:00:07:53 +0000] "GET /shop/item/hydrokinetic113711715180 HTTP/1.1" 200 73358 kaminibeauty.com "-" "Mozilla/5.0 AppleWebKit/537.36 (KHTML, like Gecko; compatible; bingbot/2.0; +http://www.bing.com/bingbot.htm) Chrome/116.0.1938.76 Safari/537.36" "-"
52.167.144.0 - - [30/Mar/2026:00:07:53 +0000] "GET /shop/item/decolor173129464641 HTTP/1.1" 200 73358 kaminibeauty.com "-" "Mozilla/5.0 AppleWebKit/537.36 (KHTML, like Gecko; compatible; bingbot/2.0; +http://www.bing.com/bingbot.htm) Chrome/116.0.1938.76 Safari/537.36" "-"
3.213.46.0 - - [30/Mar/2026:00:07:54 +0000] "GET /wp-login.php?fileloc=//kunden/proc/thread-self/root/lib/locale/ar_LB/LC_NUMERIC&path=//kunden/proc/thread-self/root/lib/locale/ar_LB HTTP/1.1" 429 267 kaminibeauty.com "-" "Mozilla/5.0 AppleWebKit/537.36 (KHTML, like Gecko; compatible; Amazonbot/0.1; +https://developer.amazon.com/support/amazonbot) Chrome/119.0.6045.214 Safari/537.36" "-"
52.167.144.0 - - [30/Mar/2026:00:07:54 +0000] "GET /shop/item/clammy16508086084 HTTP/1.1" 200 73358 kaminibeauty.com "-" "Mozilla/5.0 AppleWebKit/537.36 (KHTML, like Gecko; compatible; bingbot/2.0; +http://www.bing.com/bingbot.htm) Chrome/116.0.1938.76 Safari/537.36" "-"
23.21.204.0 - - [30/Mar/2026:00:07:55 +0000] "GET /wp-login.php?fileloc=//proc/self/root/lib/locale/lv_LV/LC_MEASUREMENT&path=//proc/self/root/lib/locale/lv_LV HTTP/1.1" 429 267 kaminibeauty.com "-" "Mozilla/5.0 AppleWebKit/537.36 (KHTML, like Gecko; compatible; Amazonbot/0.1; +https://developer.amazon.com/support/amazonbot) Chrome/119.0.6045.214 Safari/537.36" "-"
52.167.144.0 - - [30/Mar/2026:00:07:55 +0000] "GET /shop/item/illstarred112453263528 HTTP/1.1" 200 73358 kaminibeauty.com "-" "Mozilla/5.0 AppleWebKit/537.36 (KHTML, like Gecko; compatible; bingbot/2.0; +http://www.bing.com/bingbot.htm) Chrome/116.0.1938.76 Safari/537.36" "-"
216.73.216.0 - - [30/Mar/2026:00:07:55 +0000] "GET /?fileloc=%2F%2Fkunden%2Fkunden%2Fkunden%2Fkunden%2Fbin%2Frenice&path=%2F%2Fkunden%2Fkunden%2Fkunden%2Fkunden%2Fbin HTTP/1.1" 429 267 www.kaminibeauty.com "-" "Mozilla/5.0 AppleWebKit/537.36 (KHTML, like Gecko; compatible; ClaudeBot/1.0; +claudebot@anthropic.com)" "-"
52.167.144.0 - - [30/Mar/2026:00:07:55 +0000] "GET /shop/item/kraken17900436513 HTTP/1.1" 200 73358 kaminibeauty.com "-" "Mozilla/5.0 AppleWebKit/537.36 (KHTML, like Gecko; compatible; bingbot/2.0; +http://www.bing.com/bingbot.htm) Chrome/116.0.1938.76 Safari/537.36" "-"
66.249.76.0 - - [30/Mar/2026:00:07:55 +0000] "GET /index.php?shop/item/incommunicated121226645491 HTTP/1.1" 200 73358 kaminibeauty.com "-" "Mozilla/5.0 (Linux; Android 6.0.1; Nexus 5X Build/MMB29P) AppleWebKit/537.36 (KHTML, like Gecko) Chrome/146.0.7680.153 Mobile Safari/537.36 (compatible; Googlebot/2.1; +http://www.google.com/bot.html)" "-"
66.249.76.0 - - [30/Mar/2026:00:07:58 +0000] "GET /shop/item/affrighten112624040473 HTTP/1.1" 200 73358 kaminibeauty.com "-" "Mozilla/5.0 (Linux; Android 6.0.1; Nexus 5X Build/MMB29P) AppleWebKit/537.36 (KHTML, like Gecko) Chrome/146.0.7680.153 Mobile Safari/537.36 (compatible; Googlebot/2.1; +http://www.google.com/bot.html)" "-"
217.113.194.0 - - [30/Mar/2026:00:07:58 +0000] "GET /kamini-partners-with-style-card/?path=//lib/ccron HTTP/1.1" 200 14081 kaminibeauty.com "-" "Mozilla/5.0 (compatible; Barkrowler/0.9; +https://babbar.tech/crawler)" "-"
98.84.60.0 - - [30/Mar/2026:00:07:59 +0000] "GET /wp-login.php?path=//kunden/kunden/kunden/usr/share/man/man4 HTTP/1.1" 429 267 kaminibeauty.com "-" "Mozilla/5.0 AppleWebKit/537.36 (KHTML, like Gecko; compatible; Amazonbot/0.1; +https://developer.amazon.com/support/amazonbot) Chrome/119.0.6045.214 Safari/537.36" "-"
2a03:2880:f800:: - - [30/Mar/2026:00:07:59 +0000] "GET /shop/item/premonstrate163489793575?path=/homepages/4/d4297730999/htdocs/wordpress/ALFA%20TEAM HTTP/1.1" 200 15989 kaminibeauty.com "-" "meta-externalagent/1.1 (+https://developers.facebook.com/docs/sharing/webmasters/crawler)" "-"
52.167.144.0 - - [30/Mar/2026:00:08:00 +0000] "GET /shop/item/riprapped141394531780?fileloc=//kunden/bin/svnmucc&path=//kunden/bin HTTP/1.1" 200 12239 kaminibeauty.com "-" "Mozilla/5.0 AppleWebKit/537.36 (KHTML, like Gecko; compatible; bingbot/2.0; +http://www.bing.com/bingbot.htm) Chrome/116.0.1938.76 Safari/537.36" "-"
216.73.216.0 - - [30/Mar/2026:00:08:00 +0000] "GET /?fileloc=%2F%2Fkunden%2Fkunden%2Fkunden%2Fkunden%2Fkunden%2Fusr%2Fbin%2Fjson_xs&path=%2F%2Fkunden%2Fkunden%2Fkunden%2Fkunden%2Fkunden%2Fusr%2Fbin HTTP/1.1" 429 267 www.kaminibeauty.com "-" "Mozilla/5.0 AppleWebKit/537.36 (KHTML, like Gecko; compatible; ClaudeBot/1.0; +claudebot@anthropic.com)" "-"
66.249.76.0 - - [30/Mar/2026:00:08:00 +0000] "GET /shop/item/hereditarily112748364197 HTTP/1.1" 200 73358 kaminibeauty.com "-" "Mozilla/5.0 (Linux; Android 6.0.1; Nexus 5X Build/MMB29P) AppleWebKit/537.36 (KHTML, like Gecko) Chrome/146.0.7680.153 Mobile Safari/537.36 (compatible; Googlebot/2.1; +http://www.google.com/bot.html)" "-"
52.167.144.0 - - [30/Mar/2026:00:08:00 +0000] "GET /shop/item/carious163240481135 HTTP/1.1" 200 73358 kaminibeauty.com "-" "Mozilla/5.0 AppleWebKit/537.36 (KHTML, like Gecko; compatible; bingbot/2.0; +http://www.bing.com/bingbot.htm) Chrome/116.0.1938.76 Safari/537.36" "-"
52.167.144.0 - - [30/Mar/2026:00:08:01 +0000] "GET /shop/item/strigose163432868307 HTTP/1.1" 200 73358 kaminibeauty.com "-" "Mozilla/5.0 AppleWebKit/537.36 (KHTML, like Gecko; compatible; bingbot/2.0; +http://www.bing.com/bingbot.htm) Chrome/116.0.1938.76 Safari/537.36" "-"
52.167.144.0 - - [30/Mar/2026:00:08:01 +0000] "GET /shop/item/reparability111491710646 HTTP/1.1" 200 73358 kaminibeauty.com "-" "Mozilla/5.0 AppleWebKit/537.36 (KHTML, like Gecko; compatible; bingbot/2.0; +http://www.bing.com/bingbot.htm) Chrome/116.0.1938.76 Safari/537.36" "-"
66.249.76.0 - - [30/Mar/2026:00:08:02 +0000] "GET /shop/item/vanillic142969219981 HTTP/1.1" 200 73358 kaminibeauty.com "-" "Mozilla/5.0 (Linux; Android 6.0.1; Nexus 5X Build/MMB29P) AppleWebKit/537.36 (KHTML, like Gecko) Chrome/146.0.7680.153 Mobile Safari/537.36 (compatible; Googlebot/2.1; +http://www.google.com/bot.html)" "-"
52.167.144.0 - - [30/Mar/2026:00:08:02 +0000] "GET /shop/item/gastrophilus162362568914 HTTP/1.1" 200 73358 kaminibeauty.com "-" "Mozilla/5.0 AppleWebKit/537.36 (KHTML, like Gecko; compatible; bingbot/2.0; +http://www.bing.com/bingbot.htm) Chrome/116.0.1938.76 Safari/537.36" "-"
35.173.18.0 - - [30/Mar/2026:00:08:03 +0000] "GET /wp-admin/js/index.php?path=/homepages/41/d4298193093/managed HTTP/1.1" 200 12773 www.kaminibeauty.com "-" "Mozilla/5.0 AppleWebKit/537.36 (KHTML, like Gecko; compatible; Amazonbot/0.1; +https://developer.amazon.com/support/amazonbot) Chrome/119.0.6045.214 Safari/537.36" "-"
2a03:2880:f800:: - - [30/Mar/2026:00:08:03 +0000] "GET /shop/item/entrochite163858947344 HTTP/1.1" 200 73358 kaminibeauty.com "-" "meta-externalagent/1.1 (+https://developers.facebook.com/docs/sharing/webmasters/crawler)" "-"
52.167.144.0 - - [30/Mar/2026:00:08:04 +0000] "GET /shop/item/serrate172730972267 HTTP/1.1" 200 73358 kaminibeauty.com "-" "Mozilla/5.0 AppleWebKit/537.36 (KHTML, like Gecko; compatible; bingbot/2.0; +http://www.bing.com/bingbot.htm) Chrome/116.0.1938.76 Safari/537.36" "-"
216.73.216.0 - - [30/Mar/2026:00:08:05 +0000] "GET /?fileloc=%2F%2Fkunden%2Fkunden%2Fkunden%2Fkunden%2Fusr%2Fshare%2Fdoc%2Flibmodule-signature-perl%2Fchangelog.Debian.gz&path=%2F%2Fkunden%2Fkunden%2Fkunden%2Fkunden%2Fusr%2Fshare%2Fdoc%2Flibmodule-signature-perl HTTP/1.1" 429 267 www.kaminibeauty.com "-" "Mozilla/5.0 AppleWebKit/537.36 (KHTML, like Gecko; compatible; ClaudeBot/1.0; +claudebot@anthropic.com)" "-"
52.167.144.0 - - [30/Mar/2026:00:08:05 +0000] "GET /shop/item/tentory14610583199 HTTP/1.1" 200 73358 kaminibeauty.com "-" "Mozilla/5.0 AppleWebKit/537.36 (KHTML, like Gecko; compatible; bingbot/2.0; +http://www.bing.com/bingbot.htm) Chrome/116.0.1938.76 Safari/537.36" "-"
52.167.144.0 - - [30/Mar/2026:00:08:06 +0000] "GET /shop/item/avaunce152816698187 HTTP/1.1" 200 73358 kaminibeauty.com "-" "Mozilla/5.0 AppleWebKit/537.36 (KHTML, like Gecko; compatible; bingbot/2.0; +http://www.bing.com/bingbot.htm) Chrome/116.0.1938.76 Safari/537.36" "-"
23.20.178.0 - - [30/Mar/2026:00:08:06 +0000] "GET /wp-admin/js/index.php?fileloc=//usr/lib/libnetpbm.so.10&path=//usr/lib HTTP/1.1" 200 12235 www.kaminibeauty.com "-" "Mozilla/5.0 AppleWebKit/537.36 (KHTML, like Gecko; compatible; Amazonbot/0.1; +https://developer.amazon.com/support/amazonbot) Chrome/119.0.6045.214 Safari/537.36" "-"
52.167.144.0 - - [30/Mar/2026:00:08:06 +0000] "GET /shop/item/materializing161352342974 HTTP/1.1" 200 73358 kaminibeauty.com "-" "Mozilla/5.0 AppleWebKit/537.36 (KHTML, like Gecko; compatible; bingbot/2.0; +http://www.bing.com/bingbot.htm) Chrome/116.0.1938.76 Safari/537.36" "-"
52.167.144.0 - - [30/Mar/2026:00:08:07 +0000] "GET /shop/item/immersible171198591937 HTTP/1.1" 200 73358 kaminibeauty.com "-" "Mozilla/5.0 AppleWebKit/537.36 (KHTML, like Gecko; compatible; bingbot/2.0; +http://www.bing.com/bingbot.htm) Chrome/116.0.1938.76 Safari/537.36" "-"
207.180.220.0 - - [30/Mar/2026:00:08:07 +0000] "GET /wp-login.php HTTP/1.1" 200 73358 www.kaminibeauty.com "-" "Mozilla/5.0 (Windows NT 10.0; Win64; x64; rv:121.0) Gecko/20100101 Firefox/121.0" "-"
52.167.144.0 - - [30/Mar/2026:00:08:08 +0000] "GET /shop/item/greenland141724993786 HTTP/1.1" 200 73358 kaminibeauty.com "-" "Mozilla/5.0 AppleWebKit/537.36 (KHTML, like Gecko; compatible; bingbot/2.0; +http://www.bing.com/bingbot.htm) Chrome/116.0.1938.76 Safari/537.36" "-"
52.167.144.0 - - [30/Mar/2026:00:08:08 +0000] "GET /shop/item/radioflagellata16141500062 HTTP/1.1" 200 73358 kaminibeauty.com "-" "Mozilla/5.0 AppleWebKit/537.36 (KHTML, like Gecko; compatible; bingbot/2.0; +http://www.bing.com/bingbot.htm) Chrome/116.0.1938.76 Safari/537.36" "-"
52.167.144.0 - - [30/Mar/2026:00:08:08 +0000] "GET /shop/item/electrotint162336777385 HTTP/1.1" 200 73358 kaminibeauty.com "-" "Mozilla/5.0 AppleWebKit/537.36 (KHTML, like Gecko; compatible; bingbot/2.0; +http://www.bing.com/bingbot.htm) Chrome/116.0.1938.76 Safari/537.36" "-"
52.167.144.0 - - [30/Mar/2026:00:08:09 +0000] "GET /shop/item/dandy163694605937 HTTP/1.1" 200 73358 kaminibeauty.com "-" "Mozilla/5.0 AppleWebKit/537.36 (KHTML, like Gecko; compatible; bingbot/2.0; +http://www.bing.com/bingbot.htm) Chrome/116.0.1938.76 Safari/537.36" "-"
52.167.144.0 - - [30/Mar/2026:00:08:09 +0000] "GET /shop/item/beylic17696465119 HTTP/1.1" 200 73358 kaminibeauty.com "-" "Mozilla/5.0 AppleWebKit/537.36 (KHTML, like Gecko; compatible; bingbot/2.0; +http://www.bing.com/bingbot.htm) Chrome/116.0.1938.76 Safari/537.36" "-"
52.167.144.0 - - [30/Mar/2026:00:08:10 +0000] "GET /shop/item/auditorium152756506284 HTTP/1.1" 200 73358 kaminibeauty.com "-" "Mozilla/5.0 AppleWebKit/537.36 (KHTML, like Gecko; compatible; bingbot/2.0; +http://www.bing.com/bingbot.htm) Chrome/116.0.1938.76 Safari/537.36" "-"
217.113.194.0 - - [30/Mar/2026:00:08:10 +0000] "GET /kamini-partners-with-style-card/?path=//homepages/backup HTTP/1.1" 200 12663 kaminibeauty.com "-" "Mozilla/5.0 (compatible; Barkrowler/0.9; +https://babbar.tech/crawler)" "-"
216.73.216.0 - - [30/Mar/2026:00:08:10 +0000] "GET /?fileloc=%2F%2Fkunden%2Fkunden%2Fhomepages%2F4%2Fd4296950658%2Fdistributor.lock&path=%2F%2Fkunden%2Fkunden%2Fhomepages%2F4%2Fd4296950658 HTTP/1.1" 429 267 www.kaminibeauty.com "-" "Mozilla/5.0 AppleWebKit/537.36 (KHTML, like Gecko; compatible; ClaudeBot/1.0; +claudebot@anthropic.com)" "-"
66.249.76.0 - - [30/Mar/2026:00:08:11 +0000] "GET /shop/item/shinto152909656096?path=/homepages/4/d4297730999/htdocs/wordpress/wp-admin HTTP/1.1" 200 169875 kaminibeauty.com "-" "Mozilla/5.0 (Linux; Android 6.0.1; Nexus 5X Build/MMB29P) AppleWebKit/537.36 (KHTML, like Gecko) Chrome/146.0.7680.153 Mobile Safari/537.36 (compatible; Googlebot/2.1; +http://www.google.com/bot.html)" "-"
34.239.197.0 - - [30/Mar/2026:00:08:12 +0000] "GET /wp-login.php?fileloc=//kunden/proc/thread-self/root/kunden/usr/bin/lastb&path=//kunden/proc/thread-self/root/kunden/usr/bin HTTP/1.1" 429 267 kaminibeauty.com "-" "Mozilla/5.0 AppleWebKit/537.36 (KHTML, like Gecko; compatible; Amazonbot/0.1; +https://developer.amazon.com/support/amazonbot) Chrome/119.0.6045.214 Safari/537.36" "-"
66.249.76.0 - - [30/Mar/2026:00:08:12 +0000] "GET /shop/item/sulcation10874983851 HTTP/1.1" 200 73358 kaminibeauty.com "-" "Mozilla/5.0 (Linux; Android 6.0.1; Nexus 5X Build/MMB29P) AppleWebKit/537.36 (KHTML, like Gecko) Chrome/146.0.7680.153 Mobile Safari/537.36 (compatible; Googlebot/2.1; +http://www.google.com/bot.html)" "-"
66.249.76.0 - - [30/Mar/2026:00:08:12 +0000] "GET /shop/item/disposement16650364909 HTTP/1.1" 200 73358 kaminibeauty.com "-" "Mozilla/5.0 (Linux; Android 6.0.1; Nexus 5X Build/MMB29P) AppleWebKit/537.36 (KHTML, like Gecko) Chrome/146.0.7680.153 Mobile Safari/537.36 (compatible; Googlebot/2.1; +http://www.google.com/bot.html)" "-"
66.249.76.0 - - [30/Mar/2026:00:08:12 +0000] "GET /index.php?shop/item/bloodroot123044770705 HTTP/1.1" 200 73358 kaminibeauty.com "-" "Mozilla/5.0 (Linux; Android 6.0.1; Nexus 5X Build/MMB29P) AppleWebKit/537.36 (KHTML, like Gecko) Chrome/146.0.7680.153 Mobile Safari/537.36 (compatible; Googlebot/2.1; +http://www.google.com/bot.html)" "-"
66.249.76.0 - - [30/Mar/2026:00:08:14 +0000] "GET /shop/item/foreclosing142236899186 HTTP/1.1" 200 73358 kaminibeauty.com "-" "Mozilla/5.0 (Linux; Android 6.0.1; Nexus 5X Build/MMB29P) AppleWebKit/537.36 (KHTML, like Gecko) Chrome/146.0.7680.153 Mobile Safari/537.36 (compatible; Googlebot/2.1; +http://www.google.com/bot.html)" "-"
216.73.216.0 - - [30/Mar/2026:00:08:15 +0000] "GET /?fileloc=%2F%2Fkunden%2Fkunden%2Fkunden%2Fkunden%2Fbin%2Fsed&path=%2F%2Fkunden%2Fkunden%2Fkunden%2Fkunden%2Fbin HTTP/1.1" 429 267 www.kaminibeauty.com "-" "Mozilla/5.0 AppleWebKit/537.36 (KHTML, like Gecko; compatible; ClaudeBot/1.0; +claudebot@anthropic.com)" "-"
35.153.86.0 - - [30/Mar/2026:00:08:15 +0000] "GET /?fileloc=//proc/self/root/bin/db5.3_stat&path=//proc/self/root/bin HTTP/1.1" 200 12333 www.kaminibeauty.com "-" "Mozilla/5.0 AppleWebKit/537.36 (KHTML, like Gecko; compatible; Amazonbot/0.1; +https://developer.amazon.com/support/amazonbot) Chrome/119.0.6045.214 Safari/537.36" "-"
14.229.142.0 - - [30/Mar/2026:00:08:15 +0000] "GET /eye-and-brow-enhancements/?fileloc=//etc/joe/joerc HTTP/1.1" 200 12425 kaminibeauty.com "-" "Mozilla/5.0 (Macintosh; Intel Mac OS X 15_4_0) AppleWebKit/537.36 (KHTML, like Gecko) Chrome/131.0.6778.265 Safari/537.36" "-"
52.167.144.0 - - [30/Mar/2026:00:08:16 +0000] "GET /shop/item/brochure121887253877 HTTP/1.1" 200 73358 kaminibeauty.com "-" "Mozilla/5.0 AppleWebKit/537.36 (KHTML, like Gecko; compatible; bingbot/2.0; +http://www.bing.com/bingbot.htm) Chrome/116.0.1938.76 Safari/537.36" "-"
52.167.144.0 - - [30/Mar/2026:00:08:17 +0000] "GET /shop/item/predecay173060639002 HTTP/1.1" 200 73358 kaminibeauty.com "-" "Mozilla/5.0 AppleWebKit/537.36 (KHTML, like Gecko; compatible; bingbot/2.0; +http://www.bing.com/bingbot.htm) Chrome/116.0.1938.76 Safari/537.36" "-"
52.167.144.0 - - [30/Mar/2026:00:08:17 +0000] "GET /shop/item/tufttaffeta12296849420 HTTP/1.1" 200 73358 kaminibeauty.com "-" "Mozilla/5.0 AppleWebKit/537.36 (KHTML, like Gecko; compatible; bingbot/2.0; +http://www.bing.com/bingbot.htm) Chrome/116.0.1938.76 Safari/537.36" "-"
52.167.144.0 - - [30/Mar/2026:00:08:18 +0000] "GET /shop/item/sporidiferous17356948560 HTTP/1.1" 200 73358 kaminibeauty.com "-" "Mozilla/5.0 AppleWebKit/537.36 (KHTML, like Gecko; compatible; bingbot/2.0; +http://www.bing.com/bingbot.htm) Chrome/116.0.1938.76 Safari/537.36" "-"
52.167.144.0 - - [30/Mar/2026:00:08:18 +0000] "GET /shop/item/mollymawk163638285893 HTTP/1.1" 200 73358 kaminibeauty.com "-" "Mozilla/5.0 AppleWebKit/537.36 (KHTML, like Gecko; compatible; bingbot/2.0; +http://www.bing.com/bingbot.htm) Chrome/116.0.1938.76 Safari/537.36" "-"
52.167.144.0 - - [30/Mar/2026:00:08:19 +0000] "GET /shop/item/bumblebee153437645841 HTTP/1.1" 200 73358 kaminibeauty.com "-" "Mozilla/5.0 AppleWebKit/537.36 (KHTML, like Gecko; compatible; bingbot/2.0; +http://www.bing.com/bingbot.htm) Chrome/116.0.1938.76 Safari/537.36" "-"
66.249.66.0 - - [30/Mar/2026:00:08:19 +0000] "GET /index.php?shop/item/puffingly121848782125 HTTP/1.1" 200 73358 kaminibeauty.com "-" "Mozilla/5.0 (Linux; Android 6.0.1; Nexus 5X Build/MMB29P) AppleWebKit/537.36 (KHTML, like Gecko) Chrome/146.0.7680.153 Mobile Safari/537.36 (compatible; Googlebot/2.1; +http://www.google.com/bot.html)" "-"
54.80.185.0 - - [30/Mar/2026:00:08:19 +0000] "GET /wp-login.php?path=//kunden/kunden/kunden/kunden/usr/lib/locale/nl_NL HTTP/1.1" 429 267 kaminibeauty.com "-" "Mozilla/5.0 AppleWebKit/537.36 (KHTML, like Gecko; compatible; Amazonbot/0.1; +https://developer.amazon.com/support/amazonbot) Chrome/119.0.6045.214 Safari/537.36" "-"
52.167.144.0 - - [30/Mar/2026:00:08:19 +0000] "GET /shop/item/gasometry122636767664 HTTP/1.1" 200 73358 kaminibeauty.com "-" "Mozilla/5.0 AppleWebKit/537.36 (KHTML, like Gecko; compatible; bingbot/2.0; +http://www.bing.com/bingbot.htm) Chrome/116.0.1938.76 Safari/537.36" "-"
52.167.144.0 - - [30/Mar/2026:00:08:19 +0000] "GET /shop/item/foreseen174027927003 HTTP/1.1" 200 73358 kaminibeauty.com "-" "Mozilla/5.0 AppleWebKit/537.36 (KHTML, like Gecko; compatible; bingbot/2.0; +http://www.bing.com/bingbot.htm) Chrome/116.0.1938.76 Safari/537.36" "-"
74.7.242.0 - - [30/Mar/2026:00:08:19 +0000] "GET /shop/item/unideaed17929470588?path=/ HTTP/1.1" 200 44505 kaminibeauty.com "https://kaminibeauty.com/shop/item/unideaed17929470588" "Mozilla/5.0 AppleWebKit/537.36 (KHTML, like Gecko; compatible; GPTBot/1.3; +https://openai.com/gptbot)" "-"
207.180.220.0 - - [30/Mar/2026:00:08:19 +0000] "POST /wp-login.php HTTP/1.1" 200 73358 www.kaminibeauty.com "https://www.kaminibeauty.com/wp-login.php" "Mozilla/5.0 (X11; Linux x86_64) AppleWebKit/537.36 (KHTML, like Gecko) Chrome/120.0.0.0 Safari/537.36" "-"
52.167.144.0 - - [30/Mar/2026:00:08:20 +0000] "GET /shop/item/laureled161853054400 HTTP/1.1" 200 73358 kaminibeauty.com "-" "Mozilla/5.0 AppleWebKit/537.36 (KHTML, like Gecko; compatible; bingbot/2.0; +http://www.bing.com/bingbot.htm) Chrome/116.0.1938.76 Safari/537.36" "-"
216.73.216.0 - - [30/Mar/2026:00:08:20 +0000] "GET /?fileloc=%2F%2Fkunden%2Fkunden%2Fkunden%2Fkunden%2Fusr%2Fshare%2Fautomake-1.16%2Fam%2Fdejagnu.am&path=%2F%2Fkunden%2Fkunden%2Fkunden%2Fkunden%2Fusr%2Fshare%2Fautomake-1.16%2Fam HTTP/1.1" 429 267 www.kaminibeauty.com "-" "Mozilla/5.0 AppleWebKit/537.36 (KHTML, like Gecko; compatible; ClaudeBot/1.0; +claudebot@anthropic.com)" "-"
66.249.76.0 - - [30/Mar/2026:00:08:21 +0000] "GET /shop/item/served164286802035 HTTP/1.1" 200 73358 kaminibeauty.com "-" "Mozilla/5.0 (Linux; Android 6.0.1; Nexus 5X Build/MMB29P) AppleWebKit/537.36 (KHTML, like Gecko) Chrome/146.0.7680.153 Mobile Safari/537.36 (compatible; Googlebot/2.1; +http://www.google.com/bot.html)" "-"
217.113.194.0 - - [30/Mar/2026:00:08:22 +0000] "GET /kamini-partners-with-style-card/?path=//usr/include HTTP/1.1" 200 222823 kaminibeauty.com "-" "Mozilla/5.0 (compatible; Barkrowler/0.9; +https://babbar.tech/crawler)" "-"
2a03:2880:f800:: - - [30/Mar/2026:00:08:22 +0000] "GET /shop/item/cursoriness12528126050 HTTP/1.1" 200 73358 kaminibeauty.com "-" "meta-externalagent/1.1 (+https://developers.facebook.com/docs/sharing/webmasters/crawler)" "-"
66.249.76.0 - - [30/Mar/2026:00:08:23 +0000] "GET /index.php?shop/item/frigefactive123209079232 HTTP/1.1" 200 73358 kaminibeauty.com "-" "Mozilla/5.0 (Linux; Android 6.0.1; Nexus 5X Build/MMB29P) AppleWebKit/537.36 (KHTML, like Gecko) Chrome/146.0.7680.153 Mobile Safari/537.36 (compatible; Googlebot/2.1; +http://www.google.com/bot.html)" "-"
3.223.134.0 - - [30/Mar/2026:00:08:24 +0000] "GET /wp-login.php?path=//kunden/proc/self/root/homepages/9/d4297887138/htdocs HTTP/1.1" 200 13027 kaminibeauty.com "-" "Mozilla/5.0 AppleWebKit/537.36 (KHTML, like Gecko; compatible; Amazonbot/0.1; +https://developer.amazon.com/support/amazonbot) Chrome/119.0.6045.214 Safari/537.36" "-"
66.249.76.0 - - [30/Mar/2026:00:08:25 +0000] "GET /index.php?shop/item/sitten123708696917 HTTP/1.1" 200 73358 kaminibeauty.com "-" "Mozilla/5.0 (Linux; Android 6.0.1; Nexus 5X Build/MMB29P) AppleWebKit/537.36 (KHTML, like Gecko) Chrome/146.0.7680.153 Mobile Safari/537.36 (compatible; Googlebot/2.1; +http://www.google.com/bot.html)" "-"
216.73.216.0 - - [30/Mar/2026:00:08:25 +0000] "GET /?fileloc=%2F%2Fkunden%2Fkunden%2Fkunden%2Fkunden%2Fbin%2Fyuvsplittoppm&path=%2F%2Fkunden%2Fkunden%2Fkunden%2Fkunden%2Fbin HTTP/1.1" 429 267 www.kaminibeauty.com "-" "Mozilla/5.0 AppleWebKit/537.36 (KHTML, like Gecko; compatible; ClaudeBot/1.0; +claudebot@anthropic.com)" "-"
52.167.144.0 - - [30/Mar/2026:00:08:25 +0000] "GET /shop/item/sontag164175912752 HTTP/1.1" 200 73358 kaminibeauty.com "-" "Mozilla/5.0 AppleWebKit/537.36 (KHTML, like Gecko; compatible; bingbot/2.0; +http://www.bing.com/bingbot.htm) Chrome/116.0.1938.76 Safari/537.36" "-"
52.167.144.0 - - [30/Mar/2026:00:08:26 +0000] "GET /shop/item/obesus152178276598 HTTP/1.1" 200 73358 kaminibeauty.com "-" "Mozilla/5.0 AppleWebKit/537.36 (KHTML, like Gecko; compatible; bingbot/2.0; +http://www.bing.com/bingbot.htm) Chrome/116.0.1938.76 Safari/537.36" "-"
52.167.144.0 - - [30/Mar/2026:00:08:26 +0000] "GET /shop/item/parttimer112654269999 HTTP/1.1" 200 73358 kaminibeauty.com "-" "Mozilla/5.0 AppleWebKit/537.36 (KHTML, like Gecko; compatible; bingbot/2.0; +http://www.bing.com/bingbot.htm) Chrome/116.0.1938.76 Safari/537.36" "-"
52.167.144.0 - - [30/Mar/2026:00:08:26 +0000] "GET /shop/item/megarhyncos162988002395 HTTP/1.1" 200 73358 kaminibeauty.com "-" "Mozilla/5.0 AppleWebKit/537.36 (KHTML, like Gecko; compatible; bingbot/2.0; +http://www.bing.com/bingbot.htm) Chrome/116.0.1938.76 Safari/537.36" "-"
52.167.144.0 - - [30/Mar/2026:00:08:27 +0000] "GET /shop/item/sarmentose163212682185 HTTP/1.1" 200 73358 kaminibeauty.com "-" "Mozilla/5.0 AppleWebKit/537.36 (KHTML, like Gecko; compatible; bingbot/2.0; +http://www.bing.com/bingbot.htm) Chrome/116.0.1938.76 Safari/537.36" "-"
52.167.144.0 - - [30/Mar/2026:00:08:27 +0000] "GET /shop/item/imbreed163911106403 HTTP/1.1" 200 73358 kaminibeauty.com "-" "Mozilla/5.0 AppleWebKit/537.36 (KHTML, like Gecko; compatible; bingbot/2.0; +http://www.bing.com/bingbot.htm) Chrome/116.0.1938.76 Safari/537.36" "-"
52.167.144.0 - - [30/Mar/2026:00:08:28 +0000] "GET /shop/item/almsfolk162252586392 HTTP/1.1" 200 73358 kaminibeauty.com "-" "Mozilla/5.0 AppleWebKit/537.36 (KHTML, like Gecko; compatible; bingbot/2.0; +http://www.bing.com/bingbot.htm) Chrome/116.0.1938.76 Safari/537.36" "-"
18.213.240.0 - - [30/Mar/2026:00:08:28 +0000] "GET /wp-login.php?path=//proc/thread-self/root/usr/lib/locale/de_DE@euro/LC_MESSAGES HTTP/1.1" 200 14690 kaminibeauty.com "-" "Mozilla/5.0 AppleWebKit/537.36 (KHTML, like Gecko; compatible; Amazonbot/0.1; +https://developer.amazon.com/support/amazonbot) Chrome/119.0.6045.214 Safari/537.36" "-"
52.167.144.0 - - [30/Mar/2026:00:08:28 +0000] "GET /shop/item/tremens161503997502 HTTP/1.1" 200 73358 kaminibeauty.com "-" "Mozilla/5.0 AppleWebKit/537.36 (KHTML, like Gecko; compatible; bingbot/2.0; +http://www.bing.com/bingbot.htm) Chrome/116.0.1938.76 Safari/537.36" "-"
216.73.216.0 - - [30/Mar/2026:00:08:30 +0000] "GET /?fileloc=%2F%2Fkunden%2Fkunden%2Fkunden%2Fkunden%2Fkunden%2Fusr%2Fbin%2Fpnmpaste&path=%2F%2Fkunden%2Fkunden%2Fkunden%2Fkunden%2Fkunden%2Fusr%2Fbin HTTP/1.1" 429 267 www.kaminibeauty.com "-" "Mozilla/5.0 AppleWebKit/537.36 (KHTML, like Gecko; compatible; ClaudeBot/1.0; +claudebot@anthropic.com)" "-"
184.72.84.0 - - [30/Mar/2026:00:08:30 +0000] "GET /wp-login.php?path=//kunden/proc/thread-self/root/kunden/homepages/45/d4298002418 HTTP/1.1" 200 20753 kaminibeauty.com "-" "Mozilla/5.0 AppleWebKit/537.36 (KHTML, like Gecko; compatible; Amazonbot/0.1; +https://developer.amazon.com/support/amazonbot) Chrome/119.0.6045.214 Safari/537.36" "-"
207.180.220.0 - - [30/Mar/2026:00:08:31 +0000] "POST /wp-login.php HTTP/1.1" 200 73358 www.kaminibeauty.com "https://www.kaminibeauty.com/wp-login.php" "Mozilla/5.0 (X11; Linux x86_64) AppleWebKit/537.36 (KHTML, like Gecko) Chrome/120.0.0.0 Safari/537.36" "-"
52.167.144.0 - - [30/Mar/2026:00:08:33 +0000] "GET /shop/item/dogging162778443443 HTTP/1.1" 200 73358 kaminibeauty.com "-" "Mozilla/5.0 AppleWebKit/537.36 (KHTML, like Gecko; compatible; bingbot/2.0; +http://www.bing.com/bingbot.htm) Chrome/116.0.1938.76 Safari/537.36" "-"
66.249.66.0 - - [30/Mar/2026:00:08:33 +0000] "GET /shop/item/virtually13624847951 HTTP/1.1" 200 73358 kaminibeauty.com "-" "Mozilla/5.0 (Linux; Android 6.0.1; Nexus 5X Build/MMB29P) AppleWebKit/537.36 (KHTML, like Gecko) Chrome/146.0.7680.153 Mobile Safari/537.36 (compatible; Googlebot/2.1; +http://www.google.com/bot.html)" "-"
52.167.144.0 - - [30/Mar/2026:00:08:34 +0000] "GET /shop/item/stouthearted151505424426 HTTP/1.1" 200 73358 kaminibeauty.com "-" "Mozilla/5.0 AppleWebKit/537.36 (KHTML, like Gecko; compatible; bingbot/2.0; +http://www.bing.com/bingbot.htm) Chrome/116.0.1938.76 Safari/537.36" "-"
54.210.152.0 - - [30/Mar/2026:00:08:34 +0000] "GET /wp-admin/js/index.php?fileloc=//lib/aspell/iso-8859-6.cset&path=//lib/aspell HTTP/1.1" 200 25519 www.kaminibeauty.com "-" "Mozilla/5.0 AppleWebKit/537.36 (KHTML, like Gecko; compatible; Amazonbot/0.1; +https://developer.amazon.com/support/amazonbot) Chrome/119.0.6045.214 Safari/537.36" "-"
52.167.144.0 - - [30/Mar/2026:00:08:34 +0000] "GET /shop/item/victualed172016377603 HTTP/1.1" 200 73358 kaminibeauty.com "-" "Mozilla/5.0 AppleWebKit/537.36 (KHTML, like Gecko; compatible; bingbot/2.0; +http://www.bing.com/bingbot.htm) Chrome/116.0.1938.76 Safari/537.36" "-"
217.113.194.0 - - [30/Mar/2026:00:08:34 +0000] "GET /kamini-partners-with-style-card/?path=//usr/sbin HTTP/1.1" 200 277143 kaminibeauty.com "-" "Mozilla/5.0 (compatible; Barkrowler/0.9; +https://babbar.tech/crawler)" "-"
52.167.144.0 - - [30/Mar/2026:00:08:35 +0000] "GET /shop/item/fluidity122744086393 HTTP/1.1" 200 73358 kaminibeauty.com "-" "Mozilla/5.0 AppleWebKit/537.36 (KHTML, like Gecko; compatible; bingbot/2.0; +http://www.bing.com/bingbot.htm) Chrome/116.0.1938.76 Safari/537.36" "-"
216.73.216.0 - - [30/Mar/2026:00:08:35 +0000] "GET /?fileloc=%2F%2Fkunden%2Fkunden%2Fkunden%2Fkunden%2Fusr%2Flib%2Faspell%2Fen-w_accents.multi&path=%2F%2Fkunden%2Fkunden%2Fkunden%2Fkunden%2Fusr%2Flib%2Faspell HTTP/1.1" 429 267 www.kaminibeauty.com "-" "Mozilla/5.0 AppleWebKit/537.36 (KHTML, like Gecko; compatible; ClaudeBot/1.0; +claudebot@anthropic.com)" "-"
52.167.144.0 - - [30/Mar/2026:00:08:35 +0000] "GET /shop/item/operate172203425803 HTTP/1.1" 200 73358 kaminibeauty.com "-" "Mozilla/5.0 AppleWebKit/537.36 (KHTML, like Gecko; compatible; bingbot/2.0; +http://www.bing.com/bingbot.htm) Chrome/116.0.1938.76 Safari/537.36" "-"
66.249.76.0 - - [30/Mar/2026:00:08:35 +0000] "GET /index.php?shop/item/fonder17492656840 HTTP/1.1" 200 73358 kaminibeauty.com "-" "Mozilla/5.0 (Linux; Android 6.0.1; Nexus 5X Build/MMB29P) AppleWebKit/537.36 (KHTML, like Gecko) Chrome/146.0.7680.153 Mobile Safari/537.36 (compatible; Googlebot/2.1; +http://www.google.com/bot.html)" "-"
52.6.5.0 - - [30/Mar/2026:00:08:37 +0000] "GET /wp-login.php?fileloc=//kunden/proc/thread-self/root/kunden/usr/bin/gpg&path=//kunden/proc/thread-self/root/kunden/usr/bin HTTP/1.1" 200 12585 kaminibeauty.com "-" "Mozilla/5.0 AppleWebKit/537.36 (KHTML, like Gecko; compatible; Amazonbot/0.1; +https://developer.amazon.com/support/amazonbot) Chrome/119.0.6045.214 Safari/537.36" "-"
66.249.76.0 - - [30/Mar/2026:00:08:37 +0000] "GET /index.php?shop/item/euthynnus122099720774 HTTP/1.1" 200 73358 kaminibeauty.com "-" "Mozilla/5.0 (Linux; Android 6.0.1; Nexus 5X Build/MMB29P) AppleWebKit/537.36 (KHTML, like Gecko) Chrome/146.0.7680.153 Mobile Safari/537.36 (compatible; Googlebot/2.1; +http://www.google.com/bot.html)" "-"
40.77.167.0 - - [30/Mar/2026:00:08:38 +0000] "GET /shop/item/speckling121832853649 HTTP/1.1" 200 73358 kaminibeauty.com "-" "Mozilla/5.0 AppleWebKit/537.36 (KHTML, like Gecko; compatible; bingbot/2.0; +http://www.bing.com/bingbot.htm) Chrome/116.0.1938.76 Safari/537.36" "-"
123.23.142.0 - - [30/Mar/2026:00:08:38 +0000] "GET /shop/item/penitently112443796658?path=%2F HTTP/1.1" 200 44505 kaminibeauty.com "-" "Mozilla/5.0 (Macintosh; Intel Mac OS X 10_3) AppleWebKit/537.36 (KHTML, like Gecko) Chrome/100.0.4880.146 Safari/537.36" "-"
2a03:2880:f800:: - - [30/Mar/2026:00:08:38 +0000] "GET /shop/item/parallactic143154723578?path=/homepages/4/d4297730999/htdocs/wordpress/ALFA%20TEAM HTTP/1.1" 200 15989 kaminibeauty.com "-" "meta-externalagent/1.1 (+https://developers.facebook.com/docs/sharing/webmasters/crawler)" "-"
66.249.76.0 - - [30/Mar/2026:00:08:39 +0000] "GET /index.php?shop/item/superfecundity171026175851 HTTP/1.1" 200 73358 kaminibeauty.com "-" "Mozilla/5.0 (Linux; Android 6.0.1; Nexus 5X Build/MMB29P) AppleWebKit/537.36 (KHTML, like Gecko) Chrome/146.0.7680.153 Mobile Safari/537.36 (compatible; Googlebot/2.1; +http://www.google.com/bot.html)" "-"
40.77.167.0 - - [30/Mar/2026:00:08:40 +0000] "GET /shop/item/oppressor12211033354 HTTP/1.1" 200 73358 kaminibeauty.com "-" "Mozilla/5.0 AppleWebKit/537.36 (KHTML, like Gecko; compatible; bingbot/2.0; +http://www.bing.com/bingbot.htm) Chrome/116.0.1938.76 Safari/537.36" "-"
216.73.216.0 - - [30/Mar/2026:00:08:40 +0000] "GET /?fileloc=%2F%2Fkunden%2Fkunden%2Fkunden%2Fkunden%2Fkunden%2Flib%2Fx86_64-linux-gnu%2Fgcrt1.o&path=%2F%2Fkunden%2Fkunden%2Fkunden%2Fkunden%2Fkunden%2Flib%2Fx86_64-linux-gnu HTTP/1.1" 429 267 www.kaminibeauty.com "-" "Mozilla/5.0 AppleWebKit/537.36 (KHTML, like Gecko; compatible; ClaudeBot/1.0; +claudebot@anthropic.com)" "-"
40.77.167.0 - - [30/Mar/2026:00:08:40 +0000] "GET /shop/item/hygroscopic154181137444 HTTP/1.1" 200 73358 kaminibeauty.com "-" "Mozilla/5.0 AppleWebKit/537.36 (KHTML, like Gecko; compatible; bingbot/2.0; +http://www.bing.com/bingbot.htm) Chrome/116.0.1938.76 Safari/537.36" "-"
40.77.167.0 - - [30/Mar/2026:00:08:41 +0000] "GET /shop/item/lackey16114035595 HTTP/1.1" 200 73358 kaminibeauty.com "-" "Mozilla/5.0 AppleWebKit/537.36 (KHTML, like Gecko; compatible; bingbot/2.0; +http://www.bing.com/bingbot.htm) Chrome/116.0.1938.76 Safari/537.36" "-"
66.249.66.0 - - [30/Mar/2026:00:08:42 +0000] "GET /index.php?shop/item/artiodactyle171927568569 HTTP/1.1" 200 73358 kaminibeauty.com "-" "Mozilla/5.0 (Linux; Android 6.0.1; Nexus 5X Build/MMB29P) AppleWebKit/537.36 (KHTML, like Gecko) Chrome/146.0.7680.153 Mobile Safari/537.36 (compatible; Googlebot/2.1; +http://www.google.com/bot.html)" "-"
40.77.167.0 - - [30/Mar/2026:00:08:42 +0000] "GET /shop/item/respited161413112992 HTTP/1.1" 200 73358 kaminibeauty.com "-" "Mozilla/5.0 AppleWebKit/537.36 (KHTML, like Gecko; compatible; bingbot/2.0; +http://www.bing.com/bingbot.htm) Chrome/116.0.1938.76 Safari/537.36" "-"
52.167.144.0 - - [30/Mar/2026:00:08:42 +0000] "GET /shop/item/selfconviction162845209524 HTTP/1.1" 200 73358 kaminibeauty.com "-" "Mozilla/5.0 AppleWebKit/537.36 (KHTML, like Gecko; compatible; bingbot/2.0; +http://www.bing.com/bingbot.htm) Chrome/116.0.1938.76 Safari/537.36" "-"
52.167.144.0 - - [30/Mar/2026:00:08:43 +0000] "GET /shop/item/palliobranchiate16592490160 HTTP/1.1" 200 73358 kaminibeauty.com "-" "Mozilla/5.0 AppleWebKit/537.36 (KHTML, like Gecko; compatible; bingbot/2.0; +http://www.bing.com/bingbot.htm) Chrome/116.0.1938.76 Safari/537.36" "-"
74.7.241.0 - - [30/Mar/2026:00:08:43 +0000] "GET /?path=//kunden/kunden/kunden/kunden/kunden/kunden/proc/thread-self/root/kunden/kunden/kunden/kunden/kunden/kunden/kunden/kunden/kunden/kunden/var/backups HTTP/1.1" 200 14809 www.kaminibeauty.com "http://www.kaminibeauty.com/?path=//kunden/kunden/kunden/kunden/kunden/kunden/proc/thread-self/root/kunden/kunden/kunden/kunden/kunden/kunden/kunden/kunden/kunden/kunden/var" "Mozilla/5.0 AppleWebKit/537.36 (KHTML, like Gecko; compatible; GPTBot/1.3; +https://openai.com/gptbot)" "-"
52.167.144.0 - - [30/Mar/2026:00:08:43 +0000] "GET /shop/item/shankbeer1737815985 HTTP/1.1" 200 73358 kaminibeauty.com "-" "Mozilla/5.0 AppleWebKit/537.36 (KHTML, like Gecko; compatible; bingbot/2.0; +http://www.bing.com/bingbot.htm) Chrome/116.0.1938.76 Safari/537.36" "-"
207.180.220.0 - - [30/Mar/2026:00:08:44 +0000] "POST /wp-login.php HTTP/1.1" 200 73358 www.kaminibeauty.com "https://www.kaminibeauty.com/wp-login.php" "Mozilla/5.0 (X11; Linux x86_64) AppleWebKit/537.36 (KHTML, like Gecko) Chrome/120.0.0.0 Safari/537.36" "-"
52.167.144.0 - - [30/Mar/2026:00:08:44 +0000] "GET /shop/item/fremontia164054007448 HTTP/1.1" 200 73358 kaminibeauty.com "-" "Mozilla/5.0 AppleWebKit/537.36 (KHTML, like Gecko; compatible; bingbot/2.0; +http://www.bing.com/bingbot.htm) Chrome/116.0.1938.76 Safari/537.36" "-"
52.167.144.0 - - [30/Mar/2026:00:08:44 +0000] "GET /shop/item/pyroxylin16528272953 HTTP/1.1" 200 73358 kaminibeauty.com "-" "Mozilla/5.0 AppleWebKit/537.36 (KHTML, like Gecko; compatible; bingbot/2.0; +http://www.bing.com/bingbot.htm) Chrome/116.0.1938.76 Safari/537.36" "-"
44.193.102.0 - - [30/Mar/2026:00:08:44 +0000] "GET /wp-login.php?fileloc=//kunden/usr/share/perl5/DateTime/TimeZone/Asia/Novosibirsk.pm&path=//kunden/usr/share/perl5/DateTime/TimeZone/Asia HTTP/1.1" 200 30063 kaminibeauty.com "-" "Mozilla/5.0 AppleWebKit/537.36 (KHTML, like Gecko; compatible; Amazonbot/0.1; +https://developer.amazon.com/support/amazonbot) Chrome/119.0.6045.214 Safari/537.36" "-"
216.73.216.0 - - [30/Mar/2026:00:08:45 +0000] "GET /?fileloc=%2F%2Fkunden%2Fkunden%2Fkunden%2Flib%2Flocale%2Fes_AR%2FLC_TIME&path=%2F%2Fkunden%2Fkunden%2Fkunden%2Flib%2Flocale%2Fes_AR HTTP/1.1" 429 267 www.kaminibeauty.com "-" "Mozilla/5.0 AppleWebKit/537.36 (KHTML, like Gecko; compatible; ClaudeBot/1.0; +claudebot@anthropic.com)" "-"
184.72.84.0 - - [30/Mar/2026:00:08:45 +0000] "GET /wp-admin/js/index.php?fileloc=//etc/alternatives/c89&path=//etc/alternatives HTTP/1.1" 200 12715 www.kaminibeauty.com "-" "Mozilla/5.0 AppleWebKit/537.36 (KHTML, like Gecko; compatible; Amazonbot/0.1; +https://developer.amazon.com/support/amazonbot) Chrome/119.0.6045.214 Safari/537.36" "-"
66.249.76.0 - - [30/Mar/2026:00:08:47 +0000] "GET /shop/item/rectifiable153344298899 HTTP/1.1" 200 73358 kaminibeauty.com "-" "Mozilla/5.0 (Linux; Android 6.0.1; Nexus 5X Build/MMB29P) AppleWebKit/537.36 (KHTML, like Gecko) Chrome/146.0.7680.153 Mobile Safari/537.36 (compatible; Googlebot/2.1; +http://www.google.com/bot.html)" "-"
217.113.194.0 - - [30/Mar/2026:00:08:47 +0000] "GET /kamini-partners-with-style-card/?path=//usr/src HTTP/1.1" 200 12639 kaminibeauty.com "-" "Mozilla/5.0 (compatible; Barkrowler/0.9; +https://babbar.tech/crawler)" "-"
40.77.167.0 - - [30/Mar/2026:00:08:47 +0000] "GET /shop/item/shirtwaister16876049453 HTTP/1.1" 200 73358 kaminibeauty.com "-" "Mozilla/5.0 AppleWebKit/537.36 (KHTML, like Gecko; compatible; bingbot/2.0; +http://www.bing.com/bingbot.htm) Chrome/116.0.1938.76 Safari/537.36" "-"
40.77.167.0 - - [30/Mar/2026:00:08:48 +0000] "GET /shop/item/batailled162135738888 HTTP/1.1" 200 73358 kaminibeauty.com "-" "Mozilla/5.0 AppleWebKit/537.36 (KHTML, like Gecko; compatible; bingbot/2.0; +http://www.bing.com/bingbot.htm) Chrome/116.0.1938.76 Safari/537.36" "-"
40.77.167.0 - - [30/Mar/2026:00:08:48 +0000] "GET /shop/item/whites152857485901 HTTP/1.1" 200 73358 kaminibeauty.com "-" "Mozilla/5.0 AppleWebKit/537.36 (KHTML, like Gecko; compatible; bingbot/2.0; +http://www.bing.com/bingbot.htm) Chrome/116.0.1938.76 Safari/537.36" "-"
40.77.167.0 - - [30/Mar/2026:00:08:49 +0000] "GET /shop/item/labionasal17395614602 HTTP/1.1" 200 73358 kaminibeauty.com "-" "Mozilla/5.0 AppleWebKit/537.36 (KHTML, like Gecko; compatible; bingbot/2.0; +http://www.bing.com/bingbot.htm) Chrome/116.0.1938.76 Safari/537.36" "-"
40.77.167.0 - - [30/Mar/2026:00:08:49 +0000] "GET /shop/item/iridium123135086531 HTTP/1.1" 200 73358 kaminibeauty.com "-" "Mozilla/5.0 AppleWebKit/537.36 (KHTML, like Gecko; compatible; bingbot/2.0; +http://www.bing.com/bingbot.htm) Chrome/116.0.1938.76 Safari/537.36" "-"
40.77.167.0 - - [30/Mar/2026:00:08:50 +0000] "GET /shop/item/stannyel162529861560 HTTP/1.1" 200 73358 kaminibeauty.com "-" "Mozilla/5.0 AppleWebKit/537.36 (KHTML, like Gecko; compatible; bingbot/2.0; +http://www.bing.com/bingbot.htm) Chrome/116.0.1938.76 Safari/537.36" "-"
216.73.216.0 - - [30/Mar/2026:00:08:50 +0000] "GET /?fileloc=%2F%2Fkunden%2Fkunden%2Fkunden%2Fkunden%2Fkunden%2Fbin%2Fcpan5.32-x86_64-linux-gnu&path=%2F%2Fkunden%2Fkunden%2Fkunden%2Fkunden%2Fkunden%2Fbin HTTP/1.1" 429 267 www.kaminibeauty.com "-" "Mozilla/5.0 AppleWebKit/537.36 (KHTML, like Gecko; compatible; ClaudeBot/1.0; +claudebot@anthropic.com)" "-"
40.77.167.0 - - [30/Mar/2026:00:08:50 +0000] "GET /shop/item/oblation153102780349 HTTP/1.1" 200 73358 kaminibeauty.com "-" "Mozilla/5.0 AppleWebKit/537.36 (KHTML, like Gecko; compatible; bingbot/2.0; +http://www.bing.com/bingbot.htm) Chrome/116.0.1938.76 Safari/537.36" "-"
98.84.131.0 - - [30/Mar/2026:00:08:50 +0000] "GET /?fileloc=//kunden/bin/icontopbm&path=//kunden/bin HTTP/1.1" 200 12241 kaminibeauty.com "-" "Mozilla/5.0 AppleWebKit/537.36 (KHTML, like Gecko; compatible; Amazonbot/0.1; +https://developer.amazon.com/support/amazonbot) Chrome/119.0.6045.214 Safari/537.36" "-"
40.77.167.0 - - [30/Mar/2026:00:08:50 +0000] "GET /shop/item/biocatalytic15614011130 HTTP/1.1" 200 73358 kaminibeauty.com "-" "Mozilla/5.0 AppleWebKit/537.36 (KHTML, like Gecko; compatible; bingbot/2.0; +http://www.bing.com/bingbot.htm) Chrome/116.0.1938.76 Safari/537.36" "-"
